{"id":723554,"date":"2025-08-27T19:20:36","date_gmt":"2025-08-27T16:20:36","guid":{"rendered":"https:\/\/roveyayinevi.com.tr\/index.php\/urun\/siyasal-sosyal-ve-kurumsal-yonleriyle-iktisadi-krizler\/"},"modified":"2026-04-16T02:31:43","modified_gmt":"2026-04-15T23:31:43","slug":"siyasal-sosyal-ve-kurumsal-yonleriyle-iktisadi-krizler","status":"publish","type":"product","link":"https:\/\/roveyayinevi.com.tr\/index.php\/urun\/siyasal-sosyal-ve-kurumsal-yonleriyle-iktisadi-krizler\/","title":{"rendered":"Siyasal Sosyal ve Kurumsal Y\u00f6nleriyle \u0130ktisadi Krizler"},"content":{"rendered":"<p>\u0130\u00e7indekiler 1.      \u0130ktisadi kriz mi, iktisadin krizi mi? Metodolojik bir tart\u0131\u015fma 2.      T\u00fcrkiye\u2019de ekonomik krizler ve se\u00e7im sonu\u00e7lari 3.      Alevi se\u00e7menlerin siyasal tercihlerini hangi fakt\u00f6rler belirler? Ekonomik kriz mi, kimliklere y\u00f6nelik tehditler mi? 4.      Almanya siyasi tarihi\u2019nde krizler ve \u0131rk\u00e7\u0131l\u0131k 5.      T\u00fcrkiye\u2019de devlet\u00e7ilik ve 1929 d\u00fcnya ekonomik buhran\u0131: kadro hareketi a\u00e7isindan bir de\u011ferlendirme 6.      Ekonomi-\u015fiddet-su\u00e7 ili\u015fkisi \u00fczerine bir analiz 7.      Finansal kriz ekseninde kurumsal sosyal sorumluluk 8.      \u0130nsan kaynaklar\u0131 ve kriz 9.      S\u00fcrd\u00fcr\u00fclebilir kalk\u0131nma ve iktisadi yava\u015flama: co2 emisyonu, ticaret ve b\u00fcy\u00fcme ili\u015fkisi 10.  Finansal krizlerin finansal performansa etkisi: t\u00fcrk bankac\u0131l\u0131k sekt\u00f6r\u00fc i\u00e7in bir analiz 11.  Finansal krizlerin k\u00e2rl\u0131l\u0131\u011f\u0131n belirleyenleri \u00fczerine etkilerinin ampirik analizi: b\u0131st imalat sanayi sekt\u00f6rleri 12.  2008 k\u00fcresel finans krizi sonras\u0131 para ve maliye politikalarinda de\u011fi\u015fimler 13.  Sermaye kontrollerinin sermaye ak\u0131mlar\u0131 ve finansal krizler \u00fczerine etkisi: teorik ve ampirik bir yaz\u0131n taramas\u0131 <\/p>\n","protected":false},"excerpt":{"rendered":"<p>\u0130\u00e7indekiler 1. \u0130ktisadi kriz mi, iktisadin krizi mi? Metodolojik bir tart\u0131\u015fma 2. T\u00fcrkiye\u2019de ekonomik krizler ve se\u00e7im sonu\u00e7lari 3. Alevi se\u00e7menlerin siyasal tercihlerini hangi fakt\u00f6rler belirler?<span class=\"excerpt-hellip\"> [\u2026]<\/span><\/p>\n","protected":false},"featured_media":0,"template":"","meta":{"_monsterinsights_skip_tracking":false,"_monsterinsights_sitenote_active":false,"_monsterinsights_sitenote_note":"","_monsterinsights_sitenote_category":0},"product_brand":[],"product_cat":[13043,14381],"product_tag":[],"class_list":{"0":"post-723554","1":"product","2":"type-product","3":"status-publish","5":"product_cat-ekonomi","6":"product_cat-isletme-muhasebe-maliye","7":"pa_cilt-ciltsiz","8":"pa_tur-kitap","9":"pa_yayinevi-gazi-kitabevi","10":"pa_yazar-semra-boga","12":"first","13":"instock","14":"sale","15":"shipping-taxable","16":"purchasable","17":"product-type-simple"},"_links":{"self":[{"href":"https:\/\/roveyayinevi.com.tr\/index.php\/wp-json\/wp\/v2\/product\/723554","targetHints":{"allow":["GET"]}}],"collection":[{"href":"https:\/\/roveyayinevi.com.tr\/index.php\/wp-json\/wp\/v2\/product"}],"about":[{"href":"https:\/\/roveyayinevi.com.tr\/index.php\/wp-json\/wp\/v2\/types\/product"}],"wp:attachment":[{"href":"https:\/\/roveyayinevi.com.tr\/index.php\/wp-json\/wp\/v2\/media?parent=723554"}],"wp:term":[{"taxonomy":"product_brand","embeddable":true,"href":"https:\/\/roveyayinevi.com.tr\/index.php\/wp-json\/wp\/v2\/product_brand?post=723554"},{"taxonomy":"product_cat","embeddable":true,"href":"https:\/\/roveyayinevi.com.tr\/index.php\/wp-json\/wp\/v2\/product_cat?post=723554"},{"taxonomy":"product_tag","embeddable":true,"href":"https:\/\/roveyayinevi.com.tr\/index.php\/wp-json\/wp\/v2\/product_tag?post=723554"}],"curies":[{"name":"wp","href":"https:\/\/api.w.org\/{rel}","templated":true}]}}