{"id":723553,"date":"2025-08-27T19:20:35","date_gmt":"2025-08-27T16:20:35","guid":{"rendered":"https:\/\/roveyayinevi.com.tr\/index.php\/urun\/kral-suiti-2\/"},"modified":"2026-04-16T02:31:43","modified_gmt":"2026-04-15T23:31:43","slug":"kral-suiti-2","status":"publish","type":"product","link":"https:\/\/roveyayinevi.com.tr\/index.php\/urun\/kral-suiti-2\/","title":{"rendered":"Kral S\u00fciti 2"},"content":{"rendered":"<p>&#8220;Ben heyecan\u0131, sab\u0131rs\u0131zl\u0131\u011f\u0131, emri, \u015fa\u015fk\u0131nl\u0131\u011f\u0131 bildiriyorum da sen her \u015feyin bitti\u011fi yersin \u015eimal. Ayn\u0131 sen, bu hayattaki biti\u015f \u00e7izgimsin.&#8221; Kral S\u00fciti\u2019nde ba\u015flayan a\u015fk; k\u00f6r kal\u0131nan ger\u00e7eklere, salt ac\u0131ya ve yalanlara kar\u015f\u0131 kendini savunabilecek mi, yoksa ald\u0131\u011f\u0131 ilk darbede y\u0131k\u0131lacak m\u0131? Ya ula\u015f\u0131lmaz olana kavu\u015fanlar&#8230; Sevgiliye deliler gibi \u00e2\u015f\u0131k olman\u0131n yan\u0131nda anne-baba olmay\u0131, &#8220;yuva&#8221; denilen \u00e7at\u0131n\u0131n alt\u0131nda bir aile olmay\u0131, \u00f6\u011frenebilecekler mi? Onlar\u0131n s\u0131nav\u0131 ya\u015fam denilen olguyu t\u00fcm ac\u0131mas\u0131zl\u0131\u011f\u0131yla g\u00f6\u011f\u00fcslemekti. Peki, bu ac\u0131mas\u0131zl\u0131\u011f\u0131n i\u00e7inde sevgi dolu ya\u015fayabilecekler mi? <\/p>\n","protected":false},"excerpt":{"rendered":"<p>&#8220;Ben heyecan\u0131, sab\u0131rs\u0131zl\u0131\u011f\u0131, emri, \u015fa\u015fk\u0131nl\u0131\u011f\u0131 bildiriyorum da sen her \u015feyin bitti\u011fi yersin \u015eimal. Ayn\u0131 sen, bu hayattaki biti\u015f \u00e7izgimsin.&#8221; Kral S\u00fciti\u2019nde ba\u015flayan a\u015fk; k\u00f6r kal\u0131nan ger\u00e7eklere,<span class=\"excerpt-hellip\"> [\u2026]<\/span><\/p>\n","protected":false},"featured_media":0,"template":"","meta":{"_monsterinsights_skip_tracking":false,"_monsterinsights_sitenote_active":false,"_monsterinsights_sitenote_note":"","_monsterinsights_sitenote_category":0},"product_brand":[],"product_cat":[12291,12711],"product_tag":[],"class_list":{"0":"post-723553","1":"product","2":"type-product","3":"status-publish","5":"product_cat-edebiyat","6":"product_cat-roman-oyku","7":"pa_cilt-ciltsiz","8":"pa_tur-kitap","9":"pa_yayinevi-muptela-yayinevi","10":"pa_yazar-kerime-simsek","12":"first","13":"instock","14":"sale","15":"shipping-taxable","16":"purchasable","17":"product-type-simple"},"_links":{"self":[{"href":"https:\/\/roveyayinevi.com.tr\/index.php\/wp-json\/wp\/v2\/product\/723553","targetHints":{"allow":["GET"]}}],"collection":[{"href":"https:\/\/roveyayinevi.com.tr\/index.php\/wp-json\/wp\/v2\/product"}],"about":[{"href":"https:\/\/roveyayinevi.com.tr\/index.php\/wp-json\/wp\/v2\/types\/product"}],"wp:attachment":[{"href":"https:\/\/roveyayinevi.com.tr\/index.php\/wp-json\/wp\/v2\/media?parent=723553"}],"wp:term":[{"taxonomy":"product_brand","embeddable":true,"href":"https:\/\/roveyayinevi.com.tr\/index.php\/wp-json\/wp\/v2\/product_brand?post=723553"},{"taxonomy":"product_cat","embeddable":true,"href":"https:\/\/roveyayinevi.com.tr\/index.php\/wp-json\/wp\/v2\/product_cat?post=723553"},{"taxonomy":"product_tag","embeddable":true,"href":"https:\/\/roveyayinevi.com.tr\/index.php\/wp-json\/wp\/v2\/product_tag?post=723553"}],"curies":[{"name":"wp","href":"https:\/\/api.w.org\/{rel}","templated":true}]}}