{"id":723549,"date":"2025-08-27T19:20:32","date_gmt":"2025-08-27T16:20:32","guid":{"rendered":"https:\/\/roveyayinevi.com.tr\/index.php\/urun\/duygu-yoldasligi\/"},"modified":"2026-03-30T02:37:29","modified_gmt":"2026-03-29T23:37:29","slug":"duygu-yoldasligi","status":"publish","type":"product","link":"https:\/\/roveyayinevi.com.tr\/index.php\/urun\/duygu-yoldasligi\/","title":{"rendered":"Duygu Yolda\u015fl\u0131\u011f\u0131"},"content":{"rendered":"<p>Bell hooks, Duygu Yolda\u015fl\u0131\u011f\u0131: Kad\u0131nlar\u0131n Sevgi Aray\u0131\u015f\u0131\u2019nda kad\u0131nlar\u0131n \u00e7ocukluktan yeti\u015fkinli\u011fe kadar t\u00fcm hayatlar\u0131 boyunca sevgiyle kurduklar\u0131 ili\u015fkileri feminist bir perspektifle ele al\u0131yor. Erkeklerin aksine, kad\u0131nlar\u0131n duygular\u0131n\u0131 ifade etmelerine izin verildi\u011fi i\u00e7in genellikle sevgiyi ve sevmeyi bildikleri d\u00fc\u015f\u00fcn\u00fcl\u00fcr.Oysa ataerkil bir toplumda, tahakk\u00fcm\u00fcn kol gezdi\u011fi duygu d\u00fcnyas\u0131nda sevgiyi bilmek, tan\u0131mak m\u00fcmk\u00fcn de\u011fildir. Bir\u00e7o\u011fumuza \u015fa\u015f\u0131rt\u0131c\u0131 gelse de i\u00e7inde ya\u015fad\u0131\u011f\u0131m\u0131z toplumlarda kad\u0131nlar da neredeyse erkekler kadar sevgi konusunda cahildir.Kad\u0131nlar sevilmek, sevmek ve \u00f6zg\u00fcr olmak istiyor. bell hooks, hayat deneyimlerinden s\u00fczerek ileri ya\u015flar\u0131nda sevgiyi tan\u0131may\u0131 ba\u015farm\u0131\u015f olan kad\u0131nlar\u0131, bilgeliklerini bizlerle payla\u015fmaya davet ediyor. Duygu Yolda\u015fl\u0131\u011f\u0131: Kad\u0131nlar\u0131n Sevgi Aray\u0131\u015f\u0131, kad\u0131nlar\u0131n ger\u00e7ek sevgiyi tan\u0131ma m\u00fccadelesini ve bu m\u00fccadelede kazand\u0131klar\u0131 zaferleri anlat\u0131yor.<\/p>\n","protected":false},"excerpt":{"rendered":"<p>Bell hooks, Duygu Yolda\u015fl\u0131\u011f\u0131: Kad\u0131nlar\u0131n Sevgi Aray\u0131\u015f\u0131\u2019nda kad\u0131nlar\u0131n \u00e7ocukluktan yeti\u015fkinli\u011fe kadar t\u00fcm hayatlar\u0131 boyunca sevgiyle kurduklar\u0131 ili\u015fkileri feminist bir perspektifle ele al\u0131yor. Erkeklerin aksine, kad\u0131nlar\u0131n duygular\u0131n\u0131<span class=\"excerpt-hellip\"> [\u2026]<\/span><\/p>\n","protected":false},"featured_media":0,"template":"","meta":{"_monsterinsights_skip_tracking":false,"_monsterinsights_sitenote_active":false,"_monsterinsights_sitenote_note":"","_monsterinsights_sitenote_category":0},"product_brand":[],"product_cat":[14741,13488],"product_tag":[],"class_list":{"0":"post-723549","1":"product","2":"type-product","3":"status-publish","5":"product_cat-kadin-sorunlari-feminizm","6":"product_cat-toplum-ve-insan","7":"pa_cilt-ciltsiz","8":"pa_tur-kitap","9":"pa_yayinevi-bgst-yayinlari","10":"pa_yazar-bell-hooks","12":"first","13":"instock","14":"sale","15":"shipping-taxable","16":"purchasable","17":"product-type-simple"},"_links":{"self":[{"href":"https:\/\/roveyayinevi.com.tr\/index.php\/wp-json\/wp\/v2\/product\/723549","targetHints":{"allow":["GET"]}}],"collection":[{"href":"https:\/\/roveyayinevi.com.tr\/index.php\/wp-json\/wp\/v2\/product"}],"about":[{"href":"https:\/\/roveyayinevi.com.tr\/index.php\/wp-json\/wp\/v2\/types\/product"}],"wp:attachment":[{"href":"https:\/\/roveyayinevi.com.tr\/index.php\/wp-json\/wp\/v2\/media?parent=723549"}],"wp:term":[{"taxonomy":"product_brand","embeddable":true,"href":"https:\/\/roveyayinevi.com.tr\/index.php\/wp-json\/wp\/v2\/product_brand?post=723549"},{"taxonomy":"product_cat","embeddable":true,"href":"https:\/\/roveyayinevi.com.tr\/index.php\/wp-json\/wp\/v2\/product_cat?post=723549"},{"taxonomy":"product_tag","embeddable":true,"href":"https:\/\/roveyayinevi.com.tr\/index.php\/wp-json\/wp\/v2\/product_tag?post=723549"}],"curies":[{"name":"wp","href":"https:\/\/api.w.org\/{rel}","templated":true}]}}