{"id":723544,"date":"2025-08-27T19:20:28","date_gmt":"2025-08-27T16:20:28","guid":{"rendered":"https:\/\/roveyayinevi.com.tr\/index.php\/urun\/hafizasini-kaybeden-kus\/"},"modified":"2026-04-16T02:31:14","modified_gmt":"2026-04-15T23:31:14","slug":"hafizasini-kaybeden-kus","status":"publish","type":"product","link":"https:\/\/roveyayinevi.com.tr\/index.php\/urun\/hafizasini-kaybeden-kus\/","title":{"rendered":"Haf\u0131zas\u0131n\u0131 Kaybeden Ku\u015f"},"content":{"rendered":"<p>\u201cKim oldu\u011fum ve buraya nas\u0131l geldi\u011fimle ilgili en ufak bir fikrim yok,\u201d dedim. \u201cBuras\u0131 neresi?\u201d\u201cDev Koza\u2019das\u0131n. Evinden hattad\u00fcnyadan \u00e7ok uzakta,\u201d dedi bir kelebek.Evim nerede bilmiyordum ki. \u015ea\u015fk\u0131n bak\u0131\u015flar\u0131m\u0131 fark eden benekli kelebek hemen s\u00f6z\u00fc ald\u0131.\u201cG\u00f6ky\u00fcz\u00fcndesin ya da uzaydas\u0131n. Ba\u015fka bir \u00e2lemdeoldu\u011funu da d\u00fc\u015f\u00fcnebilirsin.\u201dKim oldu\u011funu, nerede oldu\u011funu bilmeyen bir ku\u015f Dev Koza\u2019daki kelebeklerin yard\u0131m\u0131yla kendini ke\u015ffedece\u011fi bir yolculu\u011fa \u00e7\u0131kar. \u00c7irkin ayaklar\u0131 onu nereye g\u00f6t\u00fcrmez ki? \u0130stanbul\u2019dan Hindistan\u2019a, \u00c7in\u2019den Atlantik Okyanusu\u2019nun ortas\u0131ndaki Titanik\u2019e, oradan Midyat\u2019a uzanan bu yol ve pe\u015fine d\u00fc\u015ft\u00fc\u011f\u00fc gizemli bir kitap onun kim oldu\u011funu bulmas\u0131na yard\u0131m edebilecek mi? <\/p>\n","protected":false},"excerpt":{"rendered":"<p>\u201cKim oldu\u011fum ve buraya nas\u0131l geldi\u011fimle ilgili en ufak bir fikrim yok,\u201d dedim. \u201cBuras\u0131 neresi?\u201d\u201cDev Koza\u2019das\u0131n. Evinden hattad\u00fcnyadan \u00e7ok uzakta,\u201d dedi bir kelebek.Evim nerede bilmiyordum ki.<span class=\"excerpt-hellip\"> [\u2026]<\/span><\/p>\n","protected":false},"featured_media":0,"template":"","meta":{"_monsterinsights_skip_tracking":false,"_monsterinsights_sitenote_active":false,"_monsterinsights_sitenote_note":"","_monsterinsights_sitenote_category":0},"product_brand":[],"product_cat":[12274,12284],"product_tag":[],"class_list":{"0":"post-723544","1":"product","2":"type-product","3":"status-publish","5":"product_cat-cocuk-ve-genclik-kitaplari","6":"product_cat-hikayeler","7":"pa_cilt-ciltsiz","8":"pa_tur-kitap","9":"pa_yayinevi-masalperest","10":"pa_yazar-isil-mumcu","12":"first","13":"instock","14":"sale","15":"shipping-taxable","16":"purchasable","17":"product-type-simple"},"_links":{"self":[{"href":"https:\/\/roveyayinevi.com.tr\/index.php\/wp-json\/wp\/v2\/product\/723544","targetHints":{"allow":["GET"]}}],"collection":[{"href":"https:\/\/roveyayinevi.com.tr\/index.php\/wp-json\/wp\/v2\/product"}],"about":[{"href":"https:\/\/roveyayinevi.com.tr\/index.php\/wp-json\/wp\/v2\/types\/product"}],"wp:attachment":[{"href":"https:\/\/roveyayinevi.com.tr\/index.php\/wp-json\/wp\/v2\/media?parent=723544"}],"wp:term":[{"taxonomy":"product_brand","embeddable":true,"href":"https:\/\/roveyayinevi.com.tr\/index.php\/wp-json\/wp\/v2\/product_brand?post=723544"},{"taxonomy":"product_cat","embeddable":true,"href":"https:\/\/roveyayinevi.com.tr\/index.php\/wp-json\/wp\/v2\/product_cat?post=723544"},{"taxonomy":"product_tag","embeddable":true,"href":"https:\/\/roveyayinevi.com.tr\/index.php\/wp-json\/wp\/v2\/product_tag?post=723544"}],"curies":[{"name":"wp","href":"https:\/\/api.w.org\/{rel}","templated":true}]}}