{"id":723540,"date":"2025-08-27T19:20:24","date_gmt":"2025-08-27T16:20:24","guid":{"rendered":"https:\/\/roveyayinevi.com.tr\/index.php\/urun\/cocuk-gelinler-ardahan-ilinde-sosyo-kulturel-bir-calisma\/"},"modified":"2026-04-16T02:31:13","modified_gmt":"2026-04-15T23:31:13","slug":"cocuk-gelinler-ardahan-ilinde-sosyo-kulturel-bir-calisma","status":"publish","type":"product","link":"https:\/\/roveyayinevi.com.tr\/index.php\/urun\/cocuk-gelinler-ardahan-ilinde-sosyo-kulturel-bir-calisma\/","title":{"rendered":"\u00c7ocuk Gelinler &#8211; Ardahan \u0130linde Sosyo-K\u00fclt\u00fcrel Bir \u00c7al\u0131\u015fma"},"content":{"rendered":"<p>\u00c7ocuk gelin olmak!Evlilik sonras\u0131 hayatlar\u0131 nas\u0131l devam etmektedir? \u00c7ocuk gelinler, hem k\u0131z \u00e7ocuklar\u0131 hem de toplum a\u00e7\u0131s\u0131ndan \u00f6nemli bir sorunu ifade etmektedir.\u00c7al\u0131\u015fmada, \u00e7ocuk gelin sorunu sosyolojik bir perspektifle ele al\u0131nm\u0131\u015f, toplumsal yap\u0131n\u0131n bu soruna etki edip etmedi\u011fi detayl\u0131 bir \u015fekilde incelenmi\u015ftir. Bu kitapta, Ardahan\u2019da ya\u015fan 10 \u00e7ocuk gelinin ya\u015famlar\u0131, an\u0131lar\u0131, ac\u0131lar\u0131 ve zorlu hayatlar\u0131 kendi anlat\u0131mlar\u0131yla objektif bir \u015fekilde kaleme al\u0131nm\u0131\u015ft\u0131r. Ara\u015ft\u0131rmac\u0131n\u0131n sorular\u0131na i\u00e7tenlikle cevap veren \u00e7ocuk gelinlerin bug\u00fcne kadar payla\u015famad\u0131klar\u0131 sakl\u0131 kalan ya\u015famlar\u0131 bu \u00e7al\u0131\u015fma sayesinde g\u00fcn y\u00fcz\u00fcne \u00e7\u0131kacakt\u0131r. \u00c7ocuk gelinlerin sessiz \u00e7\u0131\u011fl\u0131klar\u0131na tan\u0131kl\u0131k etmeye haz\u0131r m\u0131s\u0131n\u0131z?<\/p>\n","protected":false},"excerpt":{"rendered":"<p>\u00c7ocuk gelin olmak!Evlilik sonras\u0131 hayatlar\u0131 nas\u0131l devam etmektedir? \u00c7ocuk gelinler, hem k\u0131z \u00e7ocuklar\u0131 hem de toplum a\u00e7\u0131s\u0131ndan \u00f6nemli bir sorunu ifade etmektedir.\u00c7al\u0131\u015fmada, \u00e7ocuk gelin sorunu sosyolojik<span class=\"excerpt-hellip\"> [\u2026]<\/span><\/p>\n","protected":false},"featured_media":0,"template":"","meta":{"_monsterinsights_skip_tracking":false,"_monsterinsights_sitenote_active":false,"_monsterinsights_sitenote_note":"","_monsterinsights_sitenote_category":0},"product_brand":[],"product_cat":[12325,12324],"product_tag":[],"class_list":{"0":"post-723540","1":"product","2":"type-product","3":"status-publish","5":"product_cat-diger-sosyoloji","6":"product_cat-sosyoloji","7":"pa_cilt-ciltsiz","8":"pa_tur-kitap","9":"pa_yayinevi-astana-yayinlari","10":"pa_yazar-gizem-tan-eren","12":"first","13":"instock","14":"sale","15":"shipping-taxable","16":"purchasable","17":"product-type-simple"},"_links":{"self":[{"href":"https:\/\/roveyayinevi.com.tr\/index.php\/wp-json\/wp\/v2\/product\/723540","targetHints":{"allow":["GET"]}}],"collection":[{"href":"https:\/\/roveyayinevi.com.tr\/index.php\/wp-json\/wp\/v2\/product"}],"about":[{"href":"https:\/\/roveyayinevi.com.tr\/index.php\/wp-json\/wp\/v2\/types\/product"}],"wp:attachment":[{"href":"https:\/\/roveyayinevi.com.tr\/index.php\/wp-json\/wp\/v2\/media?parent=723540"}],"wp:term":[{"taxonomy":"product_brand","embeddable":true,"href":"https:\/\/roveyayinevi.com.tr\/index.php\/wp-json\/wp\/v2\/product_brand?post=723540"},{"taxonomy":"product_cat","embeddable":true,"href":"https:\/\/roveyayinevi.com.tr\/index.php\/wp-json\/wp\/v2\/product_cat?post=723540"},{"taxonomy":"product_tag","embeddable":true,"href":"https:\/\/roveyayinevi.com.tr\/index.php\/wp-json\/wp\/v2\/product_tag?post=723540"}],"curies":[{"name":"wp","href":"https:\/\/api.w.org\/{rel}","templated":true}]}}