{"id":723536,"date":"2025-08-27T19:20:21","date_gmt":"2025-08-27T16:20:21","guid":{"rendered":"https:\/\/roveyayinevi.com.tr\/index.php\/urun\/insan-neyle-yasar-4\/"},"modified":"2026-04-16T02:31:13","modified_gmt":"2026-04-15T23:31:13","slug":"insan-neyle-yasar-4","status":"publish","type":"product","link":"https:\/\/roveyayinevi.com.tr\/index.php\/urun\/insan-neyle-yasar-4\/","title":{"rendered":"\u0130nsan Neyle Ya\u015far"},"content":{"rendered":"<p>\u0130nsan Neyle Ya\u015far \u00fcnl\u00fc d\u00fc\u015f\u00fcn\u00fcr ve yazar Tolstoy&#8217;un okuyucunun manevi d\u00fcnyas\u0131na hitap eden en \u00f6nemli eserlerinden biridir. Nas\u0131l iyi insan olunur sorusuna, insan do\u011fas\u0131ndaki iyilikle k\u00f6t\u00fcl\u00fc\u011f\u00fc, bencillikle payla\u015f\u0131mc\u0131l\u0131\u011f\u0131 irdeleyerek, herkese rehber olacak bir yan\u0131t verir: Sevgi. So\u011fuk bir k\u0131\u015f g\u00fcn\u00fc sokakta tuhaf bir adama rastlayan yoksul ayakkab\u0131 ustas\u0131 Semyon, kim oldu\u011funu ve nereden geldi\u011fini a\u00e7\u0131klamay\u0131 reddeden adama yard\u0131m ederken kendisinin ve ailesinin kaderini de\u011fi\u015ftirecek bir se\u00e7im yapt\u0131\u011f\u0131n\u0131n fark\u0131nda olmasa da, insan\u0131 insan yapan nitelikleri y\u00fccelterek yeni bir ahlak anlay\u0131\u015f\u0131n\u0131 ortaya koyar.<\/p>\n","protected":false},"excerpt":{"rendered":"<p>\u0130nsan Neyle Ya\u015far \u00fcnl\u00fc d\u00fc\u015f\u00fcn\u00fcr ve yazar Tolstoy&#8217;un okuyucunun manevi d\u00fcnyas\u0131na hitap eden en \u00f6nemli eserlerinden biridir. Nas\u0131l iyi insan olunur sorusuna, insan do\u011fas\u0131ndaki iyilikle k\u00f6t\u00fcl\u00fc\u011f\u00fc,<span class=\"excerpt-hellip\"> [\u2026]<\/span><\/p>\n","protected":false},"featured_media":0,"template":"","meta":{"_monsterinsights_skip_tracking":false,"_monsterinsights_sitenote_active":false,"_monsterinsights_sitenote_note":"","_monsterinsights_sitenote_category":0},"product_brand":[],"product_cat":[12291,13570],"product_tag":[],"class_list":{"0":"post-723536","1":"product","2":"type-product","3":"status-publish","5":"product_cat-edebiyat","6":"product_cat-rus-edebiyati","7":"pa_cilt-ciltsiz","8":"pa_tur-kitap","9":"pa_yayinevi-can-yayinlari","10":"pa_yazar-lev-nikolayevic-tolstoy","12":"first","13":"instock","14":"sale","15":"shipping-taxable","16":"purchasable","17":"product-type-simple"},"_links":{"self":[{"href":"https:\/\/roveyayinevi.com.tr\/index.php\/wp-json\/wp\/v2\/product\/723536","targetHints":{"allow":["GET"]}}],"collection":[{"href":"https:\/\/roveyayinevi.com.tr\/index.php\/wp-json\/wp\/v2\/product"}],"about":[{"href":"https:\/\/roveyayinevi.com.tr\/index.php\/wp-json\/wp\/v2\/types\/product"}],"wp:attachment":[{"href":"https:\/\/roveyayinevi.com.tr\/index.php\/wp-json\/wp\/v2\/media?parent=723536"}],"wp:term":[{"taxonomy":"product_brand","embeddable":true,"href":"https:\/\/roveyayinevi.com.tr\/index.php\/wp-json\/wp\/v2\/product_brand?post=723536"},{"taxonomy":"product_cat","embeddable":true,"href":"https:\/\/roveyayinevi.com.tr\/index.php\/wp-json\/wp\/v2\/product_cat?post=723536"},{"taxonomy":"product_tag","embeddable":true,"href":"https:\/\/roveyayinevi.com.tr\/index.php\/wp-json\/wp\/v2\/product_tag?post=723536"}],"curies":[{"name":"wp","href":"https:\/\/api.w.org\/{rel}","templated":true}]}}