{"id":723523,"date":"2025-08-27T19:20:11","date_gmt":"2025-08-27T16:20:11","guid":{"rendered":"https:\/\/roveyayinevi.com.tr\/index.php\/urun\/kadin-dusmanligi\/"},"modified":"2026-04-16T02:31:13","modified_gmt":"2026-04-15T23:31:13","slug":"kadin-dusmanligi","status":"publish","type":"product","link":"https:\/\/roveyayinevi.com.tr\/index.php\/urun\/kadin-dusmanligi\/","title":{"rendered":"Kad\u0131n D\u00fc\u015fmanl\u0131\u011f\u0131"},"content":{"rendered":"<p>Kad\u0131n d\u00fc\u015fmanl\u0131\u011f\u0131, kad\u0131na y\u00f6nelik \u015fiddetin, cinayetlerin, bask\u0131 ve zulm\u00fcn, toplumsal hayat\u0131 k\u0131skac\u0131na alan t\u00fcm o eril tahakk\u00fcm\u00fcn ard\u0131ndaki ger\u00e7ekli\u011fi tan\u0131mlayabilecek en uygun kelime. Maurice Daumas, bu ger\u00e7ekli\u011fi ortaya koyabilmek i\u00e7in ummad\u0131k bir yere, basmakal\u0131p d\u00fc\u015f\u00fcncelerle yo\u011furarak kad\u0131n-erkek e\u015fitsizli\u011fini her defas\u0131nda yeniden \u00fcretti\u011fimiz duygusal ili\u015fkiler alan\u0131na e\u011filiyor.  \u201cBir kad\u0131n\u0131n bir yabanc\u0131ya k\u0131yasla yak\u0131n \u00e7evresinden bir erkek taraf\u0131ndan tokatlanma, ellenme veya taciz edilme riskinin daha y\u00fcksek oldu\u011funu unutarak a\u015fka, dostlu\u011fa, evlilik ba\u011f\u0131na, aileye tap\u0131n\u0131yoruz. Erkeklerin sergiledi\u011fi sevecenlik, temel bir sorunu, kad\u0131nlardan duyduklar\u0131 korkuyu maskeliyor ki bu korku erkek egemenli\u011finin k\u00f6kleriyle hi\u00e7 de ba\u011flant\u0131s\u0131z de\u011fil.\u201d <\/p>\n","protected":false},"excerpt":{"rendered":"<p>Kad\u0131n d\u00fc\u015fmanl\u0131\u011f\u0131, kad\u0131na y\u00f6nelik \u015fiddetin, cinayetlerin, bask\u0131 ve zulm\u00fcn, toplumsal hayat\u0131 k\u0131skac\u0131na alan t\u00fcm o eril tahakk\u00fcm\u00fcn ard\u0131ndaki ger\u00e7ekli\u011fi tan\u0131mlayabilecek en uygun kelime. Maurice Daumas, bu<span class=\"excerpt-hellip\"> [\u2026]<\/span><\/p>\n","protected":false},"featured_media":0,"template":"","meta":{"_monsterinsights_skip_tracking":false,"_monsterinsights_sitenote_active":false,"_monsterinsights_sitenote_note":"","_monsterinsights_sitenote_category":0},"product_brand":[],"product_cat":[12312,12304],"product_tag":[],"class_list":{"0":"post-723523","1":"product","2":"type-product","3":"status-publish","5":"product_cat-diger","6":"product_cat-tarih","7":"pa_cilt-ciltsiz","8":"pa_tur-kitap","9":"pa_yayinevi-kirmizi-kedi-yayinevi","10":"pa_yazar-maurice-daumas","12":"first","13":"instock","14":"sale","15":"shipping-taxable","16":"purchasable","17":"product-type-simple"},"_links":{"self":[{"href":"https:\/\/roveyayinevi.com.tr\/index.php\/wp-json\/wp\/v2\/product\/723523","targetHints":{"allow":["GET"]}}],"collection":[{"href":"https:\/\/roveyayinevi.com.tr\/index.php\/wp-json\/wp\/v2\/product"}],"about":[{"href":"https:\/\/roveyayinevi.com.tr\/index.php\/wp-json\/wp\/v2\/types\/product"}],"wp:attachment":[{"href":"https:\/\/roveyayinevi.com.tr\/index.php\/wp-json\/wp\/v2\/media?parent=723523"}],"wp:term":[{"taxonomy":"product_brand","embeddable":true,"href":"https:\/\/roveyayinevi.com.tr\/index.php\/wp-json\/wp\/v2\/product_brand?post=723523"},{"taxonomy":"product_cat","embeddable":true,"href":"https:\/\/roveyayinevi.com.tr\/index.php\/wp-json\/wp\/v2\/product_cat?post=723523"},{"taxonomy":"product_tag","embeddable":true,"href":"https:\/\/roveyayinevi.com.tr\/index.php\/wp-json\/wp\/v2\/product_tag?post=723523"}],"curies":[{"name":"wp","href":"https:\/\/api.w.org\/{rel}","templated":true}]}}