{"id":723508,"date":"2025-08-27T19:19:58","date_gmt":"2025-08-27T16:19:58","guid":{"rendered":"https:\/\/roveyayinevi.com.tr\/index.php\/urun\/copculer\/"},"modified":"2026-04-16T02:31:13","modified_gmt":"2026-04-15T23:31:13","slug":"copculer","status":"publish","type":"product","link":"https:\/\/roveyayinevi.com.tr\/index.php\/urun\/copculer\/","title":{"rendered":"\u00c7\u00f6p\u00e7\u00fcler"},"content":{"rendered":"<p>Duvarda a\u00e7an bir \u00e7i\u00e7ekten geldi\u011fini d\u00fc\u015f\u00fcnen Landfill ve onu, duvar\u0131n ard\u0131ndaki herkesin ac\u0131mas\u0131z oldu\u011funa inand\u0131ran Babagoo, y\u0131llar \u00f6nce Babagoo\u2019nun \u00e7\u00f6pten toplad\u0131\u011f\u0131 e\u015fyalar\u0131n oldu\u011fu gizli bir alanda hayvanlarla beraber ya\u015farlar. Ya\u015fad\u0131klar\u0131 yer olan \u0130\u00e7eri\u2019nin belirli kurallar\u0131 vard\u0131r ve bu kurallara uyulmad\u0131\u011f\u0131 takdirde ikisinin de hayat\u0131 tehlike alt\u0131ndad\u0131r. Babagoo\u2019nun koydu\u011fu bu kurallar Landfill\u2019i d\u0131\u015f d\u00fcnyadan tamamen kopar\u0131r.Merakl\u0131 ve g\u00f6zlemci bir \u00e7ocuk olan Landfill, Babagoo\u2019nun koydu\u011fu kurallar\u0131 ve ya\u015fad\u0131klar\u0131 yeri sorgulamaya ba\u015flad\u0131\u011f\u0131 an hayatlar\u0131 alt \u00fcst olur.KURALLARI TAKIP ET.BABAGOO HER ZAMAN HAKLIDIR.DUVARIN \u00d6TESINE SAKIN BAKMA.<\/p>\n","protected":false},"excerpt":{"rendered":"<p>Duvarda a\u00e7an bir \u00e7i\u00e7ekten geldi\u011fini d\u00fc\u015f\u00fcnen Landfill ve onu, duvar\u0131n ard\u0131ndaki herkesin ac\u0131mas\u0131z oldu\u011funa inand\u0131ran Babagoo, y\u0131llar \u00f6nce Babagoo\u2019nun \u00e7\u00f6pten toplad\u0131\u011f\u0131 e\u015fyalar\u0131n oldu\u011fu gizli bir alanda<span class=\"excerpt-hellip\"> [\u2026]<\/span><\/p>\n","protected":false},"featured_media":0,"template":"","meta":{"_monsterinsights_skip_tracking":false,"_monsterinsights_sitenote_active":false,"_monsterinsights_sitenote_note":"","_monsterinsights_sitenote_category":0},"product_brand":[],"product_cat":[12274,12284],"product_tag":[],"class_list":{"0":"post-723508","1":"product","2":"type-product","3":"status-publish","5":"product_cat-cocuk-ve-genclik-kitaplari","6":"product_cat-hikayeler","7":"pa_cilt-ciltsiz","8":"pa_tur-kitap","9":"pa_yayinevi-genc-timas","10":"pa_yazar-darren-simpson","12":"first","13":"instock","14":"sale","15":"shipping-taxable","16":"purchasable","17":"product-type-simple"},"_links":{"self":[{"href":"https:\/\/roveyayinevi.com.tr\/index.php\/wp-json\/wp\/v2\/product\/723508","targetHints":{"allow":["GET"]}}],"collection":[{"href":"https:\/\/roveyayinevi.com.tr\/index.php\/wp-json\/wp\/v2\/product"}],"about":[{"href":"https:\/\/roveyayinevi.com.tr\/index.php\/wp-json\/wp\/v2\/types\/product"}],"wp:attachment":[{"href":"https:\/\/roveyayinevi.com.tr\/index.php\/wp-json\/wp\/v2\/media?parent=723508"}],"wp:term":[{"taxonomy":"product_brand","embeddable":true,"href":"https:\/\/roveyayinevi.com.tr\/index.php\/wp-json\/wp\/v2\/product_brand?post=723508"},{"taxonomy":"product_cat","embeddable":true,"href":"https:\/\/roveyayinevi.com.tr\/index.php\/wp-json\/wp\/v2\/product_cat?post=723508"},{"taxonomy":"product_tag","embeddable":true,"href":"https:\/\/roveyayinevi.com.tr\/index.php\/wp-json\/wp\/v2\/product_tag?post=723508"}],"curies":[{"name":"wp","href":"https:\/\/api.w.org\/{rel}","templated":true}]}}