{"id":723505,"date":"2025-08-27T19:19:55","date_gmt":"2025-08-27T16:19:55","guid":{"rendered":"https:\/\/roveyayinevi.com.tr\/index.php\/urun\/kaosun-kalbi-kosmos-serisi-1\/"},"modified":"2026-04-16T02:31:12","modified_gmt":"2026-04-15T23:31:12","slug":"kaosun-kalbi-kosmos-serisi-1","status":"publish","type":"product","link":"https:\/\/roveyayinevi.com.tr\/index.php\/urun\/kaosun-kalbi-kosmos-serisi-1\/","title":{"rendered":"Kaosun Kalbi &#8211; Kosmos Serisi 1"},"content":{"rendered":"<p>Bir sebep g\u00f6stermeden \u00f6ylece \u00e7ekip giden annesi ve onun ard\u0131na d\u00fc\u015fen babas\u0131n\u0131n yoklu\u011funda yaln\u0131zl\u0131\u011f\u0131na s\u0131\u011f\u0131nan bir gen\u00e7\u2026 Tibet\u2026Tibet\u2019te b\u00fcy\u00fcyen yaln\u0131zl\u0131\u011f\u0131n a\u00e7t\u0131\u011f\u0131 o bo\u015flu\u011fu b\u00fcy\u00fck bir misyonla doldurmaya haz\u0131rlanan Baron\u2026Nazilerin cephede kaybederken asl\u0131nda hep kenarda duran ve orada galip geleceklerine inand\u0131klar\u0131 bir cephe\u2026Ortaya \u00e7\u0131kmas\u0131 an meselesi olan Mavi Ejder\u2026Kaosun Kalbi \u0130stanbul\u2019da, tam da Yerebatan Sarn\u0131c\u0131\u2019n\u0131n iki Medusa kafas\u0131n\u0131n aras\u0131nda ba\u015fl\u0131yor her \u015fey! Yeniden\u2026Rical\u00fc-i Gayb\u2019\u0131n kapatt\u0131\u011f\u0131 kap\u0131 tekrar a\u00e7\u0131ld\u0131\u011f\u0131nda bir s\u00fcper kahraman oldu\u011funu hen\u00fcz bilmeyen ama fark\u0131nda olmadan her \u015feyiyle buna haz\u0131rlanan Tibet kollar\u0131 s\u0131v\u0131yor.S\u00fcper kahramanl\u0131kla ilgili hi\u00e7bir bilgisi olmayan kahraman, alemlerin birbirine a\u00e7\u0131ld\u0131\u011f\u0131 o kap\u0131da b\u00fcy\u00fck bir sava\u015f veriyor!Okurunu nefes nefese b\u0131rakan aksiyonuyla Kaosun Kalbi, son sayfaya kadarelinizden d\u00fc\u015fmeyecek!<\/p>\n","protected":false},"excerpt":{"rendered":"<p>Bir sebep g\u00f6stermeden \u00f6ylece \u00e7ekip giden annesi ve onun ard\u0131na d\u00fc\u015fen babas\u0131n\u0131n yoklu\u011funda yaln\u0131zl\u0131\u011f\u0131na s\u0131\u011f\u0131nan bir gen\u00e7\u2026 Tibet\u2026Tibet\u2019te b\u00fcy\u00fcyen yaln\u0131zl\u0131\u011f\u0131n a\u00e7t\u0131\u011f\u0131 o bo\u015flu\u011fu b\u00fcy\u00fck bir misyonla<span class=\"excerpt-hellip\"> [\u2026]<\/span><\/p>\n","protected":false},"featured_media":0,"template":"","meta":{"_monsterinsights_skip_tracking":false,"_monsterinsights_sitenote_active":false,"_monsterinsights_sitenote_note":"","_monsterinsights_sitenote_category":0},"product_brand":[],"product_cat":[12291,14777],"product_tag":[],"class_list":{"0":"post-723505","1":"product","2":"type-product","3":"status-publish","5":"product_cat-edebiyat","6":"product_cat-fantastik","7":"pa_cilt-ciltsiz","8":"pa_tur-kitap","9":"pa_yayinevi-portakal-kitap","10":"pa_yazar-koray-saridogan","12":"first","13":"instock","14":"sale","15":"shipping-taxable","16":"purchasable","17":"product-type-simple"},"_links":{"self":[{"href":"https:\/\/roveyayinevi.com.tr\/index.php\/wp-json\/wp\/v2\/product\/723505","targetHints":{"allow":["GET"]}}],"collection":[{"href":"https:\/\/roveyayinevi.com.tr\/index.php\/wp-json\/wp\/v2\/product"}],"about":[{"href":"https:\/\/roveyayinevi.com.tr\/index.php\/wp-json\/wp\/v2\/types\/product"}],"wp:attachment":[{"href":"https:\/\/roveyayinevi.com.tr\/index.php\/wp-json\/wp\/v2\/media?parent=723505"}],"wp:term":[{"taxonomy":"product_brand","embeddable":true,"href":"https:\/\/roveyayinevi.com.tr\/index.php\/wp-json\/wp\/v2\/product_brand?post=723505"},{"taxonomy":"product_cat","embeddable":true,"href":"https:\/\/roveyayinevi.com.tr\/index.php\/wp-json\/wp\/v2\/product_cat?post=723505"},{"taxonomy":"product_tag","embeddable":true,"href":"https:\/\/roveyayinevi.com.tr\/index.php\/wp-json\/wp\/v2\/product_tag?post=723505"}],"curies":[{"name":"wp","href":"https:\/\/api.w.org\/{rel}","templated":true}]}}