{"id":723502,"date":"2025-08-27T19:19:53","date_gmt":"2025-08-27T16:19:53","guid":{"rendered":"https:\/\/roveyayinevi.com.tr\/index.php\/urun\/dedem-hz-muhammed-asm\/"},"modified":"2026-04-08T02:38:51","modified_gmt":"2026-04-07T23:38:51","slug":"dedem-hz-muhammed-asm","status":"publish","type":"product","link":"https:\/\/roveyayinevi.com.tr\/index.php\/urun\/dedem-hz-muhammed-asm\/","title":{"rendered":"Dedem Hz. Muhammed (asm)"},"content":{"rendered":"<p>Kap\u0131n\u0131n a\u00e7\u0131l\u0131\u015f\u0131ndan bilirdim. Kokusuyla gelirdi. Toprak odam\u0131z g\u00fcl kokard\u0131. G\u00fcl\u00fcmserdi. I\u015f\u0131l \u0131\u015f\u0131l bakard\u0131. \u015eefkat dolu bir ses ruhumu tutard\u0131. Nas\u0131l da sevinir, sevgiyle kanatlan\u0131rd\u0131m.\u201cK\u00fc\u00e7\u00fck adam nerede?\u201dBu sesi her duydu\u011fumda birden b\u00fcy\u00fcrd\u00fc \u00e7ocuk y\u00fcre\u011fim. B\u00fcy\u00fcrd\u00fc de Medine\u2019ye s\u0131\u011fmazd\u0131.Ko\u015farak at\u0131l\u0131rd\u0131m kuca\u011f\u0131na. Kucak, \u00e7ocuk i\u00e7in ne muhkem bir s\u0131\u011f\u0131nakt\u0131. Dedemin kollar\u0131nda g\u00fc\u00e7lenirdim. G\u00fcl ile karanfil kokusu birbirine kar\u0131\u015f\u0131rd\u0131\u2026A\u015fk, \u201cMim!\u201d dedi.T\u00fcm varl\u0131k a\u015fkla \u201cMim\u201dlendi.Esman\u0131n bilinme seyri \u201cKenz-i A\u015fk\u201da y\u00fcklendi.Dedem Hazreti Muhammed (asm), \u00c2lemlerin Efendisi olarak yarat\u0131lan Hz. Muhammed\u2019i (asm) anlatma gayesiyle kaleme al\u0131nan Kenz-i A\u015fk dizisinin son halkas\u0131.Onlar Peygamberimizin \u201cbenim iki reyhan\u0131md\u0131r\u201d dedi\u011fi sevgili torunlar\u0131, can\u0131n par\u00e7as\u0131 Hz. Fat\u0131ma annemiz ile velayetin kap\u0131s\u0131 Hz. Ali\u2019nin evlatlar\u0131, Hz. Hasan ve H\u00fcseyin efendilerimiz\u2026Dedem Hazreti Muhammed (asm), Peygamberimizin ilk \u00e7ocukluklar\u0131 i\u015fte bu risalet ve velayet \u0131rmaklar\u0131n\u0131n k\u0131y\u0131s\u0131nda ge\u00e7en iki m\u00fcbarek g\u00f6z\u00fcn bak\u0131\u015f\u0131 ile anlat\u0131ld\u0131\u011f\u0131 bir siyer-roman.Nuriye \u00c7ele\u011fen, \u00c2lemlerin Efendisini, \u00e7ocuk d\u00fcnyas\u0131n\u0131n hayret ve ha\u015fyet y\u00fckl\u00fc saf bak\u0131\u015f\u0131 ile kalplerimize yakla\u015ft\u0131rma gayretiyle kaleme ald\u0131; Dedem Hazreti Muhammed (asm)\u2026<\/p>\n","protected":false},"excerpt":{"rendered":"<p>Kap\u0131n\u0131n a\u00e7\u0131l\u0131\u015f\u0131ndan bilirdim. Kokusuyla gelirdi. Toprak odam\u0131z g\u00fcl kokard\u0131. G\u00fcl\u00fcmserdi. I\u015f\u0131l \u0131\u015f\u0131l bakard\u0131. \u015eefkat dolu bir ses ruhumu tutard\u0131. Nas\u0131l da sevinir, sevgiyle kanatlan\u0131rd\u0131m.\u201cK\u00fc\u00e7\u00fck adam nerede?\u201dBu<span class=\"excerpt-hellip\"> [\u2026]<\/span><\/p>\n","protected":false},"featured_media":0,"template":"","meta":{"_monsterinsights_skip_tracking":false,"_monsterinsights_sitenote_active":false,"_monsterinsights_sitenote_note":"","_monsterinsights_sitenote_category":0},"product_brand":[],"product_cat":[12291,12711],"product_tag":[],"class_list":{"0":"post-723502","1":"product","2":"type-product","3":"status-publish","5":"product_cat-edebiyat","6":"product_cat-roman-oyku","7":"pa_cilt-ciltsiz","8":"pa_tur-kitap","9":"pa_yayinevi-timas-yayinlari","10":"pa_yazar-nuriye-celegen","12":"first","13":"instock","14":"sale","15":"shipping-taxable","16":"purchasable","17":"product-type-simple"},"_links":{"self":[{"href":"https:\/\/roveyayinevi.com.tr\/index.php\/wp-json\/wp\/v2\/product\/723502","targetHints":{"allow":["GET"]}}],"collection":[{"href":"https:\/\/roveyayinevi.com.tr\/index.php\/wp-json\/wp\/v2\/product"}],"about":[{"href":"https:\/\/roveyayinevi.com.tr\/index.php\/wp-json\/wp\/v2\/types\/product"}],"wp:attachment":[{"href":"https:\/\/roveyayinevi.com.tr\/index.php\/wp-json\/wp\/v2\/media?parent=723502"}],"wp:term":[{"taxonomy":"product_brand","embeddable":true,"href":"https:\/\/roveyayinevi.com.tr\/index.php\/wp-json\/wp\/v2\/product_brand?post=723502"},{"taxonomy":"product_cat","embeddable":true,"href":"https:\/\/roveyayinevi.com.tr\/index.php\/wp-json\/wp\/v2\/product_cat?post=723502"},{"taxonomy":"product_tag","embeddable":true,"href":"https:\/\/roveyayinevi.com.tr\/index.php\/wp-json\/wp\/v2\/product_tag?post=723502"}],"curies":[{"name":"wp","href":"https:\/\/api.w.org\/{rel}","templated":true}]}}