{"id":723498,"date":"2025-08-27T19:19:49","date_gmt":"2025-08-27T16:19:49","guid":{"rendered":"https:\/\/roveyayinevi.com.tr\/index.php\/urun\/karanlik-sehir-bir-stranger-things-romani\/"},"modified":"2026-04-16T02:31:12","modified_gmt":"2026-04-15T23:31:12","slug":"karanlik-sehir-bir-stranger-things-romani","status":"publish","type":"product","link":"https:\/\/roveyayinevi.com.tr\/index.php\/urun\/karanlik-sehir-bir-stranger-things-romani\/","title":{"rendered":"Karanl\u0131k \u015eehir &#8211; Bir Stranger Things Roman\u0131"},"content":{"rendered":"<p>Hawkins\u2019te 1984 Noel\u2019iydi.  Polis \u015fefi Jim Hopper\u2019\u0131n tek dile\u011fi Eleven\u2019la ilk Noel\u2019inin sakin ge\u00e7mesiydi, ancak Eleven\u2019\u0131n ba\u015fka planlar\u0131 vard\u0131. Hopper\u2019\u0131n itirazlar\u0131na ra\u011fmen bodrumdan, \u00fcst\u00fcnde \u201cNew York\u201d yazan bir kutu getirdi ve cevaplamas\u0131 zor sorular sormaya ba\u015flad\u0131. Hopper onca sene \u00f6nce Hawkins\u2019ten neden ayr\u0131lm\u0131\u015ft\u0131? \u201cVietnam\u201d ne demekti? Ayr\u0131ca neden hi\u00e7bir zaman New York hakk\u0131nda konu\u015fmuyordu?   Ge\u00e7mi\u015fiyle y\u00fczle\u015fmek yerine bir demogorgon ordusuyla sava\u015fmay\u0131 tercih etse bile, Hopper ger\u00e7eklerden daha fazla ka\u00e7amayaca\u011f\u0131n\u0131 anlam\u0131\u015ft\u0131. B\u00f6ylece b\u00fct\u00fcn hayat\u0131 de\u011fi\u015fmeden \u00f6nce New York\u2019ta ya\u015fad\u0131klar\u0131n\u0131 anlatmaya ba\u015flad\u0131\u2026   New York\u2019ta 1977 yaz\u0131yd\u0131.  Hopper, Vietnam Sava\u015f\u0131\u2019ndan evine d\u00f6nm\u00fc\u015ft\u00fc. K\u00fc\u00e7\u00fck k\u0131z\u0131 ve e\u015fiyle beraber sivil hayat\u0131na devam etmek i\u00e7in New York Polis Te\u015fkilat\u0131\u2019nda dedektifli\u011fe ba\u015flam\u0131\u015ft\u0131. Fakat \u015f\u00fcphe uyand\u0131ran bir federal ajan karakolda belirip \u00e7\u00f6z\u00fclmemi\u015f vah\u015fi cinayetlerin dosyas\u0131na el koydu\u011funda Hopper i\u015fleri eline al\u0131p ger\u00e7ekleri \u00f6\u011frenmek i\u00e7in her \u015feyi riske atacakt\u0131.  \u00c7ok ge\u00e7meden Hopper, New York\u2019un korkun\u00e7 \u00e7eteleri aras\u0131na s\u0131zd\u0131. Ancak cinayetleri \u00e7\u00f6zmek \u00fczereyken b\u00fct\u00fcn \u015fehri karanl\u0131\u011fa g\u00f6men bir elektrik kesintisi, Hopper\u2019a daha \u00f6nce hi\u00e7 ya\u015famad\u0131\u011f\u0131 zorluklarla y\u00fczle\u015ftirecekti.   \u201cHawkins Polis Te\u015fkilat\u0131\u2019n\u0131n \u015fefi olmadan \u00f6nce New York\u2019ta bir polistim; daha do\u011frusu dedektiftim, cinayet masas\u0131nda \u00e7al\u0131\u015f\u0131yordum.\u201d El, dudaklar\u0131n\u0131 oynatarak al\u0131\u015f\u0131k olmad\u0131\u011f\u0131 kelimeyi s\u00f6ylemeye \u00e7al\u0131\u015ft\u0131. \u201cAa, evet,\u201d dedi Hopper. \u201c\u2018Cinayet\u2019 adam \u00f6ld\u00fcrmek demek.\u201d El\u2019in g\u00f6zleri kocaman oldu. Hopper az \u00f6nce Pandora\u2019n\u0131n kutusunu a\u00e7\u0131p a\u00e7mad\u0131\u011f\u0131n\u0131 d\u00fc\u015f\u00fcn\u00fcrken i\u00e7ini \u00e7ekti.   \u201cHer neyse, 1977 yaz\u0131nda, \u00e7ok tuhaf bir \u015fey oldu\u2026\u201d  <\/p>\n","protected":false},"excerpt":{"rendered":"<p>Hawkins\u2019te 1984 Noel\u2019iydi. Polis \u015fefi Jim Hopper\u2019\u0131n tek dile\u011fi Eleven\u2019la ilk Noel\u2019inin sakin ge\u00e7mesiydi, ancak Eleven\u2019\u0131n ba\u015fka planlar\u0131 vard\u0131. Hopper\u2019\u0131n itirazlar\u0131na ra\u011fmen bodrumdan, \u00fcst\u00fcnde \u201cNew York\u201d<span class=\"excerpt-hellip\"> [\u2026]<\/span><\/p>\n","protected":false},"featured_media":0,"template":"","meta":{"_monsterinsights_skip_tracking":false,"_monsterinsights_sitenote_active":false,"_monsterinsights_sitenote_note":"","_monsterinsights_sitenote_category":0},"product_brand":[],"product_cat":[12291,12711],"product_tag":[],"class_list":{"0":"post-723498","1":"product","2":"type-product","3":"status-publish","5":"product_cat-edebiyat","6":"product_cat-roman-oyku","7":"pa_cilt-ciltsiz","8":"pa_tur-kitap","9":"pa_yayinevi-epsilon-yayinlari","10":"pa_yazar-adam-christopher","12":"first","13":"instock","14":"sale","15":"shipping-taxable","16":"purchasable","17":"product-type-simple"},"_links":{"self":[{"href":"https:\/\/roveyayinevi.com.tr\/index.php\/wp-json\/wp\/v2\/product\/723498","targetHints":{"allow":["GET"]}}],"collection":[{"href":"https:\/\/roveyayinevi.com.tr\/index.php\/wp-json\/wp\/v2\/product"}],"about":[{"href":"https:\/\/roveyayinevi.com.tr\/index.php\/wp-json\/wp\/v2\/types\/product"}],"wp:attachment":[{"href":"https:\/\/roveyayinevi.com.tr\/index.php\/wp-json\/wp\/v2\/media?parent=723498"}],"wp:term":[{"taxonomy":"product_brand","embeddable":true,"href":"https:\/\/roveyayinevi.com.tr\/index.php\/wp-json\/wp\/v2\/product_brand?post=723498"},{"taxonomy":"product_cat","embeddable":true,"href":"https:\/\/roveyayinevi.com.tr\/index.php\/wp-json\/wp\/v2\/product_cat?post=723498"},{"taxonomy":"product_tag","embeddable":true,"href":"https:\/\/roveyayinevi.com.tr\/index.php\/wp-json\/wp\/v2\/product_tag?post=723498"}],"curies":[{"name":"wp","href":"https:\/\/api.w.org\/{rel}","templated":true}]}}