{"id":723488,"date":"2025-08-27T19:19:42","date_gmt":"2025-08-27T16:19:42","guid":{"rendered":"https:\/\/roveyayinevi.com.tr\/index.php\/urun\/yara-fali\/"},"modified":"2026-04-16T02:31:12","modified_gmt":"2026-04-15T23:31:12","slug":"yara-fali","status":"publish","type":"product","link":"https:\/\/roveyayinevi.com.tr\/index.php\/urun\/yara-fali\/","title":{"rendered":"Yara Fal\u0131"},"content":{"rendered":"<p>\u00c7a\u011fda\u015f \u015fiirimizin \u00f6zg\u00fcn seslerinden Zeynep Uzunbay, bin yaran\u0131n bah\u00e7esinde hemderdimiz oluyor, fal\u0131m\u0131za bak\u0131p dermana uzan\u0131yor. Ba\u015fkas\u0131na de\u011fmenin keskin ama ne\u015feyi de elden b\u0131rakmayan \u015fiirini yazarken ne\u015fter d\u00f6n\u00fcyor avcunda&#8230;senin yaran ge\u00e7 kalmak biriktirmi\u015f i\u00e7inehem sen niye b\u00f6yle al\u0131p att\u0131n kendini i\u00e7ine? -bir \u015fiire kadar \u00e7\u0131kacaks\u0131n deyip ge\u00e7sem mi?- sen bir \u00f6m\u00fcr ald\u0131racaks\u0131n, niye? \u00fcst\u00fcnde hep a\u015fk olacak, olsun kimi g\u00f6r\u00fcnmez k\u0131lacak seni, kimi \u00e7\u0131plak&#8230; sen bir \u00f6m\u00fcr aldanacaks\u0131n Kim&#8217;e su\u00e7luluk lekesi basm\u0131\u015f faldaki ay\u0131 insan insan\u0131n yalan oldu\u011funu bilince demek saklanam\u0131yor i\u00e7ine bile<\/p>\n","protected":false},"excerpt":{"rendered":"<p>\u00c7a\u011fda\u015f \u015fiirimizin \u00f6zg\u00fcn seslerinden Zeynep Uzunbay, bin yaran\u0131n bah\u00e7esinde hemderdimiz oluyor, fal\u0131m\u0131za bak\u0131p dermana uzan\u0131yor. Ba\u015fkas\u0131na de\u011fmenin keskin ama ne\u015feyi de elden b\u0131rakmayan \u015fiirini yazarken ne\u015fter<span class=\"excerpt-hellip\"> [\u2026]<\/span><\/p>\n","protected":false},"featured_media":0,"template":"","meta":{"_monsterinsights_skip_tracking":false,"_monsterinsights_sitenote_active":false,"_monsterinsights_sitenote_note":"","_monsterinsights_sitenote_category":0},"product_brand":[],"product_cat":[12291,12509],"product_tag":[],"class_list":{"0":"post-723488","1":"product","2":"type-product","3":"status-publish","5":"product_cat-edebiyat","6":"product_cat-siir","7":"pa_cilt-ciltsiz","8":"pa_tur-kitap","9":"pa_yayinevi-sel-yayincilik","10":"pa_yazar-zeynep-uzunbay","12":"first","13":"instock","14":"sale","15":"shipping-taxable","16":"purchasable","17":"product-type-simple"},"_links":{"self":[{"href":"https:\/\/roveyayinevi.com.tr\/index.php\/wp-json\/wp\/v2\/product\/723488","targetHints":{"allow":["GET"]}}],"collection":[{"href":"https:\/\/roveyayinevi.com.tr\/index.php\/wp-json\/wp\/v2\/product"}],"about":[{"href":"https:\/\/roveyayinevi.com.tr\/index.php\/wp-json\/wp\/v2\/types\/product"}],"wp:attachment":[{"href":"https:\/\/roveyayinevi.com.tr\/index.php\/wp-json\/wp\/v2\/media?parent=723488"}],"wp:term":[{"taxonomy":"product_brand","embeddable":true,"href":"https:\/\/roveyayinevi.com.tr\/index.php\/wp-json\/wp\/v2\/product_brand?post=723488"},{"taxonomy":"product_cat","embeddable":true,"href":"https:\/\/roveyayinevi.com.tr\/index.php\/wp-json\/wp\/v2\/product_cat?post=723488"},{"taxonomy":"product_tag","embeddable":true,"href":"https:\/\/roveyayinevi.com.tr\/index.php\/wp-json\/wp\/v2\/product_tag?post=723488"}],"curies":[{"name":"wp","href":"https:\/\/api.w.org\/{rel}","templated":true}]}}