{"id":723450,"date":"2025-08-27T19:19:13","date_gmt":"2025-08-27T16:19:13","guid":{"rendered":"https:\/\/roveyayinevi.com.tr\/index.php\/urun\/dirilis-bez-ciltli\/"},"modified":"2026-04-16T02:31:11","modified_gmt":"2026-04-15T23:31:11","slug":"dirilis-bez-ciltli","status":"publish","type":"product","link":"https:\/\/roveyayinevi.com.tr\/index.php\/urun\/dirilis-bez-ciltli\/","title":{"rendered":"Dirili\u015f (Bez Ciltli)"},"content":{"rendered":"<p>Varl\u0131kl\u0131 bir kynaz olan Nehl\u00fcdov, halalar\u0131n\u0131n evinde hizmet\u00e7i olarak \u00e7al\u0131\u015fan Katyu\u015fa\u2019y\u0131 ba\u015ftan \u00e7\u0131kar\u0131p onu kaderine terk eder ve kendi h\u0131rslar\u0131n\u0131n pe\u015finden ko\u015far. Ancak y\u0131llar sonra yollar\u0131 bir mahkeme salonunda kesi\u015fir. Fark\u0131nda olmadan karanl\u0131k bir yola itti\u011fi Katyu\u015fa&#8217;n\u0131n ba\u015f\u0131ndan ge\u00e7en trajik olaylar Nehl\u00fcdov&#8217;un ruhunda bir uyan\u0131\u015fa sebep olacak, zihninde erteledi\u011fi d\u00fc\u015f\u00fcnceleri g\u00fcn \u0131\u015f\u0131\u011f\u0131na \u00e7\u0131kar\u0131p hat\u0131rlamak istemedi\u011fi ge\u00e7mi\u015fiyle y\u00fczle\u015fmesini ve d\u00fcnyaya bamba\u015fka bir g\u00f6zle bakmas\u0131n\u0131 sa\u011flayacakt\u0131r.Tolstoy\u2019un ger\u00e7ek bir hik\u00e2yeden esinlenerek kaleme ald\u0131\u011f\u0131, insan\u0131n kurtulu\u015f \u00e7abas\u0131n\u0131 i\u015flerken hem sistemin adaletsizli\u011fini hem de imk\u00e2ns\u0131z bir a\u015fk\u0131 anlatt\u0131\u011f\u0131, d\u00f6nem Rusya\u2019s\u0131n\u0131 panoramik a\u00e7\u0131dan g\u00f6zler \u00f6n\u00fcne seren ve \u00f6lmeden \u00f6nceki son ba\u015fyap\u0131t\u0131 olan bu roman\u0131n\u0131 Mehmet Y\u0131lmaz\u2019\u0131n \u00f6zenli \u00e7evirisiyle sunuyoruz.<\/p>\n","protected":false},"excerpt":{"rendered":"<p>Varl\u0131kl\u0131 bir kynaz olan Nehl\u00fcdov, halalar\u0131n\u0131n evinde hizmet\u00e7i olarak \u00e7al\u0131\u015fan Katyu\u015fa\u2019y\u0131 ba\u015ftan \u00e7\u0131kar\u0131p onu kaderine terk eder ve kendi h\u0131rslar\u0131n\u0131n pe\u015finden ko\u015far. Ancak y\u0131llar sonra yollar\u0131<span class=\"excerpt-hellip\"> [\u2026]<\/span><\/p>\n","protected":false},"featured_media":0,"template":"","meta":{"_monsterinsights_skip_tracking":false,"_monsterinsights_sitenote_active":false,"_monsterinsights_sitenote_note":"","_monsterinsights_sitenote_category":0},"product_brand":[],"product_cat":[12291,13570],"product_tag":[],"class_list":{"0":"post-723450","1":"product","2":"type-product","3":"status-publish","5":"product_cat-edebiyat","6":"product_cat-rus-edebiyati","7":"pa_cilt-ciltli","8":"pa_tur-kitap","9":"pa_yayinevi-koridor-yayincilik","10":"pa_yazar-lev-nikolayevic-tolstoy","12":"first","13":"instock","14":"sale","15":"shipping-taxable","16":"purchasable","17":"product-type-simple"},"_links":{"self":[{"href":"https:\/\/roveyayinevi.com.tr\/index.php\/wp-json\/wp\/v2\/product\/723450","targetHints":{"allow":["GET"]}}],"collection":[{"href":"https:\/\/roveyayinevi.com.tr\/index.php\/wp-json\/wp\/v2\/product"}],"about":[{"href":"https:\/\/roveyayinevi.com.tr\/index.php\/wp-json\/wp\/v2\/types\/product"}],"wp:attachment":[{"href":"https:\/\/roveyayinevi.com.tr\/index.php\/wp-json\/wp\/v2\/media?parent=723450"}],"wp:term":[{"taxonomy":"product_brand","embeddable":true,"href":"https:\/\/roveyayinevi.com.tr\/index.php\/wp-json\/wp\/v2\/product_brand?post=723450"},{"taxonomy":"product_cat","embeddable":true,"href":"https:\/\/roveyayinevi.com.tr\/index.php\/wp-json\/wp\/v2\/product_cat?post=723450"},{"taxonomy":"product_tag","embeddable":true,"href":"https:\/\/roveyayinevi.com.tr\/index.php\/wp-json\/wp\/v2\/product_tag?post=723450"}],"curies":[{"name":"wp","href":"https:\/\/api.w.org\/{rel}","templated":true}]}}