{"id":723447,"date":"2025-08-27T19:19:10","date_gmt":"2025-08-27T16:19:10","guid":{"rendered":"https:\/\/roveyayinevi.com.tr\/index.php\/urun\/kisa-islam-tarihi\/"},"modified":"2026-04-16T02:31:11","modified_gmt":"2026-04-15T23:31:11","slug":"kisa-islam-tarihi","status":"publish","type":"product","link":"https:\/\/roveyayinevi.com.tr\/index.php\/urun\/kisa-islam-tarihi\/","title":{"rendered":"K\u0131sa \u0130slam Tarihi"},"content":{"rendered":"<p>Y\u00fczy\u0131llara damga vuran \u0130slam Tarihi\u2019ni bir de b\u00f6yle okuyun\u2026Ahmet N. \u00d6zdal, bu \u00e7al\u0131\u015fmas\u0131nda \u0130slam Tarihi\u2019yle alakal\u0131 \u00f6teden beri s\u00f6ylenmekte olanlar\u0131 tekrarlamaktan olabildi\u011fince ka\u00e7\u0131narak sadece yeni bilgilerle, yorumlar\u0131n ya da farkl\u0131 bak\u0131\u015f a\u00e7\u0131lar\u0131n\u0131n sunulmas\u0131na gayret ediyor. Hz. Muhammed ve D\u00f6rt Halife d\u00f6nemlerini, giri\u015f konular\u0131 olarak ele al\u0131p k\u0131sa tutarak S\u00e2m\u00e2n\u00eeler, F\u00e2t\u0131m\u00eeler, Harezm\u015fahlar, Sel\u00e7uklular gibi devlet ve hanedanl\u0131klarla alakal\u0131 bilinmeyen bir\u00e7ok detay\u0131 anlat\u0131yor. \u00d6zdal; S\u00e2m\u00e2n\u00ee ile S\u00e2s\u00e2n\u00ee kelimelerini birbirine kar\u0131\u015ft\u0131rabilen, B\u00fcveyh\u00ee lafz\u0131n\u0131 duydu\u011funda akl\u0131nda sadece \u201c\u015eii B\u00fcveyho\u011fullar\u0131\u201d canlanan, Mur\u00e2b\u0131tlar Devleti hakk\u0131nda belki hi\u00e7bir \u015fey duymam\u0131\u015f olan ya da Eyy\u00fbb\u00eeler konusu ge\u00e7ti\u011finde, sohbeti \u201cSelahadd\u00een Eyy\u00fbb\u00ee K\u00fcrt m\u00fcyd\u00fc?\u201d tart\u0131\u015fmas\u0131n\u0131n \u00f6tesine g\u00f6t\u00fcren \u00f6zg\u00fcn bilgiler sunuyor. Ayn\u0131 zamanda siyaset, ekonomi ve ticaret olgular\u0131n\u0131n yan\u0131nda \u00f6nemli liderlerin, politik ya da din\u00ee fig\u00fcrlerin, baz\u0131 \u015fairlerin ve bilim adamlar\u0131n\u0131n karakter \u00f6zelliklerine yo\u011funla\u015farak b\u00fct\u00fcnc\u00fcl bir bak\u0131\u015f ak\u0131\u015f\u0131 \u00fczerinden \u0130slam Tarihi\u2019ni anlat\u0131yor.Bu kitap, ba\u015flang\u0131c\u0131ndan Osmanl\u0131lara kadar ana hatlar\u0131yla, \u00f6ne \u00e7\u0131kan karakterleriyle, ekonomisiyle, siyasetiyle, sosyal ya\u015fam\u0131yla \u0130slam\u2019\u0131n tarih\u00ee ser\u00fcvenini merak eden herkese alternatif bir tarih okumas\u0131 sunuyor\u2026<\/p>\n","protected":false},"excerpt":{"rendered":"<p>Y\u00fczy\u0131llara damga vuran \u0130slam Tarihi\u2019ni bir de b\u00f6yle okuyun\u2026Ahmet N. \u00d6zdal, bu \u00e7al\u0131\u015fmas\u0131nda \u0130slam Tarihi\u2019yle alakal\u0131 \u00f6teden beri s\u00f6ylenmekte olanlar\u0131 tekrarlamaktan olabildi\u011fince ka\u00e7\u0131narak sadece yeni bilgilerle,<span class=\"excerpt-hellip\"> [\u2026]<\/span><\/p>\n","protected":false},"featured_media":0,"template":"","meta":{"_monsterinsights_skip_tracking":false,"_monsterinsights_sitenote_active":false,"_monsterinsights_sitenote_note":"","_monsterinsights_sitenote_category":0},"product_brand":[],"product_cat":[12718,12719,18109],"product_tag":[],"class_list":{"0":"post-723447","1":"product","2":"type-product","3":"status-publish","5":"product_cat-din","6":"product_cat-islam","7":"product_cat-islam-tarihi","8":"pa_cilt-ciltsiz","9":"pa_tur-kitap","10":"pa_yayinevi-timas-yayinlari","11":"pa_yazar-ahmet-n-ozdal","13":"first","14":"instock","15":"sale","16":"shipping-taxable","17":"purchasable","18":"product-type-simple"},"_links":{"self":[{"href":"https:\/\/roveyayinevi.com.tr\/index.php\/wp-json\/wp\/v2\/product\/723447","targetHints":{"allow":["GET"]}}],"collection":[{"href":"https:\/\/roveyayinevi.com.tr\/index.php\/wp-json\/wp\/v2\/product"}],"about":[{"href":"https:\/\/roveyayinevi.com.tr\/index.php\/wp-json\/wp\/v2\/types\/product"}],"wp:attachment":[{"href":"https:\/\/roveyayinevi.com.tr\/index.php\/wp-json\/wp\/v2\/media?parent=723447"}],"wp:term":[{"taxonomy":"product_brand","embeddable":true,"href":"https:\/\/roveyayinevi.com.tr\/index.php\/wp-json\/wp\/v2\/product_brand?post=723447"},{"taxonomy":"product_cat","embeddable":true,"href":"https:\/\/roveyayinevi.com.tr\/index.php\/wp-json\/wp\/v2\/product_cat?post=723447"},{"taxonomy":"product_tag","embeddable":true,"href":"https:\/\/roveyayinevi.com.tr\/index.php\/wp-json\/wp\/v2\/product_tag?post=723447"}],"curies":[{"name":"wp","href":"https:\/\/api.w.org\/{rel}","templated":true}]}}