{"id":723444,"date":"2025-08-27T19:19:08","date_gmt":"2025-08-27T16:19:08","guid":{"rendered":"https:\/\/roveyayinevi.com.tr\/index.php\/urun\/denize-kavusan-irmak\/"},"modified":"2026-04-16T02:31:11","modified_gmt":"2026-04-15T23:31:11","slug":"denize-kavusan-irmak","status":"publish","type":"product","link":"https:\/\/roveyayinevi.com.tr\/index.php\/urun\/denize-kavusan-irmak\/","title":{"rendered":"Denize Kavu\u015fan Irmak"},"content":{"rendered":"<p>T\u00fcrkiye tarihinde isl\u00e2m\u2019\u0131n di\u011fer y\u00f6n\u00fc: anadolu\u2019da \u015fi\u00eelik unsurunu yeniden d\u00fc\u015f\u00fcnmek ve ismaili etkisi hakk\u0131nda baz\u0131 yorumlarAhmet ya\u015far ocakOsmanl\u0131 bar\u0131\u015f\u0131 sisteminde hara\u00e7 veren voyvodal\u0131klar: eflak ve bo\u011fdan meselesiViorel panaiteOsmanl\u0131 maa\u015f sistemi ve imparatorlu\u011fun sosyo-ekonomik de\u011fi\u015fimini anlamadaki rol\u00fcn\u00fcn geli\u015fimi \u00fczerine yorumlarYavuz cezar \u0130stanbul esnaf\u0131 \u00f6rne\u011finde \u201ckamu yarar\u0131ndan\u201d \u201cdevlet \u00e7\u0131kar\u0131na\u201d maslaha, 1730-1840Engin deniz akarl\u0131 Bir ge\u00e7i\u015f d\u00f6neminde osmanl\u0131 iktidar\u0131n\u0131n ifadeleri: 1760 ve 1830Virginia h. Aksan Osmanl\u0131 devlet maliyesi: 1859-63 y\u0131llar\u0131ndaki b\u00fct\u00e7e a\u00e7\u0131\u011f\u0131 ve i\u00e7 bor\u00e7 \u00fczerine bir \u00e7al\u0131\u015fmaKeiko kiyotaki Ge\u00e7 osmanl\u0131 toplumunda kad\u0131n, adalet ve iktidar: fir\u00fbze han\u0131m\u2019\u0131n \u00f6yk\u00fcs\u00fcOktay \u00f6zel \u0130mparatorluk ve benlik: sadri maksudi\u2019nin ingiltere ile kar\u015f\u0131la\u015fmas\u0131Azade-ay\u015fey rorlich Osmanl\u0131 \u00f6zel te\u015fkilat\u0131\/te\u015fkilat-\u0131 mahsusa ve a\u011fustos-kas\u0131m 1914 aras\u0131ndaki askeri faaliyetleriStanford j. Shaw Dostumname: afgan t\u00fcrkistan\u2019\u0131nda bir sava\u015f a\u011fas\u0131 ile ya\u015famakBrian glyn williams Kemal ha\u015fim karpat\u2019\u0131n kitaplar\u0131 ve makaleleri hakk\u0131nda bir notKaan durukan<\/p>\n","protected":false},"excerpt":{"rendered":"<p>T\u00fcrkiye tarihinde isl\u00e2m\u2019\u0131n di\u011fer y\u00f6n\u00fc: anadolu\u2019da \u015fi\u00eelik unsurunu yeniden d\u00fc\u015f\u00fcnmek ve ismaili etkisi hakk\u0131nda baz\u0131 yorumlarAhmet ya\u015far ocakOsmanl\u0131 bar\u0131\u015f\u0131 sisteminde hara\u00e7 veren voyvodal\u0131klar: eflak ve bo\u011fdan<span class=\"excerpt-hellip\"> [\u2026]<\/span><\/p>\n","protected":false},"featured_media":0,"template":"","meta":{"_monsterinsights_skip_tracking":false,"_monsterinsights_sitenote_active":false,"_monsterinsights_sitenote_note":"","_monsterinsights_sitenote_category":0},"product_brand":[],"product_cat":[12370,12304],"product_tag":[],"class_list":{"0":"post-723444","1":"product","2":"type-product","3":"status-publish","5":"product_cat-arastirma-inceleme","6":"product_cat-tarih","7":"pa_cilt-ciltsiz","8":"pa_tur-kitap","9":"pa_yayinevi-timas-yayinlari","10":"pa_yazar-kolektif","12":"first","13":"instock","14":"sale","15":"shipping-taxable","16":"purchasable","17":"product-type-simple"},"_links":{"self":[{"href":"https:\/\/roveyayinevi.com.tr\/index.php\/wp-json\/wp\/v2\/product\/723444","targetHints":{"allow":["GET"]}}],"collection":[{"href":"https:\/\/roveyayinevi.com.tr\/index.php\/wp-json\/wp\/v2\/product"}],"about":[{"href":"https:\/\/roveyayinevi.com.tr\/index.php\/wp-json\/wp\/v2\/types\/product"}],"wp:attachment":[{"href":"https:\/\/roveyayinevi.com.tr\/index.php\/wp-json\/wp\/v2\/media?parent=723444"}],"wp:term":[{"taxonomy":"product_brand","embeddable":true,"href":"https:\/\/roveyayinevi.com.tr\/index.php\/wp-json\/wp\/v2\/product_brand?post=723444"},{"taxonomy":"product_cat","embeddable":true,"href":"https:\/\/roveyayinevi.com.tr\/index.php\/wp-json\/wp\/v2\/product_cat?post=723444"},{"taxonomy":"product_tag","embeddable":true,"href":"https:\/\/roveyayinevi.com.tr\/index.php\/wp-json\/wp\/v2\/product_tag?post=723444"}],"curies":[{"name":"wp","href":"https:\/\/api.w.org\/{rel}","templated":true}]}}