{"id":723441,"date":"2025-08-27T19:19:06","date_gmt":"2025-08-27T16:19:06","guid":{"rendered":"https:\/\/roveyayinevi.com.tr\/index.php\/urun\/duygusal-olarak-saglikli-cocuk-yetistirmek\/"},"modified":"2026-04-16T02:31:11","modified_gmt":"2026-04-15T23:31:11","slug":"duygusal-olarak-saglikli-cocuk-yetistirmek","status":"publish","type":"product","link":"https:\/\/roveyayinevi.com.tr\/index.php\/urun\/duygusal-olarak-saglikli-cocuk-yetistirmek\/","title":{"rendered":"Duygusal Olarak Sa\u011fl\u0131kl\u0131 \u00c7ocuk Yeti\u015ftirmek"},"content":{"rendered":"<p>Hepimiz duygusal olarak sa\u011fl\u0131kl\u0131 \u00e7ocuklar yeti\u015ftirmek isteriz. G\u00fcvensiz, mutsuz, yapayaln\u0131z bir \u00e7ocuk yeti\u015ftirmek isteyen bir tek anne baba yoktur. \u00d6nemli olansa \u015fudur: Bunu nas\u0131l yapaca\u011f\u0131z?Duygular, \u00f6zellikle de \u00f6fke, hayal k\u0131r\u0131kl\u0131\u011f\u0131, k\u0131skan\u00e7l\u0131k, reddedilme gibi kuvvetli ve zorlu duygular \u00e7o\u011fu \u00e7ocuk i\u00e7in ba\u015f edilmesi g\u00fc\u00e7 \u015feylerdir. Bir arkada\u015f\u0131na \u00f6fkelenen \u00e7ocu\u011funuzun \u00f6n\u00fcnde bir s\u00fcr\u00fc se\u00e7im olabilir; kaba g\u00fc\u00e7 kullanmay\u0131 se\u00e7ebilir, sinip kalabilir ya da t\u00fcm duygular\u0131n\u0131 ifade ederek s\u00f6zle direnebilir. Bu se\u00e7imlerin her biri \u00e7ocu\u011fun duygusal hayat\u0131nda farkl\u0131 bir patika \u00e7izecektir. Se\u00e7imlerimizin toplam\u0131ndan olu\u015fan hayat\u0131 g\u00fczelle\u015ftirmek i\u00e7in yap\u0131lmas\u0131 gereken belki de \u00e7ok basittir: Durmak, sakinle\u015fmek ve iyi bir se\u00e7im yapmak.D\u00fcnya \u00e7ap\u0131nda binlerce \u00e7ocu\u011fun duygusal sa\u011fl\u0131k kazanma yolculu\u011funa rehberlik eden Maureen Healy daha mutlu ve daha sa\u011fl\u0131kl\u0131 \u00e7ocuklar yeti\u015ftirmenin ipu\u00e7lar\u0131n\u0131 sunuyor. \u201cHi\u00e7bir duygu k\u00f6t\u00fc de\u011fildir, \u00f6nemli olan o duygunun nas\u0131l ifade edildi\u011fi ve y\u00f6netildi\u011fidir\u201d ilkesini benimseyen kitap, \u00e7ocu\u011funuzu ve onun duygular\u0131n\u0131 anlamak i\u00e7in m\u00fcthi\u015f bir anahtar. Nihayet, \u00e7ocuklarda duygusal sa\u011fl\u0131k \u00fczerine muhte\u015fem bir yol haritas\u0131 ve \u015fa\u015f\u0131rt\u0131c\u0131 bir \u015fekilde uygulanabilir y\u00f6ntemler\u2026 Ger\u00e7ek hayattan \u00f6rnekler ve her anne baban\u0131n, \u00f6\u011fretmenin ya da dan\u0131\u015fman\u0131n ilgilenebilece\u011fi \u00f6\u011fretici senaryolar. Bu kitap sahiden bir hediye.Linda GrahamDuygusal Olarak Sa\u011fl\u0131kl\u0131 \u00c7ocuk Yeti\u015ftirmek, hem uygulanabilir hem de d\u00f6n\u00fc\u015ft\u00fcr\u00fcc\u00fc g\u00fc\u00e7te \u00f6neriler sunuyor; \u00e7ocuk i\u00e7in, anne baba i\u00e7in ve anne baba ile \u00e7ocuk aras\u0131ndaki ili\u015fki i\u00e7in. Bu kitab\u0131 okuyun, tekrar tekrar okuyun ve daha \u00f6nemlisi, burada yaz\u0131lanlar\u0131 uygulay\u0131n.Tal Ben-ShaharDuygusal Olarak Sa\u011fl\u0131kl\u0131 \u00c7ocuk Yeti\u015ftirmek, bug\u00fcn\u00fcn d\u00fcnyas\u0131nda daha sa\u011fl\u0131kl\u0131 ve sonu\u00e7 olarak daha mutlu \u00e7ocuklar yeti\u015ftirmek isteyen herkese yard\u0131mc\u0131 olacak.Michele Borba<\/p>\n","protected":false},"excerpt":{"rendered":"<p>Hepimiz duygusal olarak sa\u011fl\u0131kl\u0131 \u00e7ocuklar yeti\u015ftirmek isteriz. G\u00fcvensiz, mutsuz, yapayaln\u0131z bir \u00e7ocuk yeti\u015ftirmek isteyen bir tek anne baba yoktur. \u00d6nemli olansa \u015fudur: Bunu nas\u0131l yapaca\u011f\u0131z?Duygular, \u00f6zellikle<span class=\"excerpt-hellip\"> [\u2026]<\/span><\/p>\n","protected":false},"featured_media":0,"template":"","meta":{"_monsterinsights_skip_tracking":false,"_monsterinsights_sitenote_active":false,"_monsterinsights_sitenote_note":"","_monsterinsights_sitenote_category":0},"product_brand":[],"product_cat":[12831,12324],"product_tag":[],"class_list":{"0":"post-723441","1":"product","2":"type-product","3":"status-publish","5":"product_cat-aile-ve-cocuk","6":"product_cat-sosyoloji","7":"pa_cilt-ciltsiz","8":"pa_tur-kitap","9":"pa_yayinevi-timas-yayinlari","10":"pa_yazar-maureen-healy","12":"first","13":"instock","14":"sale","15":"shipping-taxable","16":"purchasable","17":"product-type-simple"},"_links":{"self":[{"href":"https:\/\/roveyayinevi.com.tr\/index.php\/wp-json\/wp\/v2\/product\/723441","targetHints":{"allow":["GET"]}}],"collection":[{"href":"https:\/\/roveyayinevi.com.tr\/index.php\/wp-json\/wp\/v2\/product"}],"about":[{"href":"https:\/\/roveyayinevi.com.tr\/index.php\/wp-json\/wp\/v2\/types\/product"}],"wp:attachment":[{"href":"https:\/\/roveyayinevi.com.tr\/index.php\/wp-json\/wp\/v2\/media?parent=723441"}],"wp:term":[{"taxonomy":"product_brand","embeddable":true,"href":"https:\/\/roveyayinevi.com.tr\/index.php\/wp-json\/wp\/v2\/product_brand?post=723441"},{"taxonomy":"product_cat","embeddable":true,"href":"https:\/\/roveyayinevi.com.tr\/index.php\/wp-json\/wp\/v2\/product_cat?post=723441"},{"taxonomy":"product_tag","embeddable":true,"href":"https:\/\/roveyayinevi.com.tr\/index.php\/wp-json\/wp\/v2\/product_tag?post=723441"}],"curies":[{"name":"wp","href":"https:\/\/api.w.org\/{rel}","templated":true}]}}