{"id":723436,"date":"2025-08-27T19:19:02","date_gmt":"2025-08-27T16:19:02","guid":{"rendered":"https:\/\/roveyayinevi.com.tr\/index.php\/urun\/17-yuzyil-istanbulunda-ruyalar-ve-hayatlar\/"},"modified":"2026-04-16T02:31:08","modified_gmt":"2026-04-15T23:31:08","slug":"17-yuzyil-istanbulunda-ruyalar-ve-hayatlar","status":"publish","type":"product","link":"https:\/\/roveyayinevi.com.tr\/index.php\/urun\/17-yuzyil-istanbulunda-ruyalar-ve-hayatlar\/","title":{"rendered":"17. Y\u00fczy\u0131l \u0130stanbul&#8217;unda R\u00fcyalar ve Hayatlar"},"content":{"rendered":"<p>\u201cKelimeler, \u00f6l\u00fcy\u00fc bile diriltebilen ab-\u0131 hayatt\u0131r.\u201d17. y\u00fczy\u0131l \u0130stanbul\u2019unda R\u00fcyalar ve Hayatlar biyografi yazma ve r\u00fcya anlatma geleneklerini zaman\u0131n\u0131n \u00f6nde gelen biyografi yazarlar\u0131ndan Nev\u2019\u00eez\u00e2de At\u00e2y\u00ee oda\u011f\u0131ndan inceliyor. At\u00e2y\u00ee\u2019nin Had\u00e2\u2019ik\u00fc\u2019l-Hak\u00e2\u2019ik (Hakikat Bah\u00e7eleri) adl\u0131 eseri, bu d\u00f6nemde olu\u015fturulmu\u015f biyografi kitaplar\u0131n\u0131n en kapsaml\u0131lar\u0131ndand\u0131r ve K\u00e2tip \u00c7elebi\u2019ye g\u00f6re \u201cR\u00fbm diyar\u0131nda benzeri yaz\u0131lmam\u0131\u015f\u201dt\u0131r.  Bini a\u015fk\u0131n ki\u015finin \u00f6zge\u00e7mi\u015fini kayda ge\u00e7iren ve haklar\u0131nda birbirinden ilgin\u00e7 hik\u00e2yeler anlatan At\u00e2y\u00ee, ulema ve mutasavv\u0131f \u00e7evrelerinin payla\u015ft\u0131klar\u0131 r\u00fcyalar\u0131 da kitab\u0131na dahil eder. At\u00e2y\u00ee\u2019nin eserini bir \u201cya\u015fam anlat\u0131s\u0131\u201d olarak ele alan Asl\u0131 Niyazio\u011flu, Osmanl\u0131 entelekt\u00fcel hayat\u0131na r\u00fcya \u00e2leminden bak\u0131yor. Ya\u015fayanlarla \u00f6l\u00fclerin d\u00fcnyalar\u0131 aras\u0131ndaki ili\u015fkiler a\u011f\u0131n\u0131 ve r\u00fcyalar\u0131n bu iki d\u00fcnya aras\u0131nda kurdu\u011fu k\u00f6pr\u00fcleri titizlikle ara\u015ft\u0131r\u0131yor.<\/p>\n","protected":false},"excerpt":{"rendered":"<p>\u201cKelimeler, \u00f6l\u00fcy\u00fc bile diriltebilen ab-\u0131 hayatt\u0131r.\u201d17. y\u00fczy\u0131l \u0130stanbul\u2019unda R\u00fcyalar ve Hayatlar biyografi yazma ve r\u00fcya anlatma geleneklerini zaman\u0131n\u0131n \u00f6nde gelen biyografi yazarlar\u0131ndan Nev\u2019\u00eez\u00e2de At\u00e2y\u00ee oda\u011f\u0131ndan inceliyor.<span class=\"excerpt-hellip\"> [\u2026]<\/span><\/p>\n","protected":false},"featured_media":0,"template":"","meta":{"_monsterinsights_skip_tracking":false,"_monsterinsights_sitenote_active":false,"_monsterinsights_sitenote_note":"","_monsterinsights_sitenote_category":0},"product_brand":[],"product_cat":[12312,12304],"product_tag":[],"class_list":{"0":"post-723436","1":"product","2":"type-product","3":"status-publish","5":"product_cat-diger","6":"product_cat-tarih","7":"pa_cilt-ciltsiz","8":"pa_tur-kitap","9":"pa_yayinevi-dogan-kitap","10":"pa_yazar-asli-niyazioglu","12":"first","13":"instock","14":"sale","15":"shipping-taxable","16":"purchasable","17":"product-type-simple"},"_links":{"self":[{"href":"https:\/\/roveyayinevi.com.tr\/index.php\/wp-json\/wp\/v2\/product\/723436","targetHints":{"allow":["GET"]}}],"collection":[{"href":"https:\/\/roveyayinevi.com.tr\/index.php\/wp-json\/wp\/v2\/product"}],"about":[{"href":"https:\/\/roveyayinevi.com.tr\/index.php\/wp-json\/wp\/v2\/types\/product"}],"wp:attachment":[{"href":"https:\/\/roveyayinevi.com.tr\/index.php\/wp-json\/wp\/v2\/media?parent=723436"}],"wp:term":[{"taxonomy":"product_brand","embeddable":true,"href":"https:\/\/roveyayinevi.com.tr\/index.php\/wp-json\/wp\/v2\/product_brand?post=723436"},{"taxonomy":"product_cat","embeddable":true,"href":"https:\/\/roveyayinevi.com.tr\/index.php\/wp-json\/wp\/v2\/product_cat?post=723436"},{"taxonomy":"product_tag","embeddable":true,"href":"https:\/\/roveyayinevi.com.tr\/index.php\/wp-json\/wp\/v2\/product_tag?post=723436"}],"curies":[{"name":"wp","href":"https:\/\/api.w.org\/{rel}","templated":true}]}}