{"id":723430,"date":"2025-08-27T19:18:58","date_gmt":"2025-08-27T16:18:58","guid":{"rendered":"https:\/\/roveyayinevi.com.tr\/index.php\/urun\/marsilya-tarot\/"},"modified":"2026-04-16T02:31:08","modified_gmt":"2026-04-15T23:31:08","slug":"marsilya-tarot","status":"publish","type":"product","link":"https:\/\/roveyayinevi.com.tr\/index.php\/urun\/marsilya-tarot\/","title":{"rendered":"Marsilya Tarot"},"content":{"rendered":"<p>Tarot kartlar\u0131n\u0131 iyi okumak i\u00e7in tarotun belki de binlerce y\u0131ld\u0131r bize sundu\u011fu sembolizmi anlamak, sembollerin enerjisine girmek ve hatta onlar\u0131n bizimle konu\u015fmas\u0131na izin vermek gerekir. Marsilya Tarot bu a\u00e7\u0131lardan en k\u0131ymetli ve d\u00fcnya \u00e7ap\u0131nda kabul g\u00f6ren tarot destelerinden biridir. Bar\u0131nd\u0131rd\u0131\u011f\u0131 sembolizm a\u00e7\u0131s\u0131ndan okuyucunun zihnindeki imgelerle konu\u015fur ve okuyucu da bunlar\u0131 kendi sezgileriyle birle\u015ftirerek s\u00f6ze d\u00f6ker. 78 adet tarot kart\u0131na Latince arcanum yani s\u0131r\/gizliden gelen anlam\u0131nda arkana denmi\u015ftir. Bunlardan 22\u2019sine b\u00fcy\u00fck arkana denir; bunlar asl\u0131nda bireyin hayat yolculu\u011funu temsil eder. \u0130lk 11 kart bir insan hayat\u0131n\u0131n olgunla\u015fma s\u00fcrecini, sonraki 11 kart ise insan\u0131n hayat\u0131na ne katt\u0131\u011f\u0131n\u0131 veya ne katmas\u0131 gerekti\u011fini anlat\u0131r. K\u00fc\u00e7\u00fck arkana, 14 k\u0131l\u0131\u00e7 serisi, 14 kupa serisi, 14 para serisi ve 14 de\u011fnek serisinden olu\u015fur. B\u00fct\u00fcn bu kartlar\u0131n tarot a\u00e7\u0131l\u0131mlar\u0131ndaki kombinasyonu da bize dan\u0131\u015ft\u0131\u011f\u0131m\u0131z soru ile ilgili anlay\u0131\u015f ve \u00f6ng\u00f6r\u00fc verir.   22 B\u00fcy\u00fck Arkana ve 56 K\u00fc\u00e7\u00fck Arkana olmak \u00fczere toplam 78 Tarot kart\u0131ndan olu\u015fan Marsilya Tarot\u2019u size klavuz kitap\u00e7\u0131\u011f\u0131 ile beraber sunuyoruz. <\/p>\n","protected":false},"excerpt":{"rendered":"<p>Tarot kartlar\u0131n\u0131 iyi okumak i\u00e7in tarotun belki de binlerce y\u0131ld\u0131r bize sundu\u011fu sembolizmi anlamak, sembollerin enerjisine girmek ve hatta onlar\u0131n bizimle konu\u015fmas\u0131na izin vermek gerekir. Marsilya<span class=\"excerpt-hellip\"> [\u2026]<\/span><\/p>\n","protected":false},"featured_media":0,"template":"","meta":{"_monsterinsights_skip_tracking":false,"_monsterinsights_sitenote_active":false,"_monsterinsights_sitenote_note":"","_monsterinsights_sitenote_category":0},"product_brand":[],"product_cat":[18082,15563],"product_tag":[],"class_list":{"0":"post-723430","1":"product","2":"type-product","3":"status-publish","5":"product_cat-astroloji-fal-ruya","6":"product_cat-hobi","7":"pa_cilt-ciltsiz","8":"pa_tur-kitap","9":"pa_yayinevi-omega","10":"pa_yazar-burcu-yigiter-taylan-ozgur-kumas","12":"first","13":"instock","14":"sale","15":"shipping-taxable","16":"purchasable","17":"product-type-simple"},"_links":{"self":[{"href":"https:\/\/roveyayinevi.com.tr\/index.php\/wp-json\/wp\/v2\/product\/723430","targetHints":{"allow":["GET"]}}],"collection":[{"href":"https:\/\/roveyayinevi.com.tr\/index.php\/wp-json\/wp\/v2\/product"}],"about":[{"href":"https:\/\/roveyayinevi.com.tr\/index.php\/wp-json\/wp\/v2\/types\/product"}],"wp:attachment":[{"href":"https:\/\/roveyayinevi.com.tr\/index.php\/wp-json\/wp\/v2\/media?parent=723430"}],"wp:term":[{"taxonomy":"product_brand","embeddable":true,"href":"https:\/\/roveyayinevi.com.tr\/index.php\/wp-json\/wp\/v2\/product_brand?post=723430"},{"taxonomy":"product_cat","embeddable":true,"href":"https:\/\/roveyayinevi.com.tr\/index.php\/wp-json\/wp\/v2\/product_cat?post=723430"},{"taxonomy":"product_tag","embeddable":true,"href":"https:\/\/roveyayinevi.com.tr\/index.php\/wp-json\/wp\/v2\/product_tag?post=723430"}],"curies":[{"name":"wp","href":"https:\/\/api.w.org\/{rel}","templated":true}]}}