{"id":723429,"date":"2025-08-27T19:18:24","date_gmt":"2025-08-27T16:18:24","guid":{"rendered":"https:\/\/roveyayinevi.com.tr\/index.php\/urun\/dervisler-fakihler-gaziler\/"},"modified":"2026-04-16T02:31:08","modified_gmt":"2026-04-15T23:31:08","slug":"dervisler-fakihler-gaziler","status":"publish","type":"product","link":"https:\/\/roveyayinevi.com.tr\/index.php\/urun\/dervisler-fakihler-gaziler\/","title":{"rendered":"Dervi\u015fler, Fakihler, Gaziler"},"content":{"rendered":"<p>\u0130slamiyet sonras\u0131 T\u00fcrk tasavvuf\u00ee hayat\u0131n\u0131n bir devam\u0131 niteli\u011finde olan Osmanl\u0131 suf\u00eeli\u011fi hakk\u0131nda \u00e7al\u0131\u015fmalar\u0131yla tan\u0131nan Ha\u015fim \u015eahin, Dervi\u015fler, Fakihler, Gaziler adl\u0131 kitab\u0131nda T\u00fcrklerin \u0130slam dinini kabul ettikleri d\u00f6nemden itibaren, suf\u00eelerin T\u00fcrk devletleri i\u00e7erisindeki faaliyetlerine, T\u00fcrk h\u00e2kimiyet sahas\u0131nda olu\u015fan suf\u00ee ekollere, T\u00fcrk suf\u00eeli\u011fini etki alt\u0131nda b\u0131rakan \u00f6nemli mutasavv\u0131flara, Sel\u00e7uklu, Anadolu Sel\u00e7uklu ve beylikler d\u00f6neminde merkez\u00ee iktidar ile suf\u00ee \u00e7evre ili\u015fkilerine de\u011finiyor. Osmanl\u0131 Beyli\u011fi\u2019nin kuruldu\u011fu d\u00f6nemde etkili olan T\u00fcrkmen gruplar\u0131n\u0131n muhtemel g\u00f6\u00e7 g\u00fczerg\u00e2h\u0131ndaki co\u011frafyan\u0131n din\u00ee hareketlili\u011fini, suf\u00eelerin ya\u015fant\u0131s\u0131n\u0131, erken y\u00fczy\u0131llardan itibaren bu g\u00fczerg\u00e2hta faaliyet g\u00f6steren mutasavv\u0131flar\u0131n ve suf\u00ee ekollerin varl\u0131\u011f\u0131n\u0131 ara\u015ft\u0131ran \u015eahin, belki de Osmanl\u0131 tarihinin bu en kapal\u0131 d\u00f6neminin derli toplu bir analizini yap\u0131yor.   \u201cT\u00fcrklerin \u0130slam\u2019\u0131 kabul edip benimsemesinde ticar\u00ee ve siyas\u00ee ili\u015fkilerin yan\u0131 s\u0131ra, T\u00fcrk gelene\u011findeki alpl\u0131k motifi ile \u0130slam\u2019daki eren-evliy\u00e2 inanc\u0131 gibi \u0130slam diniyle eski T\u00fcrk dini aras\u0131ndaki benzerlikler ve T\u00fcrk toplumu aras\u0131nda yay\u0131lan Budizm\u2019in de etkisi olmu\u015ftur. Bu etkile\u015fim, M\u00fcsl\u00fcman T\u00fcrklerin kulland\u0131klar\u0131 baz\u0131 kelimelerde yahut baz\u0131 geleneklerinde bariz bir \u015fekilde kendisini g\u00f6stermektedir.\u201d <\/p>\n","protected":false},"excerpt":{"rendered":"<p>\u0130slamiyet sonras\u0131 T\u00fcrk tasavvuf\u00ee hayat\u0131n\u0131n bir devam\u0131 niteli\u011finde olan Osmanl\u0131 suf\u00eeli\u011fi hakk\u0131nda \u00e7al\u0131\u015fmalar\u0131yla tan\u0131nan Ha\u015fim \u015eahin, Dervi\u015fler, Fakihler, Gaziler adl\u0131 kitab\u0131nda T\u00fcrklerin \u0130slam dinini kabul ettikleri<span class=\"excerpt-hellip\"> [\u2026]<\/span><\/p>\n","protected":false},"featured_media":0,"template":"","meta":{"_monsterinsights_skip_tracking":false,"_monsterinsights_sitenote_active":false,"_monsterinsights_sitenote_note":"","_monsterinsights_sitenote_category":0},"product_brand":[],"product_cat":[13517,12304],"product_tag":[],"class_list":{"0":"post-723429","1":"product","2":"type-product","3":"status-publish","5":"product_cat-osmanli-tarihi","6":"product_cat-tarih","7":"pa_cilt-ciltsiz","8":"pa_tur-kitap","9":"pa_yayinevi-yapi-kredi-yayinlari","10":"pa_yazar-hasim-sahin","12":"first","13":"instock","14":"sale","15":"shipping-taxable","16":"purchasable","17":"product-type-simple"},"_links":{"self":[{"href":"https:\/\/roveyayinevi.com.tr\/index.php\/wp-json\/wp\/v2\/product\/723429","targetHints":{"allow":["GET"]}}],"collection":[{"href":"https:\/\/roveyayinevi.com.tr\/index.php\/wp-json\/wp\/v2\/product"}],"about":[{"href":"https:\/\/roveyayinevi.com.tr\/index.php\/wp-json\/wp\/v2\/types\/product"}],"wp:attachment":[{"href":"https:\/\/roveyayinevi.com.tr\/index.php\/wp-json\/wp\/v2\/media?parent=723429"}],"wp:term":[{"taxonomy":"product_brand","embeddable":true,"href":"https:\/\/roveyayinevi.com.tr\/index.php\/wp-json\/wp\/v2\/product_brand?post=723429"},{"taxonomy":"product_cat","embeddable":true,"href":"https:\/\/roveyayinevi.com.tr\/index.php\/wp-json\/wp\/v2\/product_cat?post=723429"},{"taxonomy":"product_tag","embeddable":true,"href":"https:\/\/roveyayinevi.com.tr\/index.php\/wp-json\/wp\/v2\/product_tag?post=723429"}],"curies":[{"name":"wp","href":"https:\/\/api.w.org\/{rel}","templated":true}]}}