{"id":723428,"date":"2025-08-27T19:18:24","date_gmt":"2025-08-27T16:18:24","guid":{"rendered":"https:\/\/roveyayinevi.com.tr\/index.php\/urun\/kadin-mucadelesi-ozgurluk-esitlik-ve-kiz-kardesligin-150-yili\/"},"modified":"2026-04-16T02:31:08","modified_gmt":"2026-04-15T23:31:08","slug":"kadin-mucadelesi-ozgurluk-esitlik-ve-kiz-kardesligin-150-yili","status":"publish","type":"product","link":"https:\/\/roveyayinevi.com.tr\/index.php\/urun\/kadin-mucadelesi-ozgurluk-esitlik-ve-kiz-kardesligin-150-yili\/","title":{"rendered":"Kad\u0131n M\u00fccadelesi-\u00d6zg\u00fcrl\u00fck, E\u015fitlik Ve K\u0131z Karde\u015fli\u011fin 150 Y\u0131l\u0131"},"content":{"rendered":"<p>\u00d6zg\u00fcrl\u00fck. E\u015fitlik. K\u0131z karde\u015flik. Yeter ki sesimiz duyulsun! Kad\u0131n M\u00fccadelesi feminizm tarihini merak edenler i\u00e7in mutlaka okunmas\u0131 gereken bir grafik roman. 150 y\u0131ll\u0131k yak\u0131n tarihe odaklanan Marta Breen d\u00fcnyan\u0131n d\u00f6rt bir yan\u0131nda haklar\u0131 i\u00e7in sava\u015fan kad\u0131nlar\u0131 anlat\u0131yor. Hen\u00fcz d\u00fcnyan\u0131n her yerinde herkes e\u015fit haklara sahip olamasa da ge\u00e7ti\u011fimiz y\u00fcz elli y\u0131l, umutsuzlu\u011fa kap\u0131lmamam\u0131z gerekti\u011finin kan\u0131t\u0131 niteli\u011finde. Marta Breen\u2019in g\u00fc\u00e7l\u00fc kalemiyle bug\u00fcn her bireyin do\u011fal hakk\u0131 oldu\u011funu d\u00fc\u015f\u00fcnd\u00fc\u011f\u00fcm\u00fcz e\u011fitim, \u00e7al\u0131\u015fma, se\u00e7me ve se\u00e7ilme haklar\u0131n\u0131 elde etmenin o kadar da kolay olmad\u0131\u011f\u0131n\u0131 anlatt\u0131\u011f\u0131 Kad\u0131n M\u00fccadelesi -\u00d6zg\u00fcrl\u00fck, E\u015fitlik ve K\u0131z Karde\u015fli\u011fin 150 Y\u0131l\u0131 Jenny Jordahl\u2019\u0131n m\u00fcthi\u015f \u00e7izimleriyle tamamlan\u0131yor. <\/p>\n","protected":false},"excerpt":{"rendered":"<p>\u00d6zg\u00fcrl\u00fck. E\u015fitlik. K\u0131z karde\u015flik. Yeter ki sesimiz duyulsun! Kad\u0131n M\u00fccadelesi feminizm tarihini merak edenler i\u00e7in mutlaka okunmas\u0131 gereken bir grafik roman. 150 y\u0131ll\u0131k yak\u0131n tarihe odaklanan<span class=\"excerpt-hellip\"> [\u2026]<\/span><\/p>\n","protected":false},"featured_media":0,"template":"","meta":{"_monsterinsights_skip_tracking":false,"_monsterinsights_sitenote_active":false,"_monsterinsights_sitenote_note":"","_monsterinsights_sitenote_category":0},"product_brand":[],"product_cat":[12416,12291],"product_tag":[],"class_list":{"0":"post-723428","1":"product","2":"type-product","3":"status-publish","5":"product_cat-cizgi-roman","6":"product_cat-edebiyat","7":"pa_cilt-ciltsiz","8":"pa_tur-kitap","9":"pa_yayinevi-yapi-kredi-yayinlari","10":"pa_yazar-marta-breen","12":"first","13":"instock","14":"sale","15":"shipping-taxable","16":"purchasable","17":"product-type-simple"},"_links":{"self":[{"href":"https:\/\/roveyayinevi.com.tr\/index.php\/wp-json\/wp\/v2\/product\/723428","targetHints":{"allow":["GET"]}}],"collection":[{"href":"https:\/\/roveyayinevi.com.tr\/index.php\/wp-json\/wp\/v2\/product"}],"about":[{"href":"https:\/\/roveyayinevi.com.tr\/index.php\/wp-json\/wp\/v2\/types\/product"}],"wp:attachment":[{"href":"https:\/\/roveyayinevi.com.tr\/index.php\/wp-json\/wp\/v2\/media?parent=723428"}],"wp:term":[{"taxonomy":"product_brand","embeddable":true,"href":"https:\/\/roveyayinevi.com.tr\/index.php\/wp-json\/wp\/v2\/product_brand?post=723428"},{"taxonomy":"product_cat","embeddable":true,"href":"https:\/\/roveyayinevi.com.tr\/index.php\/wp-json\/wp\/v2\/product_cat?post=723428"},{"taxonomy":"product_tag","embeddable":true,"href":"https:\/\/roveyayinevi.com.tr\/index.php\/wp-json\/wp\/v2\/product_tag?post=723428"}],"curies":[{"name":"wp","href":"https:\/\/api.w.org\/{rel}","templated":true}]}}