{"id":723427,"date":"2025-08-27T19:18:23","date_gmt":"2025-08-27T16:18:23","guid":{"rendered":"https:\/\/roveyayinevi.com.tr\/index.php\/urun\/hayal-otel\/"},"modified":"2026-04-16T02:31:08","modified_gmt":"2026-04-15T23:31:08","slug":"hayal-otel","status":"publish","type":"product","link":"https:\/\/roveyayinevi.com.tr\/index.php\/urun\/hayal-otel\/","title":{"rendered":"Hayal Otel"},"content":{"rendered":"<p>Hayal Otel, Feryal ile \u0130smet\u2019in a\u00e7\u0131l\u0131\u015f\u0131n\u0131 yaza yeti\u015ftirmeye \u00e7al\u0131\u015ft\u0131klar\u0131 on iki odal\u0131 bir otel. Otelde her odan\u0131n bir ad\u0131 var: Kakt\u00fcs, Ard\u0131\u00e7, Begonvil, K\u0131z\u0131la\u011fa\u00e7, \u015eim\u015fir, Lavanta, Menek\u015fe, Funda, \u00c7\u0131nar, Limon, Okalipt\u00fcs, Papatya. \u00d6yk\u00fclere de ad\u0131n\u0131 veren bu odalarda, bir g\u00f6n\u00fcl k\u0131r\u0131kl\u0131\u011f\u0131yla i\u00e7ine kapanm\u0131\u015f, varl\u0131klar\u0131 yokluklar\u0131na kar\u0131\u015fm\u0131\u015f, k\u0131y\u0131ya vurmu\u015f insanlar kal\u0131yor. Burada her \u015fey mevsim d\u0131\u015f\u0131, zaman d\u0131\u015f\u0131, toplum d\u0131\u015f\u0131.   Hayal Otel \u2019de B. Nihan Eren, g\u00f6n\u00fclleri kararm\u0131\u015f, umutsuz insanlar\u0131 bekleyen afeti, bir kas\u0131rgay\u0131 umudun simgesine d\u00f6n\u00fc\u015ft\u00fcr\u00fcyor. Bir k\u0131y\u0131 kasabas\u0131n\u0131n d\u0131\u015f\u0131nda, hen\u00fcz tabelas\u0131 bile as\u0131lmam\u0131\u015f bir otelde birikmi\u015f \u00f6fkeyi, k\u00f6t\u00fcl\u00fc\u011f\u00fc, ihaneti d\u00fc\u015fsel bir anlat\u0131mla dile getiriyor.   \u201cUnutu\u015f ve pi\u015fmanl\u0131k. Arabalar devrik, kargalar yenik, hayat bitik. Ad\u0131m atsan \u00f6n\u00fcne \u00e7\u0131kacak k\u00f6pekler ve kediler orada burada \u0131slak, kanl\u0131 ve sert yat\u0131yor. Hani \u00f6lmek gizlenirdi.\u201d <\/p>\n","protected":false},"excerpt":{"rendered":"<p>Hayal Otel, Feryal ile \u0130smet\u2019in a\u00e7\u0131l\u0131\u015f\u0131n\u0131 yaza yeti\u015ftirmeye \u00e7al\u0131\u015ft\u0131klar\u0131 on iki odal\u0131 bir otel. Otelde her odan\u0131n bir ad\u0131 var: Kakt\u00fcs, Ard\u0131\u00e7, Begonvil, K\u0131z\u0131la\u011fa\u00e7, \u015eim\u015fir, Lavanta,<span class=\"excerpt-hellip\"> [\u2026]<\/span><\/p>\n","protected":false},"featured_media":0,"template":"","meta":{"_monsterinsights_skip_tracking":false,"_monsterinsights_sitenote_active":false,"_monsterinsights_sitenote_note":"","_monsterinsights_sitenote_category":0},"product_brand":[],"product_cat":[12291,12711],"product_tag":[],"class_list":{"0":"post-723427","1":"product","2":"type-product","3":"status-publish","5":"product_cat-edebiyat","6":"product_cat-roman-oyku","7":"pa_cilt-ciltsiz","8":"pa_tur-kitap","9":"pa_yayinevi-yapi-kredi-yayinlari","10":"pa_yazar-b-nihan-eren","12":"first","13":"instock","14":"sale","15":"shipping-taxable","16":"purchasable","17":"product-type-simple"},"_links":{"self":[{"href":"https:\/\/roveyayinevi.com.tr\/index.php\/wp-json\/wp\/v2\/product\/723427","targetHints":{"allow":["GET"]}}],"collection":[{"href":"https:\/\/roveyayinevi.com.tr\/index.php\/wp-json\/wp\/v2\/product"}],"about":[{"href":"https:\/\/roveyayinevi.com.tr\/index.php\/wp-json\/wp\/v2\/types\/product"}],"wp:attachment":[{"href":"https:\/\/roveyayinevi.com.tr\/index.php\/wp-json\/wp\/v2\/media?parent=723427"}],"wp:term":[{"taxonomy":"product_brand","embeddable":true,"href":"https:\/\/roveyayinevi.com.tr\/index.php\/wp-json\/wp\/v2\/product_brand?post=723427"},{"taxonomy":"product_cat","embeddable":true,"href":"https:\/\/roveyayinevi.com.tr\/index.php\/wp-json\/wp\/v2\/product_cat?post=723427"},{"taxonomy":"product_tag","embeddable":true,"href":"https:\/\/roveyayinevi.com.tr\/index.php\/wp-json\/wp\/v2\/product_tag?post=723427"}],"curies":[{"name":"wp","href":"https:\/\/api.w.org\/{rel}","templated":true}]}}