{"id":723423,"date":"2025-08-27T19:18:20","date_gmt":"2025-08-27T16:18:20","guid":{"rendered":"https:\/\/roveyayinevi.com.tr\/index.php\/urun\/bugun-2-kg-ver\/"},"modified":"2026-04-16T02:31:08","modified_gmt":"2026-04-15T23:31:08","slug":"bugun-2-kg-ver","status":"publish","type":"product","link":"https:\/\/roveyayinevi.com.tr\/index.php\/urun\/bugun-2-kg-ver\/","title":{"rendered":"Bug\u00fcn 2 Kg Ver"},"content":{"rendered":"<p>Bir yerden ba\u015flamak istiyorsun ama nereden bilemiyorsun. Hedefin belki son 4-5 kg veya daha fazlas\u0131n\u0131 vermek. Kilo vermeyi istiyorsun ama upuzun diyetler, detokslar g\u00f6z\u00fcn\u00fc korkutuyor, \u00fcstelik d\u00fczenli spor yapan biri de de\u011filsin. \u015e\u00f6yle 1 g\u00fcnde \u00e7ok zorlanmadan 2 kilo versen hem devam etmek i\u00e7in motivasyonun artacak hem de kendine inanacaks\u0131n. Veya kilo vermen durdu, ne yapsan 100 gram bile gitmiyor, tart\u0131da gram oynam\u0131yor. E\u011fer durumun tam b\u00f6yleyse i\u015fte bu kitap tam sana g\u00f6re demektir.<\/p>\n","protected":false},"excerpt":{"rendered":"<p>Bir yerden ba\u015flamak istiyorsun ama nereden bilemiyorsun. Hedefin belki son 4-5 kg veya daha fazlas\u0131n\u0131 vermek. Kilo vermeyi istiyorsun ama upuzun diyetler, detokslar g\u00f6z\u00fcn\u00fc korkutuyor, \u00fcstelik<span class=\"excerpt-hellip\"> [\u2026]<\/span><\/p>\n","protected":false},"featured_media":0,"template":"","meta":{"_monsterinsights_skip_tracking":false,"_monsterinsights_sitenote_active":false,"_monsterinsights_sitenote_note":"","_monsterinsights_sitenote_category":0},"product_brand":[],"product_cat":[13402,13365],"product_tag":[],"class_list":{"0":"post-723423","1":"product","2":"type-product","3":"status-publish","5":"product_cat-beslenme-ve-diyet","6":"product_cat-saglik","7":"pa_cilt-ciltsiz","8":"pa_tur-kitap","9":"pa_yayinevi-alfa-yayinlari","10":"pa_yazar-umay-villa","12":"first","13":"instock","14":"sale","15":"shipping-taxable","16":"purchasable","17":"product-type-simple"},"_links":{"self":[{"href":"https:\/\/roveyayinevi.com.tr\/index.php\/wp-json\/wp\/v2\/product\/723423","targetHints":{"allow":["GET"]}}],"collection":[{"href":"https:\/\/roveyayinevi.com.tr\/index.php\/wp-json\/wp\/v2\/product"}],"about":[{"href":"https:\/\/roveyayinevi.com.tr\/index.php\/wp-json\/wp\/v2\/types\/product"}],"wp:attachment":[{"href":"https:\/\/roveyayinevi.com.tr\/index.php\/wp-json\/wp\/v2\/media?parent=723423"}],"wp:term":[{"taxonomy":"product_brand","embeddable":true,"href":"https:\/\/roveyayinevi.com.tr\/index.php\/wp-json\/wp\/v2\/product_brand?post=723423"},{"taxonomy":"product_cat","embeddable":true,"href":"https:\/\/roveyayinevi.com.tr\/index.php\/wp-json\/wp\/v2\/product_cat?post=723423"},{"taxonomy":"product_tag","embeddable":true,"href":"https:\/\/roveyayinevi.com.tr\/index.php\/wp-json\/wp\/v2\/product_tag?post=723423"}],"curies":[{"name":"wp","href":"https:\/\/api.w.org\/{rel}","templated":true}]}}