{"id":723420,"date":"2025-08-27T19:18:18","date_gmt":"2025-08-27T16:18:18","guid":{"rendered":"https:\/\/roveyayinevi.com.tr\/index.php\/urun\/ay-ayimizin-bilimi-ve-hikayeleri-ciltli\/"},"modified":"2026-04-16T02:31:08","modified_gmt":"2026-04-15T23:31:08","slug":"ay-ayimizin-bilimi-ve-hikayeleri-ciltli","status":"publish","type":"product","link":"https:\/\/roveyayinevi.com.tr\/index.php\/urun\/ay-ayimizin-bilimi-ve-hikayeleri-ciltli\/","title":{"rendered":"Ay &#8211; Ay&#8217;\u0131m\u0131z\u0131n Bilimi ve Hikayeleri (Ciltli)"},"content":{"rendered":"<p>Ay bir anda ortadan kaybolsa ne olurdu? Ay efsaneleri nereden ortaya \u00e7\u0131kt\u0131? Ay\u2019\u0131m\u0131z nas\u0131l olu\u015ftu? Gelgitlerden efsanelere, Ay\u2019\u0131n insan ya\u015fam\u0131nda derin etkileri vard\u0131r. Ressam ve yazar David A. Aguilar\u2019a kat\u0131lal\u0131m, bilim, ve k\u00fclt\u00fcr\u00fc, teknoloji ve efsaneleri birbirine ba\u011flayarak D\u00fcnya\u2019n\u0131n tek do\u011fal uydusu hakk\u0131ndaki en b\u00fcy\u00fck sorular\u0131 yan\u0131tlayal\u0131m. Ay\u2019\u0131 daha once hi\u00e7 g\u00f6rmedi\u011finiz bir \u015fekilde g\u00f6r\u00fcn; kraterler, astronotlar, Ay insanlar\u0131 ve daha fazlas\u0131yla!<\/p>\n","protected":false},"excerpt":{"rendered":"<p>Ay bir anda ortadan kaybolsa ne olurdu? Ay efsaneleri nereden ortaya \u00e7\u0131kt\u0131? Ay\u2019\u0131m\u0131z nas\u0131l olu\u015ftu? Gelgitlerden efsanelere, Ay\u2019\u0131n insan ya\u015fam\u0131nda derin etkileri vard\u0131r. Ressam ve yazar<span class=\"excerpt-hellip\"> [\u2026]<\/span><\/p>\n","protected":false},"featured_media":0,"template":"","meta":{"_monsterinsights_skip_tracking":false,"_monsterinsights_sitenote_active":false,"_monsterinsights_sitenote_note":"","_monsterinsights_sitenote_category":0},"product_brand":[],"product_cat":[13829,12274],"product_tag":[],"class_list":{"0":"post-723420","1":"product","2":"type-product","3":"status-publish","5":"product_cat-bilimsel-kitaplar","6":"product_cat-cocuk-ve-genclik-kitaplari","7":"pa_cilt-ciltli","8":"pa_tur-kitap","9":"pa_yayinevi-beta-kids","10":"pa_yazar-david-a-aguilar","12":"first","13":"instock","14":"sale","15":"shipping-taxable","16":"purchasable","17":"product-type-simple"},"_links":{"self":[{"href":"https:\/\/roveyayinevi.com.tr\/index.php\/wp-json\/wp\/v2\/product\/723420","targetHints":{"allow":["GET"]}}],"collection":[{"href":"https:\/\/roveyayinevi.com.tr\/index.php\/wp-json\/wp\/v2\/product"}],"about":[{"href":"https:\/\/roveyayinevi.com.tr\/index.php\/wp-json\/wp\/v2\/types\/product"}],"wp:attachment":[{"href":"https:\/\/roveyayinevi.com.tr\/index.php\/wp-json\/wp\/v2\/media?parent=723420"}],"wp:term":[{"taxonomy":"product_brand","embeddable":true,"href":"https:\/\/roveyayinevi.com.tr\/index.php\/wp-json\/wp\/v2\/product_brand?post=723420"},{"taxonomy":"product_cat","embeddable":true,"href":"https:\/\/roveyayinevi.com.tr\/index.php\/wp-json\/wp\/v2\/product_cat?post=723420"},{"taxonomy":"product_tag","embeddable":true,"href":"https:\/\/roveyayinevi.com.tr\/index.php\/wp-json\/wp\/v2\/product_tag?post=723420"}],"curies":[{"name":"wp","href":"https:\/\/api.w.org\/{rel}","templated":true}]}}