{"id":723410,"date":"2025-08-27T19:18:10","date_gmt":"2025-08-27T16:18:10","guid":{"rendered":"https:\/\/roveyayinevi.com.tr\/index.php\/urun\/katilbot-gunlukleri-4-cikis-stratejisi\/"},"modified":"2026-04-16T02:31:08","modified_gmt":"2026-04-15T23:31:08","slug":"katilbot-gunlukleri-4-cikis-stratejisi","status":"publish","type":"product","link":"https:\/\/roveyayinevi.com.tr\/index.php\/urun\/katilbot-gunlukleri-4-cikis-stratejisi\/","title":{"rendered":"Katilbot G\u00fcnl\u00fckleri 4 &#8211; \u00c7\u0131k\u0131\u015f Stratejisi"},"content":{"rendered":"<p>Katilbot\u2019un T\u00fcm Sistemler \u00c7\u00f6kt\u00fc ile ba\u015flayan maceras\u0131 sona eriyor!Katilbot umursamaya programlanmam\u0131\u015ft\u0131; \u00f6yleyse bug\u00fcne dek ona de\u011fer vermi\u015f tek insana yard\u0131m etmeye karar vermesi, kodunda bir hata olmas\u0131 d\u0131\u015f\u0131nda ba\u015fka nas\u0131l a\u00e7\u0131klanabilir ki?Kendi kanl\u0131 ge\u00e7mi\u015finin s\u0131rlar\u0131n\u0131 g\u00fcn y\u00fcz\u00fcne \u00e7\u0131karmak i\u00e7in galaksiyi boydan boya kateden Katilbot, ayn\u0131 zamanda GrayCris hakk\u0131ndaki korkun\u00e7 ger\u00e7ekleri de \u00f6\u011frenmi\u015fti. \u015eimdiyse, GrayCris\u2019in daha fazla can almas\u0131n\u0131 engellemek i\u00e7in \u00e7abalayan Dr. Mensah\u2019a yard\u0131m etmek i\u00e7in geri d\u00f6n\u00fcyor.Ancak ka\u00e7ak bir robota kim inan\u0131r ki?<\/p>\n","protected":false},"excerpt":{"rendered":"<p>Katilbot\u2019un T\u00fcm Sistemler \u00c7\u00f6kt\u00fc ile ba\u015flayan maceras\u0131 sona eriyor!Katilbot umursamaya programlanmam\u0131\u015ft\u0131; \u00f6yleyse bug\u00fcne dek ona de\u011fer vermi\u015f tek insana yard\u0131m etmeye karar vermesi, kodunda bir hata<span class=\"excerpt-hellip\"> [\u2026]<\/span><\/p>\n","protected":false},"featured_media":0,"template":"","meta":{"_monsterinsights_skip_tracking":false,"_monsterinsights_sitenote_active":false,"_monsterinsights_sitenote_note":"","_monsterinsights_sitenote_category":0},"product_brand":[],"product_cat":[12540,12291],"product_tag":[],"class_list":{"0":"post-723410","1":"product","2":"type-product","3":"status-publish","5":"product_cat-bilim-kurgu","6":"product_cat-edebiyat","7":"pa_cilt-ciltsiz","8":"pa_tur-kitap","9":"pa_yayinevi-ithaki-yayinlari","10":"pa_yazar-martha-wells","12":"first","13":"instock","14":"sale","15":"shipping-taxable","16":"purchasable","17":"product-type-simple"},"_links":{"self":[{"href":"https:\/\/roveyayinevi.com.tr\/index.php\/wp-json\/wp\/v2\/product\/723410","targetHints":{"allow":["GET"]}}],"collection":[{"href":"https:\/\/roveyayinevi.com.tr\/index.php\/wp-json\/wp\/v2\/product"}],"about":[{"href":"https:\/\/roveyayinevi.com.tr\/index.php\/wp-json\/wp\/v2\/types\/product"}],"wp:attachment":[{"href":"https:\/\/roveyayinevi.com.tr\/index.php\/wp-json\/wp\/v2\/media?parent=723410"}],"wp:term":[{"taxonomy":"product_brand","embeddable":true,"href":"https:\/\/roveyayinevi.com.tr\/index.php\/wp-json\/wp\/v2\/product_brand?post=723410"},{"taxonomy":"product_cat","embeddable":true,"href":"https:\/\/roveyayinevi.com.tr\/index.php\/wp-json\/wp\/v2\/product_cat?post=723410"},{"taxonomy":"product_tag","embeddable":true,"href":"https:\/\/roveyayinevi.com.tr\/index.php\/wp-json\/wp\/v2\/product_tag?post=723410"}],"curies":[{"name":"wp","href":"https:\/\/api.w.org\/{rel}","templated":true}]}}