{"id":723403,"date":"2025-08-27T19:18:04","date_gmt":"2025-08-27T16:18:04","guid":{"rendered":"https:\/\/roveyayinevi.com.tr\/index.php\/urun\/yenilik-ekonomisi\/"},"modified":"2026-04-16T02:31:08","modified_gmt":"2026-04-15T23:31:08","slug":"yenilik-ekonomisi","status":"publish","type":"product","link":"https:\/\/roveyayinevi.com.tr\/index.php\/urun\/yenilik-ekonomisi\/","title":{"rendered":"Yenilik Ekonomisi"},"content":{"rendered":"<p>Teknoloji ve teknolojik geli\u015fmeler \u00fcretimden b\u00f6l\u00fc\u015f\u00fcme, b\u00f6l\u00fc\u015f\u00fcmden t\u00fcketime, kalk\u0131nma ve b\u00fcy\u00fcmeden d\u0131\u015f ticarete ekonomik hayat\u0131n t\u00fcm\u00fcn\u00fc etkisi alt\u0131na alacak g\u00fc\u00e7tedir. Ancak teknoloji, her \u015feyden \u00f6nce, \u00fcretim s\u00fcrecinin i\u00e7indedir ve \u00fcretimin yap\u0131ld\u0131\u011f\u0131 yer, yani i\u015fletme d\u00fczeyiyle yak\u0131ndan ili\u015fkilidir. Teknolojinin bu \u00f6zelli\u011finden \u00f6t\u00fcr\u00fc kitap iki ana kesim olarak tasarlanm\u0131\u015ft\u0131r. \u201cEkonomi Yaz\u0131n\u0131nda Teknoloji\u201d ba\u015fl\u0131\u011f\u0131n\u0131 ta\u015f\u0131yan birinci kesim, teknolojik geli\u015fmelerin makroekonomik etkilerini \u00f6zetlemekte, \u201cYenilik Ekonomisi\u201d ba\u015fl\u0131kl\u0131 ikinci kesim, teknolojinin firma d\u00fczeyinde ba\u015flay\u0131p uluslararas\u0131 boyutlara varan geli\u015fimini anlatmaktad\u0131r. \u0130kinci Kesimin son b\u00f6l\u00fcm\u00fc bili\u015fim teknolojisini konu edinmekte olup bili\u015fim teknolojisinin olas\u0131 sosyo-ekonomik etkileri \u00fczerinde durmaktad\u0131r.Teknolojik bulu\u015f veya yenilik, ister \u00e7ok \u00f6nemsiz ister devrim niteli\u011finde olsun, zihinlerde yeni bir fikirle ba\u015flar. Yeni fikirler ancak uygun bir ortam buldu\u011funda ye\u015ferir. Y\u0131llar\u0131n bilgi birikimi, deneyim ve nitelikli bir e\u011fitimle birlikte serpilir, \u00e7o\u011fal\u0131r. \u00c7a\u011f\u0131m\u0131z, bili\u015fim teknolojilerinin sundu\u011fu bilgi \u00e7oklu\u011fu \u00e7a\u011f\u0131d\u0131r. Bilgi \u00e7oklu\u011fu i\u00e7inde bo\u011fulmadan bilgiyi kullanabilme ve y\u00f6nlendirebilme becerisini g\u00f6sterebilecek insan g\u00fcc\u00fcne gereksinim vard\u0131r. Bu gereksinimi kar\u015f\u0131lamak \u00fczere yapay zek\u00e2lar da \u00fcretilmektedir. \u0130nsanlar, yak\u0131n bir gelecekte, i\u015fsizli\u011fin \u00f6tesinde, i\u015flevsiz olma riskiyle kar\u015f\u0131 kar\u015f\u0131ya kalabilir. \u0130nsan, ancak genlerinde var olan merak ve yarat\u0131c\u0131l\u0131k tutkusuyla, bu tutkuyu makinelere kapt\u0131rmad\u0131\u011f\u0131 s\u00fcrece, i\u015fe yaramay\u0131 s\u00fcrd\u00fcrecektir. Yeter ki do\u011fal zekam\u0131z\u0131 kolayc\u0131l\u0131k, tutuculuk ve bo\u015f inan\u00e7larla k\u00f6reltmeyelim.<\/p>\n","protected":false},"excerpt":{"rendered":"<p>Teknoloji ve teknolojik geli\u015fmeler \u00fcretimden b\u00f6l\u00fc\u015f\u00fcme, b\u00f6l\u00fc\u015f\u00fcmden t\u00fcketime, kalk\u0131nma ve b\u00fcy\u00fcmeden d\u0131\u015f ticarete ekonomik hayat\u0131n t\u00fcm\u00fcn\u00fc etkisi alt\u0131na alacak g\u00fc\u00e7tedir. Ancak teknoloji, her \u015feyden \u00f6nce, \u00fcretim<span class=\"excerpt-hellip\"> [\u2026]<\/span><\/p>\n","protected":false},"featured_media":0,"template":"","meta":{"_monsterinsights_skip_tracking":false,"_monsterinsights_sitenote_active":false,"_monsterinsights_sitenote_note":"","_monsterinsights_sitenote_category":0},"product_brand":[],"product_cat":[20333,13043],"product_tag":[],"class_list":{"0":"post-723403","1":"product","2":"type-product","3":"status-publish","5":"product_cat-diger-ekonomi","6":"product_cat-ekonomi","7":"pa_cilt-ciltsiz","8":"pa_tur-kitap","9":"pa_yayinevi-efil-yayinevi","10":"pa_yazar-siir-erkok-yilmaz","12":"first","13":"instock","14":"sale","15":"shipping-taxable","16":"purchasable","17":"product-type-simple"},"_links":{"self":[{"href":"https:\/\/roveyayinevi.com.tr\/index.php\/wp-json\/wp\/v2\/product\/723403","targetHints":{"allow":["GET"]}}],"collection":[{"href":"https:\/\/roveyayinevi.com.tr\/index.php\/wp-json\/wp\/v2\/product"}],"about":[{"href":"https:\/\/roveyayinevi.com.tr\/index.php\/wp-json\/wp\/v2\/types\/product"}],"wp:attachment":[{"href":"https:\/\/roveyayinevi.com.tr\/index.php\/wp-json\/wp\/v2\/media?parent=723403"}],"wp:term":[{"taxonomy":"product_brand","embeddable":true,"href":"https:\/\/roveyayinevi.com.tr\/index.php\/wp-json\/wp\/v2\/product_brand?post=723403"},{"taxonomy":"product_cat","embeddable":true,"href":"https:\/\/roveyayinevi.com.tr\/index.php\/wp-json\/wp\/v2\/product_cat?post=723403"},{"taxonomy":"product_tag","embeddable":true,"href":"https:\/\/roveyayinevi.com.tr\/index.php\/wp-json\/wp\/v2\/product_tag?post=723403"}],"curies":[{"name":"wp","href":"https:\/\/api.w.org\/{rel}","templated":true}]}}