{"id":723395,"date":"2025-08-27T19:17:58","date_gmt":"2025-08-27T16:17:58","guid":{"rendered":"https:\/\/roveyayinevi.com.tr\/index.php\/urun\/dunyanin-incisi-endulus\/"},"modified":"2026-04-16T02:31:07","modified_gmt":"2026-04-15T23:31:07","slug":"dunyanin-incisi-endulus","status":"publish","type":"product","link":"https:\/\/roveyayinevi.com.tr\/index.php\/urun\/dunyanin-incisi-endulus\/","title":{"rendered":"D\u00fcnyan\u0131n \u0130ncisi &#8211; End\u00fcl\u00fcs"},"content":{"rendered":"<p>\u0130SLAM MEDEN\u0130YET\u0130N\u0130N ALTIN \u00c7A\u011eI Bir zamanlar \u0130spanya topraklar\u0131nda \u00fc\u00e7 semavi dinin mensuplar\u0131n\u0131n, M\u00fcsl\u00fcmanlar\u0131n \u00f6nderli\u011finde nas\u0131l bir arada bar\u0131\u015f ve refah i\u00e7erisinde ya\u015fayabildiklerinin \u00e7arp\u0131c\u0131 hik\u00e2yesine tan\u0131k olun. Hik\u00e2ye, M\u00fcsl\u00fcman bir hanedan\u0131n son v\u00e2risi, s\u00fcrg\u00fcndeki gen\u00e7 Prens\u2019in \u0130ber Yar\u0131madas\u0131\u2019nda yeni bir krall\u0131k olan End\u00fcl\u00fcs\u2019\u00fc kurmas\u0131yla ba\u015fl\u0131yor. End\u00fcl\u00fcs ve devam\u0131ndaki hanedanl\u0131klar; M\u00fcsl\u00fcman, Yahudi ve H\u0131ristiyan k\u00fclt\u00fcrlerinin sahip oldu\u011fu birikimlerin en iyi y\u00f6nlerini harmanlayarak ayinsel Latincenin ortadan kalkmas\u0131 ve din d\u0131\u015f\u0131 \u015fiirin yay\u0131lmas\u0131ndan mimarideki ola\u011fan\u00fcst\u00fc ba\u015far\u0131lara kadar pek \u00e7ok konuda b\u00fct\u00fcn Avrupa\u2019y\u0131 hat\u0131r\u0131 say\u0131l\u0131r \u00f6l\u00e7\u00fcde etkiledi. End\u00fcl\u00fcs Krall\u0131klar\u0131n\u0131n \u015f\u00f6hreti, H\u0131ristiyan h\u00fck\u00fcmdarlar\u0131n \u0130spanya\u2019da Katolik mezhebine mensup olmayanlar\u0131 zorla dinlerinden d\u00f6nd\u00fcrd\u00fckleri, infaz ettikleri ya da s\u00fcrg\u00fcne g\u00f6nderdikleri R\u00f6nesans devrine kadar s\u00fcrd\u00fc. \u00d6zenle haz\u0131rlanm\u0131\u015f bu kitapta miras\u0131n\u0131 devrald\u0131\u011f\u0131m\u0131z yitik tarihi yeniden ke\u015ffedebilirsiniz. <\/p>\n","protected":false},"excerpt":{"rendered":"<p>\u0130SLAM MEDEN\u0130YET\u0130N\u0130N ALTIN \u00c7A\u011eI Bir zamanlar \u0130spanya topraklar\u0131nda \u00fc\u00e7 semavi dinin mensuplar\u0131n\u0131n, M\u00fcsl\u00fcmanlar\u0131n \u00f6nderli\u011finde nas\u0131l bir arada bar\u0131\u015f ve refah i\u00e7erisinde ya\u015fayabildiklerinin \u00e7arp\u0131c\u0131 hik\u00e2yesine tan\u0131k olun.<span class=\"excerpt-hellip\"> [\u2026]<\/span><\/p>\n","protected":false},"featured_media":0,"template":"","meta":{"_monsterinsights_skip_tracking":false,"_monsterinsights_sitenote_active":false,"_monsterinsights_sitenote_note":"","_monsterinsights_sitenote_category":0},"product_brand":[],"product_cat":[12305,12304],"product_tag":[],"class_list":{"0":"post-723395","1":"product","2":"type-product","3":"status-publish","5":"product_cat-dunya-tarihi","6":"product_cat-tarih","7":"pa_cilt-ciltsiz","8":"pa_tur-kitap","9":"pa_yayinevi-ketebe-yayinlari","10":"pa_yazar-maria-rosa-menocal","12":"first","13":"instock","14":"sale","15":"shipping-taxable","16":"purchasable","17":"product-type-simple"},"_links":{"self":[{"href":"https:\/\/roveyayinevi.com.tr\/index.php\/wp-json\/wp\/v2\/product\/723395","targetHints":{"allow":["GET"]}}],"collection":[{"href":"https:\/\/roveyayinevi.com.tr\/index.php\/wp-json\/wp\/v2\/product"}],"about":[{"href":"https:\/\/roveyayinevi.com.tr\/index.php\/wp-json\/wp\/v2\/types\/product"}],"wp:attachment":[{"href":"https:\/\/roveyayinevi.com.tr\/index.php\/wp-json\/wp\/v2\/media?parent=723395"}],"wp:term":[{"taxonomy":"product_brand","embeddable":true,"href":"https:\/\/roveyayinevi.com.tr\/index.php\/wp-json\/wp\/v2\/product_brand?post=723395"},{"taxonomy":"product_cat","embeddable":true,"href":"https:\/\/roveyayinevi.com.tr\/index.php\/wp-json\/wp\/v2\/product_cat?post=723395"},{"taxonomy":"product_tag","embeddable":true,"href":"https:\/\/roveyayinevi.com.tr\/index.php\/wp-json\/wp\/v2\/product_tag?post=723395"}],"curies":[{"name":"wp","href":"https:\/\/api.w.org\/{rel}","templated":true}]}}