{"id":723394,"date":"2025-08-27T19:17:57","date_gmt":"2025-08-27T16:17:57","guid":{"rendered":"https:\/\/roveyayinevi.com.tr\/index.php\/urun\/gezgin-dervisin-kamburu\/"},"modified":"2026-04-16T02:31:07","modified_gmt":"2026-04-15T23:31:07","slug":"gezgin-dervisin-kamburu","status":"publish","type":"product","link":"https:\/\/roveyayinevi.com.tr\/index.php\/urun\/gezgin-dervisin-kamburu\/","title":{"rendered":"Gezgin Dervi\u015fin Kamburu"},"content":{"rendered":"<p>Bir dervi\u015f 12. y\u00fczy\u0131lda Afganistan\u2019dan yola \u00e7\u0131ksa y\u00fcr\u00fcye y\u00fcr\u00fcye ka\u00e7\u0131nc\u0131 y\u00fczy\u0131la var\u0131r? Kalbinde bir insan\u0131n k\u00fc\u00e7\u00fck sevdas\u0131, mutlak hakikatin b\u00fcy\u00fck a\u015fk\u0131yla ka\u00e7 d\u00fcnya y\u00fcr\u00fcyebilir? \u0130bakorkmaz\u2019\u0131n Ebu D\u00fcrr\u2019\u00fc, g\u00f6nl\u00fcnde o Hintli dilberin kara g\u00f6zleriyle ve akl\u0131nda zor sorularla bin y\u0131la yak\u0131n zaman gezdikten sonra yazar\u0131n birka\u00e7 ayr\u0131nt\u0131yla kurdu\u011fu Fak\u0131zade\u2019yi buldu. Fak\u0131zade de Ebu D\u00fcrr\u2019\u00fc ve onun \u00fcst\u00fcne yazd\u0131\u011f\u0131 eseri \u0130bakorkmaz\u2019\u0131n kaleminin ucuna getirdi. Gezginin sesi nereden nereye, hangi \u00e7a\u011fdan hangi \u00e7a\u011fa ula\u015f\u0131yor? Peki zaman, \u00e7a\u011f denebilecek par\u00e7alara b\u00f6l\u00fcnebilir mi? Peki bir yazar as\u0131rlar \u00f6ncesinden gelen sesleri duyabiliyorsa zaman diye bir \u015fey var m\u0131d\u0131r? \u00d6yleyse dinle! Senin \u201c\u015fimdi\u201d dedi\u011fin zaman\u0131 ben \u015fimdi ya\u015f\u0131yorum. Demek ki senin \u015fu an\u0131nla, benim \u015fu an\u0131m aras\u0131nda bir fark oldu\u011funu iddia etmen zor. Anlar aras\u0131ndaki fark\u0131n ortadan kalkt\u0131\u011f\u0131 an, yaln\u0131zca \u015fu and\u0131r demek ki. Oysa biz \u015fu an\u0131 ya\u015fay\u0131ncaya kadar farkl\u0131 zamanlarda ya\u015fad\u0131\u011f\u0131m\u0131z\u0131 san\u0131yorduk. Ama bak, tarih dedi\u011fimiz \u015fey de avu\u00e7lar\u0131m\u0131z\u0131n aras\u0131ndan, bu sat\u0131rlar\u0131n aras\u0131ndan ve zihnimizden eriyip gidiverdi. Mesela benim \u015fu an \u00f6l\u00fc olmam neyi de\u011fi\u015ftirir? D\u00fcped\u00fcz sohbet ediyoruz seninle. Ben s\u00f6yl\u00fcyorum ve sen dinliyorsun. \u00dcstelik senin \u201c\u015fu an\u201d dedi\u011fin anda&#8230; <\/p>\n","protected":false},"excerpt":{"rendered":"<p>Bir dervi\u015f 12. y\u00fczy\u0131lda Afganistan\u2019dan yola \u00e7\u0131ksa y\u00fcr\u00fcye y\u00fcr\u00fcye ka\u00e7\u0131nc\u0131 y\u00fczy\u0131la var\u0131r? Kalbinde bir insan\u0131n k\u00fc\u00e7\u00fck sevdas\u0131, mutlak hakikatin b\u00fcy\u00fck a\u015fk\u0131yla ka\u00e7 d\u00fcnya y\u00fcr\u00fcyebilir? \u0130bakorkmaz\u2019\u0131n Ebu<span class=\"excerpt-hellip\"> [\u2026]<\/span><\/p>\n","protected":false},"featured_media":0,"template":"","meta":{"_monsterinsights_skip_tracking":false,"_monsterinsights_sitenote_active":false,"_monsterinsights_sitenote_note":"","_monsterinsights_sitenote_category":0},"product_brand":[],"product_cat":[12291,12711],"product_tag":[],"class_list":{"0":"post-723394","1":"product","2":"type-product","3":"status-publish","5":"product_cat-edebiyat","6":"product_cat-roman-oyku","7":"pa_cilt-ciltsiz","8":"pa_tur-kitap","9":"pa_yayinevi-ketebe-yayinlari","10":"pa_yazar-mustafa-ibakorkmaz","12":"first","13":"instock","14":"sale","15":"shipping-taxable","16":"purchasable","17":"product-type-simple"},"_links":{"self":[{"href":"https:\/\/roveyayinevi.com.tr\/index.php\/wp-json\/wp\/v2\/product\/723394","targetHints":{"allow":["GET"]}}],"collection":[{"href":"https:\/\/roveyayinevi.com.tr\/index.php\/wp-json\/wp\/v2\/product"}],"about":[{"href":"https:\/\/roveyayinevi.com.tr\/index.php\/wp-json\/wp\/v2\/types\/product"}],"wp:attachment":[{"href":"https:\/\/roveyayinevi.com.tr\/index.php\/wp-json\/wp\/v2\/media?parent=723394"}],"wp:term":[{"taxonomy":"product_brand","embeddable":true,"href":"https:\/\/roveyayinevi.com.tr\/index.php\/wp-json\/wp\/v2\/product_brand?post=723394"},{"taxonomy":"product_cat","embeddable":true,"href":"https:\/\/roveyayinevi.com.tr\/index.php\/wp-json\/wp\/v2\/product_cat?post=723394"},{"taxonomy":"product_tag","embeddable":true,"href":"https:\/\/roveyayinevi.com.tr\/index.php\/wp-json\/wp\/v2\/product_tag?post=723394"}],"curies":[{"name":"wp","href":"https:\/\/api.w.org\/{rel}","templated":true}]}}