{"id":723388,"date":"2025-08-27T19:17:53","date_gmt":"2025-08-27T16:17:53","guid":{"rendered":"https:\/\/roveyayinevi.com.tr\/index.php\/urun\/sasirtmanin-felsefesi\/"},"modified":"2026-04-16T02:31:07","modified_gmt":"2026-04-15T23:31:07","slug":"sasirtmanin-felsefesi","status":"publish","type":"product","link":"https:\/\/roveyayinevi.com.tr\/index.php\/urun\/sasirtmanin-felsefesi\/","title":{"rendered":"\u015ea\u015f\u0131rtman\u0131n Felsefesi"},"content":{"rendered":"<p>\u015ea\u015f\u0131rtman\u0131n Felsefesi, hem edebi kurguda hem de pop\u00fcler edebiyatta s\u00fcrpriz sonlar\u0131n ne kadar yayg\u0131n oldu\u011funu ve bizi \u015fa\u015f\u0131rtmak i\u00e7in zihinsel s\u0131n\u0131rlar\u0131m\u0131z\u0131 nas\u0131l kulland\u0131klar\u0131n\u0131 g\u00f6stererek iki yayg\u0131n inanc\u0131 ala\u015fa\u011f\u0131 ediyor: \u0130lki, bili\u015fsel bilimin \u00f6nyarg\u0131lar\u0131 bir t\u00fcr ahlaki zay\u0131fl\u0131k ve ba\u015far\u0131s\u0131zl\u0131k olarak g\u00f6rme e\u011filimi; ikincisi ise, baz\u0131 ele\u015ftirmenlerin s\u00fcrpriz sonlar\u0131n sadece s\u0131\u011f bir d\u00fcmen oldu\u011funa dair kan\u0131lar\u0131. Bunlardan ikincisi tamamen yanl\u0131\u015ft\u0131r, ilki de hik\u00e2yenin sadece yar\u0131s\u0131ndan haber vermektedir. Tobin, muhatab\u0131 \u015fa\u015f\u0131rtman\u0131n, insan zihninin sofistike bir \u015fekilde kavranmas\u0131n\u0131 gerektirdi\u011fini ve bunun da karma\u015f\u0131k bir sanat oldu\u011funu bizlere g\u00f6steriyor. Bili\u015fsel bilimdeki son ara\u015ft\u0131rmalar\u0131n yan\u0131 s\u0131ra klasik, pop\u00fcler ve k\u0131y\u0131da k\u00f6\u015fede kalm\u0131\u015f literat\u00fcrden beslenen Tobin, iyi bir \u015fa\u015f\u0131rtmacan\u0131n esas olarak zihinsel s\u0131n\u0131rlar\u0131m\u0131zdan yararland\u0131\u011f\u0131n\u0131 savunuyor. Elinizdeki bu kitap, bili\u015fsel \u00f6nyarg\u0131lar\u0131n, zihinsel k\u0131sayollar\u0131n ve bellekteki tuhafl\u0131klar\u0131n harika yan\u0131lsamalar \u00fcretmek i\u00e7in \u00f6yk\u00fclerle nas\u0131l bir g\u00fc\u00e7 birli\u011fi yapt\u0131\u011f\u0131n\u0131 a\u00e7\u0131kl\u0131yor ve ayr\u0131ca eli kalem tutanlar i\u00e7in ileri d\u00fczey bir yazma k\u0131lavuzu sunuyor. <\/p>\n","protected":false},"excerpt":{"rendered":"<p>\u015ea\u015f\u0131rtman\u0131n Felsefesi, hem edebi kurguda hem de pop\u00fcler edebiyatta s\u00fcrpriz sonlar\u0131n ne kadar yayg\u0131n oldu\u011funu ve bizi \u015fa\u015f\u0131rtmak i\u00e7in zihinsel s\u0131n\u0131rlar\u0131m\u0131z\u0131 nas\u0131l kulland\u0131klar\u0131n\u0131 g\u00f6stererek iki yayg\u0131n<span class=\"excerpt-hellip\"> [\u2026]<\/span><\/p>\n","protected":false},"featured_media":0,"template":"","meta":{"_monsterinsights_skip_tracking":false,"_monsterinsights_sitenote_active":false,"_monsterinsights_sitenote_note":"","_monsterinsights_sitenote_category":0},"product_brand":[],"product_cat":[13072,12291],"product_tag":[],"class_list":{"0":"post-723388","1":"product","2":"type-product","3":"status-publish","5":"product_cat-arastirma-inceleme-referans","6":"product_cat-edebiyat","7":"pa_cilt-ciltsiz","8":"pa_tur-kitap","9":"pa_yayinevi-ketebe-yayinlari","10":"pa_yazar-vera-tobin","12":"first","13":"instock","14":"sale","15":"shipping-taxable","16":"purchasable","17":"product-type-simple"},"_links":{"self":[{"href":"https:\/\/roveyayinevi.com.tr\/index.php\/wp-json\/wp\/v2\/product\/723388","targetHints":{"allow":["GET"]}}],"collection":[{"href":"https:\/\/roveyayinevi.com.tr\/index.php\/wp-json\/wp\/v2\/product"}],"about":[{"href":"https:\/\/roveyayinevi.com.tr\/index.php\/wp-json\/wp\/v2\/types\/product"}],"wp:attachment":[{"href":"https:\/\/roveyayinevi.com.tr\/index.php\/wp-json\/wp\/v2\/media?parent=723388"}],"wp:term":[{"taxonomy":"product_brand","embeddable":true,"href":"https:\/\/roveyayinevi.com.tr\/index.php\/wp-json\/wp\/v2\/product_brand?post=723388"},{"taxonomy":"product_cat","embeddable":true,"href":"https:\/\/roveyayinevi.com.tr\/index.php\/wp-json\/wp\/v2\/product_cat?post=723388"},{"taxonomy":"product_tag","embeddable":true,"href":"https:\/\/roveyayinevi.com.tr\/index.php\/wp-json\/wp\/v2\/product_tag?post=723388"}],"curies":[{"name":"wp","href":"https:\/\/api.w.org\/{rel}","templated":true}]}}