{"id":723384,"date":"2025-08-27T19:17:50","date_gmt":"2025-08-27T16:17:50","guid":{"rendered":"https:\/\/roveyayinevi.com.tr\/index.php\/urun\/bedava-muzik-bir-mucit-bir-patron-ve-bir-hirsiz-muzik-endustrisini-nasil-altust-etti\/"},"modified":"2026-04-16T02:31:07","modified_gmt":"2026-04-15T23:31:07","slug":"bedava-muzik-bir-mucit-bir-patron-ve-bir-hirsiz-muzik-endustrisini-nasil-altust-etti","status":"publish","type":"product","link":"https:\/\/roveyayinevi.com.tr\/index.php\/urun\/bedava-muzik-bir-mucit-bir-patron-ve-bir-hirsiz-muzik-endustrisini-nasil-altust-etti\/","title":{"rendered":"Bedava M\u00fczik &#8211; Bir Mucit, Bir Patron ve Bir H\u0131rs\u0131z M\u00fczik End\u00fcstrisini Nas\u0131l Alt\u00fcst Etti?"},"content":{"rendered":"<p>\u201cWitt nefes kesici bir hik\u00e2ye anlat\u0131yor; ba\u015frolde m\u00fczi\u011fin kodamanlar\u0131, titiz mi titiz Alman biliminsanlar\u0131, korsanlar ve basit h\u0131rs\u0131zlar var&#8230;Bay\u0131ld\u0131m.\u201dColin Greenwood, RadioheadBillboard dergisinin \u201ct\u00fcm zamanlar\u0131n en iyi 100 m\u00fczik kitab\u0131\u201d; Time, Forbes, The Washington Post ve The Financial Times gibi yay\u0131nlar\u0131n y\u0131l\u0131n en iyi kitaplar\u0131 aras\u0131nda g\u00f6sterdi\u011fi Bedava M\u00fczik; tarihin en b\u00fcy\u00fck korsan\u0131, m\u00fczik piyasas\u0131n\u0131n en etkili patronu, devrim yaratan bir ke\u015fif ve devasa bir yasad\u0131\u015f\u0131 m\u00fczik sitesi \u00fczerine nefes kesici bir hik\u00e2ye. MP3\u2019\u00fc icat eden Alman ses m\u00fchendislerinden, on y\u0131l i\u00e7inde iki bin alb\u00fcm s\u0131zd\u0131ran Kuzey Carolina\u2019l\u0131 CD fabrikas\u0131 i\u015f\u00e7isine, plak \u015firketi patronlar\u0131n\u0131n uluslararas\u0131 m\u00fczik piyasas\u0131na y\u00f6n verdi\u011fi Manhattan g\u00f6kdelenlerinden, internetin en kuytu k\u00f6\u015felerine uzanan Bedava M\u00fczik, dijital m\u00fczik korsanl\u0131\u011f\u0131n\u0131n gizli tarihine \u0131\u015f\u0131k tutuyor.<\/p>\n","protected":false},"excerpt":{"rendered":"<p>\u201cWitt nefes kesici bir hik\u00e2ye anlat\u0131yor; ba\u015frolde m\u00fczi\u011fin kodamanlar\u0131, titiz mi titiz Alman biliminsanlar\u0131, korsanlar ve basit h\u0131rs\u0131zlar var&#8230;Bay\u0131ld\u0131m.\u201dColin Greenwood, RadioheadBillboard dergisinin \u201ct\u00fcm zamanlar\u0131n en iyi<span class=\"excerpt-hellip\"> [\u2026]<\/span><\/p>\n","protected":false},"featured_media":0,"template":"","meta":{"_monsterinsights_skip_tracking":false,"_monsterinsights_sitenote_active":false,"_monsterinsights_sitenote_note":"","_monsterinsights_sitenote_category":0},"product_brand":[],"product_cat":[13072,12291],"product_tag":[],"class_list":{"0":"post-723384","1":"product","2":"type-product","3":"status-publish","5":"product_cat-arastirma-inceleme-referans","6":"product_cat-edebiyat","7":"pa_cilt-ciltsiz","8":"pa_tur-kitap","9":"pa_yayinevi-mundi","10":"pa_yazar-stephen-richard-witt","12":"first","13":"instock","14":"sale","15":"shipping-taxable","16":"purchasable","17":"product-type-simple"},"_links":{"self":[{"href":"https:\/\/roveyayinevi.com.tr\/index.php\/wp-json\/wp\/v2\/product\/723384","targetHints":{"allow":["GET"]}}],"collection":[{"href":"https:\/\/roveyayinevi.com.tr\/index.php\/wp-json\/wp\/v2\/product"}],"about":[{"href":"https:\/\/roveyayinevi.com.tr\/index.php\/wp-json\/wp\/v2\/types\/product"}],"wp:attachment":[{"href":"https:\/\/roveyayinevi.com.tr\/index.php\/wp-json\/wp\/v2\/media?parent=723384"}],"wp:term":[{"taxonomy":"product_brand","embeddable":true,"href":"https:\/\/roveyayinevi.com.tr\/index.php\/wp-json\/wp\/v2\/product_brand?post=723384"},{"taxonomy":"product_cat","embeddable":true,"href":"https:\/\/roveyayinevi.com.tr\/index.php\/wp-json\/wp\/v2\/product_cat?post=723384"},{"taxonomy":"product_tag","embeddable":true,"href":"https:\/\/roveyayinevi.com.tr\/index.php\/wp-json\/wp\/v2\/product_tag?post=723384"}],"curies":[{"name":"wp","href":"https:\/\/api.w.org\/{rel}","templated":true}]}}