{"id":723371,"date":"2025-08-27T19:17:41","date_gmt":"2025-08-27T16:17:41","guid":{"rendered":"https:\/\/roveyayinevi.com.tr\/index.php\/urun\/avrupa-birligi-nereden-nerede-nereye\/"},"modified":"2025-09-25T05:55:28","modified_gmt":"2025-09-25T02:55:28","slug":"avrupa-birligi-nereden-nerede-nereye","status":"publish","type":"product","link":"https:\/\/roveyayinevi.com.tr\/index.php\/urun\/avrupa-birligi-nereden-nerede-nereye\/","title":{"rendered":"Avrupa Birli\u011fi Nereden? Nerede? Nereye?"},"content":{"rendered":"<p>Bu El Kitab\u0131 Avrupa Birli\u011fi Konusuyla yeni ilgilenenlere k\u0131sa ve \u00f6z bilgiler vermek \u00fczere bu Alanda yaz\u0131lm\u0131\u015f \u00e7ok de\u011ferli bilimsel derin ve kapsaml\u0131 \u00e7ok say\u0131da eserden ulusal ve uluslararas\u0131 kurulu\u015fun \u00e7\u0131kard\u0131\u011f\u0131 belgeden ve yazar\u0131n d\u0131\u015f ili\u015fkilerdeki ki\u015fisel deneyimlerinden derlenmi\u015ftir.<\/p>\n","protected":false},"excerpt":{"rendered":"<p>Bu El Kitab\u0131 Avrupa Birli\u011fi Konusuyla yeni ilgilenenlere k\u0131sa ve \u00f6z bilgiler vermek \u00fczere bu Alanda yaz\u0131lm\u0131\u015f \u00e7ok de\u011ferli bilimsel derin ve kapsaml\u0131 \u00e7ok say\u0131da eserden<span class=\"excerpt-hellip\"> [\u2026]<\/span><\/p>\n","protected":false},"featured_media":0,"template":"","meta":{"_monsterinsights_skip_tracking":false,"_monsterinsights_sitenote_active":false,"_monsterinsights_sitenote_note":"","_monsterinsights_sitenote_category":0},"product_brand":[],"product_cat":[13590,12337],"product_tag":[],"class_list":{"0":"post-723371","1":"product","2":"type-product","3":"status-publish","5":"product_cat-arastirma-inceleme-politika-siyaset","6":"product_cat-politika-siyaset","7":"pa_cilt-ciltsiz","8":"pa_tur-kitap","9":"pa_yayinevi-baris-kitap","10":"pa_yazar-umut-arik","12":"first","13":"instock","14":"sale","15":"shipping-taxable","16":"purchasable","17":"product-type-simple"},"_links":{"self":[{"href":"https:\/\/roveyayinevi.com.tr\/index.php\/wp-json\/wp\/v2\/product\/723371","targetHints":{"allow":["GET"]}}],"collection":[{"href":"https:\/\/roveyayinevi.com.tr\/index.php\/wp-json\/wp\/v2\/product"}],"about":[{"href":"https:\/\/roveyayinevi.com.tr\/index.php\/wp-json\/wp\/v2\/types\/product"}],"wp:attachment":[{"href":"https:\/\/roveyayinevi.com.tr\/index.php\/wp-json\/wp\/v2\/media?parent=723371"}],"wp:term":[{"taxonomy":"product_brand","embeddable":true,"href":"https:\/\/roveyayinevi.com.tr\/index.php\/wp-json\/wp\/v2\/product_brand?post=723371"},{"taxonomy":"product_cat","embeddable":true,"href":"https:\/\/roveyayinevi.com.tr\/index.php\/wp-json\/wp\/v2\/product_cat?post=723371"},{"taxonomy":"product_tag","embeddable":true,"href":"https:\/\/roveyayinevi.com.tr\/index.php\/wp-json\/wp\/v2\/product_tag?post=723371"}],"curies":[{"name":"wp","href":"https:\/\/api.w.org\/{rel}","templated":true}]}}