{"id":723366,"date":"2025-08-27T19:17:38","date_gmt":"2025-08-27T16:17:38","guid":{"rendered":"https:\/\/roveyayinevi.com.tr\/index.php\/urun\/milli-mecmua-sayi-12-ocak-subat-2020\/"},"modified":"2026-04-16T02:31:07","modified_gmt":"2026-04-15T23:31:07","slug":"milli-mecmua-sayi-12-ocak-subat-2020","status":"publish","type":"product","link":"https:\/\/roveyayinevi.com.tr\/index.php\/urun\/milli-mecmua-sayi-12-ocak-subat-2020\/","title":{"rendered":"Milli Mecmua Say\u0131 12 \/ Ocak &#8211; \u015eubat 2020"},"content":{"rendered":"<p>\u0130\u00c7\u0130NDEK\u0130LER:Erol G\u00fcng\u00f6r (25 Kas\u0131m 1938 \u2013 24 Nisan 1983) \/ G\u00f6kt\u00fcrk \u00d6mer \u00c7ak\u0131rBir Psikolo\u011fun Kaleminden \u201cMeslekta\u015f\u201d Erol G\u00fcng\u00f6r Hakk\u0131nda Akademik Olmayan Bir Makale \/ Misli Baydo\u011fanErol G\u00fcng\u00f6r\u2019e Tan\u0131kl\u0131k: Min\u00f6r Bir Katk\u0131 \/ Hakan PoyrazErol G\u00fcng\u00f6r ve Mill\u00ee Bir Mesele Olarak E\u011fitim \/ Dr. \u0130smail Y\u0131ld\u0131zErol G\u00fcng\u00f6r\u2019\u00fcn D\u00fc\u015f\u00fcnce D\u00fcnyas\u0131nda, T\u00fcrkiye, Ortado\u011fu ve \u0130slam D\u00fcnyas\u0131 \/ Dr. Ali Bilgeno\u011fluErol G\u00fcng\u00f6r\u2019de Halk Anlay\u0131\u015f\u0131 \/ G\u00fcrol PehlivanErol G\u00fcng\u00f6r\u2019\u00fcn Milliyet\u00e7ilik Anlay\u0131\u015f\u0131n\u0131n Neo-Perennialist Kurama G\u00f6re De\u011ferlendirilmesi \/ Mustafa \u015eahinErol G\u00fcng\u00f6r ve Bir Ba\u015fka Milliyet\u00e7ilik Olarak \u00dclk\u00fcc\u00fcl\u00fck \u00dczerine Notlar \/ Mehmet Kaan \u00c7alenErol G\u00fcng\u00f6r\u2019\u00fcn T\u00fcrk\u00e7\u00fcl\u00fc\u011f\u00fc \/ Yasin UstaErol G\u00fcng\u00f6r\u2019de Birlik D\u00fc\u015f\u00fcncesi ve Milliyet\u00e7i \u0130sl\u00e2mc\u0131l\u0131k \/ L\u00fctfi BergenBir Mill\u00ee M\u00fcnevver: Erol G\u00fcng\u00f6r \/ Prof. Dr. Adil \u00c7ift\u00e7iErol G\u00fcng\u00f6r\u2019de K\u00fclt\u00fcr ve Medeniyet \/ \u015eenol DurgunErol G\u00fcng\u00f6r\u2019\u00fcn K\u00fclt\u00fcr ve Medeniyet Anlay\u0131\u015f\u0131 \/ Y\u0131lmaz \u00d6zakp\u0131narErol G\u00fcng\u00f6r: Tarihi, K\u00fclt\u00fcr\u00fc ve Toplumuyla Bar\u0131\u015f\u0131k Bir M\u00fctefekkir \/ Do\u00e7. Dr. \u0130slam CanErol G\u00fcng\u00f6r\u2019\u00fcn Dirili\u015f \u00c7a\u011fr\u0131s\u0131na \u0130\u015ftiraki \/ Hakan Soyda\u015fErol G\u00fcng\u00f6r\u2019\u00fcn G\u00f6z\u00fcnden Din ve Edebiyat \u0130li\u015fkisi \/ Hakan \u0130lteri\u015f KutluDin-Millet Dengesinin Son T\u00fcrk M\u00fctefekkiri: Erol G\u00fcng\u00f6r \/ Ahmet Da\u011fCumhuriyet D\u00f6nemi\u2019nde Milliyet\u00e7i D\u00fc\u015f\u00fcncede Din\u00ee D\u00f6n\u00fc\u015f\u00fcmler: Ziya G\u00f6kalp ve Erol G\u00fcng\u00f6r Ekseninde Bir De\u011ferlendirme \/ Nimet KeskinErol G\u00fcng\u00f6r\u2019de Haf\u0131za ve Gelenek \/ G\u00f6kberk Y\u00fccelErol G\u00fcng\u00f6r\u2019\u00fcn Eski T\u00fcrk Tarihi \u00dczerine G\u00f6r\u00fc\u015fleri \/ Hakan Ni\u015fanc\u0131Erol G\u00fcng\u00f6r\u2019de T\u00fcrkler ve Tarihleri \/ Kemal Ramazan Hayk\u0131ranDini Alanda Tecdit Zorunlulu\u011fumuz ve Erol G\u00fcng\u00f6r\u2019\u00fc Yeniden Anlamak \/ Prof. Dr. \u0130brahim Mara\u015fDin-Devlet \u0130li\u015fkisi ve Hilafet Meselesi -Erol G\u00fcng\u00f6r Merkezli Bir \u0130nceleme- \/ Mevl\u00fct Uyan\u0131kYeni Dedi\u011fimiz \u015eey Eskiye En Son Eklenen \u015eeydir Erol G\u00fcng\u00f6r\u2019\u00fcn Eskiye ve Yeniye Cesur Yakla\u015f\u0131m\u0131 \/ Metin Sava\u015fKlasi\u011fi Modern Okumaya T\u00e2bi K\u0131lman\u0131n \u0130mk\u00e2n\u0131: Erol G\u00fcng\u00f6r D\u00fc\u015f\u00fcncesinde \u201cTasavvuf\u00ee Bilgi\u201d \/ Mehmet Bilal YamakT\u00fcrkiye\u2019de Sosyal Bilimler ve Erol G\u00fcng\u00f6r \/ Fahri AtasoyErol G\u00fcng\u00f6r\u2019\u00fcn Sorular\u0131 ve Sosyal Psikoloji \/ H\u00fclya KorkmazErol G\u00fcng\u00f6r\u2019de \u0130nsan ve De\u011fer \/ Prof. Dr. Levent BayraktarErol G\u00fcng\u00f6r D\u00fc\u015f\u00fcncesinde Ahlak\u0131n Temellendirilmesi ve Sosyal Ahlak \/ Prof. Dr. \u0130hsan \u00c7apc\u0131o\u011fluErol G\u00fcng\u00f6r\u2019e G\u00f6re Modernle\u015fme Yolunda Din Sorunsal\u0131 \/ Selma Bademci D\u00f6nmezErol G\u00fcng\u00f6r\u2019\u00fc Anarken\u2026 (1938-24 Nisan 1983) \/ Erol K\u0131l\u0131n\u00e7<\/p>\n","protected":false},"excerpt":{"rendered":"<p>\u0130\u00c7\u0130NDEK\u0130LER:Erol G\u00fcng\u00f6r (25 Kas\u0131m 1938 \u2013 24 Nisan 1983) \/ G\u00f6kt\u00fcrk \u00d6mer \u00c7ak\u0131rBir Psikolo\u011fun Kaleminden \u201cMeslekta\u015f\u201d Erol G\u00fcng\u00f6r Hakk\u0131nda Akademik Olmayan Bir Makale \/ Misli Baydo\u011fanErol<span class=\"excerpt-hellip\"> [\u2026]<\/span><\/p>\n","protected":false},"featured_media":0,"template":"","meta":{"_monsterinsights_skip_tracking":false,"_monsterinsights_sitenote_active":false,"_monsterinsights_sitenote_note":"","_monsterinsights_sitenote_category":0},"product_brand":[],"product_cat":[13527],"product_tag":[],"class_list":{"0":"post-723366","1":"product","2":"type-product","3":"status-publish","5":"product_cat-sureli-yayinlar","6":"pa_cilt-ciltsiz","7":"pa_tur-dergi","8":"pa_yayinevi-otuken-nesriyat","9":"pa_yazar-kolektif","11":"first","12":"instock","13":"sale","14":"shipping-taxable","15":"purchasable","16":"product-type-simple"},"_links":{"self":[{"href":"https:\/\/roveyayinevi.com.tr\/index.php\/wp-json\/wp\/v2\/product\/723366","targetHints":{"allow":["GET"]}}],"collection":[{"href":"https:\/\/roveyayinevi.com.tr\/index.php\/wp-json\/wp\/v2\/product"}],"about":[{"href":"https:\/\/roveyayinevi.com.tr\/index.php\/wp-json\/wp\/v2\/types\/product"}],"wp:attachment":[{"href":"https:\/\/roveyayinevi.com.tr\/index.php\/wp-json\/wp\/v2\/media?parent=723366"}],"wp:term":[{"taxonomy":"product_brand","embeddable":true,"href":"https:\/\/roveyayinevi.com.tr\/index.php\/wp-json\/wp\/v2\/product_brand?post=723366"},{"taxonomy":"product_cat","embeddable":true,"href":"https:\/\/roveyayinevi.com.tr\/index.php\/wp-json\/wp\/v2\/product_cat?post=723366"},{"taxonomy":"product_tag","embeddable":true,"href":"https:\/\/roveyayinevi.com.tr\/index.php\/wp-json\/wp\/v2\/product_tag?post=723366"}],"curies":[{"name":"wp","href":"https:\/\/api.w.org\/{rel}","templated":true}]}}

Milli Mecmua Sayı 12 / Ocak &#8211; Şubat 2020

<p>İÇİNDEKİLER:Erol Güngör (25 Kasım 1938 – 24 Nisan 1983) / Göktürk Ömer ÇakırBir Psikoloğun Kaleminden “Meslektaş” Erol Güngör Hakkında Akademik Olmayan Bir Makale / Misli BaydoğanErol Güngör’e Tanıklık: Minör Bir Katkı / Hakan PoyrazErol Güngör ve Millî Bir Mesele Olarak Eğitim / Dr. İsmail YıldızErol Güngör’ün Düşünce Dünyasında, Türkiye, Ortadoğu ve İslam Dünyası / Dr. Ali BilgenoğluErol Güngör’de Halk Anlayışı / Gürol PehlivanErol Güngör’ün Milliyetçilik Anlayışının Neo-Perennialist Kurama Göre Değerlendirilmesi / Mustafa ŞahinErol Güngör ve Bir Başka Milliyetçilik Olarak Ülkücülük Üzerine Notlar / Mehmet Kaan ÇalenErol Güngör’ün Türkçülüğü / Yasin UstaErol Güngör’de Birlik Düşüncesi ve Milliyetçi İslâmcılık / Lütfi BergenBir Millî Münevver: Erol Güngör / Prof. Dr. Adil ÇiftçiErol Güngör’de Kültür ve Medeniyet / Şenol DurgunErol Güngör’ün Kültür ve Medeniyet Anlayışı / Yılmaz ÖzakpınarErol Güngör: Tarihi, Kültürü ve Toplumuyla Barışık Bir Mütefekkir / Doç. Dr. İslam CanErol Güngör’ün Diriliş Çağrısına İştiraki / Hakan SoydaşErol Güngör’ün Gözünden Din ve Edebiyat İlişkisi / Hakan İlteriş KutluDin-Millet Dengesinin Son Türk Mütefekkiri: Erol Güngör / Ahmet DağCumhuriyet Dönemi’nde Milliyetçi Düşüncede Dinî Dönüşümler: Ziya Gökalp ve Erol Güngör Ekseninde Bir Değerlendirme / Nimet KeskinErol Güngör’de Hafıza ve Gelenek / Gökberk YücelErol Güngör’ün Eski Türk Tarihi Üzerine Görüşleri / Hakan NişancıErol Güngör’de Türkler ve Tarihleri / Kemal Ramazan HaykıranDini Alanda Tecdit Zorunluluğumuz ve Erol Güngör’ü Yeniden Anlamak / Prof. Dr. İbrahim MaraşDin-Devlet İlişkisi ve Hilafet Meselesi -Erol Güngör Merkezli Bir İnceleme- / Mevlüt UyanıkYeni Dediğimiz Şey Eskiye En Son Eklenen Şeydir Erol Güngör’ün Eskiye ve Yeniye Cesur Yaklaşımı / Metin SavaşKlasiği Modern Okumaya Tâbi Kılmanın İmkânı: Erol Güngör Düşüncesinde “Tasavvufî Bilgi” / Mehmet Bilal YamakTürkiye’de Sosyal Bilimler ve Erol Güngör / Fahri AtasoyErol Güngör’ün Soruları ve Sosyal Psikoloji / Hülya KorkmazErol Güngör’de İnsan ve Değer / Prof. Dr. Levent BayraktarErol Güngör Düşüncesinde Ahlakın Temellendirilmesi ve Sosyal Ahlak / Prof. Dr. İhsan ÇapcıoğluErol Güngör’e Göre Modernleşme Yolunda Din Sorunsalı / Selma Bademci DönmezErol Güngör’ü Anarken… (1938-24 Nisan 1983) / Erol Kılınç</p>

<p>İÇİNDEKİLER:Erol Güngör (25 Kasım 1938 – 24 Nisan 1983) / Göktürk Ömer ÇakırBir Psikoloğun Kaleminden “Meslektaş” Erol Güngör Hakkında Akademik Olmayan Bir Makale / Misli BaydoğanErol<span class="excerpt-hellip"> […]</span></p>
