{"id":723365,"date":"2025-08-27T19:17:38","date_gmt":"2025-08-27T16:17:38","guid":{"rendered":"https:\/\/roveyayinevi.com.tr\/index.php\/urun\/temel-gelir\/"},"modified":"2026-04-16T02:31:07","modified_gmt":"2026-04-15T23:31:07","slug":"temel-gelir","status":"publish","type":"product","link":"https:\/\/roveyayinevi.com.tr\/index.php\/urun\/temel-gelir\/","title":{"rendered":"Temel Gelir"},"content":{"rendered":"<p>Asgari \u00fccretten farkl\u0131 olarak temel gelir, toplumdaki t\u00fcm bireylere devlet taraf\u0131ndan d\u00fczenli olarak \u00f6deme yap\u0131lmas\u0131 fikrine dayan\u0131yor. Otomasyonun artt\u0131\u011f\u0131, i\u015f g\u00fcvencesinin yok oldu\u011fu, kazanc\u0131n d\u00fczensizle\u015fti\u011fi ve yap\u0131lan i\u015ften ba\u011f\u0131ms\u0131zla\u015ft\u0131\u011f\u0131 g\u00fcn\u00fcm\u00fcz toplumunda temel gelir, t\u00fcm bireylerin sa\u011fl\u0131\u011f\u0131, refah\u0131 ve mutlulu\u011fu i\u00e7in son derece \u00f6nemli sonu\u00e7lar bar\u0131nd\u0131r\u0131yor.    D\u00fcnyan\u0131n pek \u00e7ok yerinde temel gelir fikri, siyasi partilerin g\u00fcndemine girdi ve adil refah da\u011f\u0131l\u0131m\u0131 tart\u0131\u015fmalar\u0131n\u0131n merkezine yerle\u015fti. Guy Standing son otuz y\u0131ld\u0131r temel gelir fikrini geli\u015ftirenlerin ba\u015f\u0131nda geliyor. Bu kitap, temel gelir fikrinin ekonomi, yoksulluk, sosyal adalet, i\u015f ve emek alanlar\u0131ndaki etkisini ara\u015ft\u0131r\u0131yor, yaln\u0131zca ekonomik de\u011fil ayn\u0131 zamanda etik savlar sunuyor, kar\u015f\u0131savlar\u0131 ele al\u0131p \u00e7\u00fcr\u00fct\u00fcyor ve d\u00fcnyadaki pilot \u00e7al\u0131\u015fmalardan neler \u00f6\u011frenebilece\u011fimizi g\u00f6steriyor.     Temel Gelir: Kat\u0131l\u0131mc\u0131, e\u015fitlik\u00e7i, g\u00fcvenli, adil, \u00f6zg\u00fcr, insan odakl\u0131 bir gelecek i\u00e7in \u00e7al\u0131\u015fan ve kafa yoran herkes i\u00e7in.<\/p>\n","protected":false},"excerpt":{"rendered":"<p>Asgari \u00fccretten farkl\u0131 olarak temel gelir, toplumdaki t\u00fcm bireylere devlet taraf\u0131ndan d\u00fczenli olarak \u00f6deme yap\u0131lmas\u0131 fikrine dayan\u0131yor. Otomasyonun artt\u0131\u011f\u0131, i\u015f g\u00fcvencesinin yok oldu\u011fu, kazanc\u0131n d\u00fczensizle\u015fti\u011fi ve<span class=\"excerpt-hellip\"> [\u2026]<\/span><\/p>\n","protected":false},"featured_media":0,"template":"","meta":{"_monsterinsights_skip_tracking":false,"_monsterinsights_sitenote_active":false,"_monsterinsights_sitenote_note":"","_monsterinsights_sitenote_category":0},"product_brand":[],"product_cat":[20333,13043],"product_tag":[],"class_list":{"0":"post-723365","1":"product","2":"type-product","3":"status-publish","5":"product_cat-diger-ekonomi","6":"product_cat-ekonomi","7":"pa_cilt-ciltsiz","8":"pa_tur-kitap","9":"pa_yayinevi-tellekt","10":"pa_yazar-guy-standing","12":"first","13":"instock","14":"sale","15":"shipping-taxable","16":"purchasable","17":"product-type-simple"},"_links":{"self":[{"href":"https:\/\/roveyayinevi.com.tr\/index.php\/wp-json\/wp\/v2\/product\/723365","targetHints":{"allow":["GET"]}}],"collection":[{"href":"https:\/\/roveyayinevi.com.tr\/index.php\/wp-json\/wp\/v2\/product"}],"about":[{"href":"https:\/\/roveyayinevi.com.tr\/index.php\/wp-json\/wp\/v2\/types\/product"}],"wp:attachment":[{"href":"https:\/\/roveyayinevi.com.tr\/index.php\/wp-json\/wp\/v2\/media?parent=723365"}],"wp:term":[{"taxonomy":"product_brand","embeddable":true,"href":"https:\/\/roveyayinevi.com.tr\/index.php\/wp-json\/wp\/v2\/product_brand?post=723365"},{"taxonomy":"product_cat","embeddable":true,"href":"https:\/\/roveyayinevi.com.tr\/index.php\/wp-json\/wp\/v2\/product_cat?post=723365"},{"taxonomy":"product_tag","embeddable":true,"href":"https:\/\/roveyayinevi.com.tr\/index.php\/wp-json\/wp\/v2\/product_tag?post=723365"}],"curies":[{"name":"wp","href":"https:\/\/api.w.org\/{rel}","templated":true}]}}