{"id":723363,"date":"2025-08-27T19:17:37","date_gmt":"2025-08-27T16:17:37","guid":{"rendered":"https:\/\/roveyayinevi.com.tr\/index.php\/urun\/turk-ve-islam-hakimiyet-telakkileri-cercevesinde-isyan-sucu\/"},"modified":"2026-04-16T02:31:07","modified_gmt":"2026-04-15T23:31:07","slug":"turk-ve-islam-hakimiyet-telakkileri-cercevesinde-isyan-sucu","status":"publish","type":"product","link":"https:\/\/roveyayinevi.com.tr\/index.php\/urun\/turk-ve-islam-hakimiyet-telakkileri-cercevesinde-isyan-sucu\/","title":{"rendered":"T\u00fcrk ve \u0130slam Hakimiyet Telakkileri \u00c7er\u00e7evesinde \u0130syan Su\u00e7u"},"content":{"rendered":"<p>\u0130syanlar T\u00fcrk tarihinde \u00f6nemli bir mevki i\u015fgal ederler. Gerek \u0130sl\u00e2m \u00f6ncesi T\u00fcrkdevletlerinde ve gerekse T\u00fcrk-\u0130sl\u00e2m devletlerinde isyan hadiselerine s\u0131k s\u0131k rastlanm\u0131\u015ft\u0131r.Tarihimizin bu m\u00fchim meselesini ve bu fiillere tatbik edilen m\u00fceyyideleri anlamak, yine fiil\u00eebir isyan s\u00f6z konusu olmasa dahi icra edilen karde\u015f katli uygulamalar\u0131n\u0131 ve siyaseten katlm\u00fcessesesini idrak etmek, bahse konu hukuk\u00ee mefhumlara tarih\u00ee geli\u015fim s\u00fcreci i\u00e7erisindenbakmay\u0131 gerektirir.\u0130taat beklentisinin mutlak oldu\u011fu toplumlarda isyan say\u0131lan su\u00e7lar\u0131n muhtevas\u0131 geni\u015f,unsurlar\u0131 mu\u011flak, m\u00fceyyidesi \u015fedit, muhakeme vet\u00eeresi sath\u00eedir. Buna mukabil itaatbeklentisinin \u015fartl\u0131 oldu\u011fu toplumlarda isyan say\u0131lan su\u00e7lar\u0131n muhtevas\u0131 dar, unsurlar\u0131 net,m\u00fceyyidesi m\u00fcsamahak\u00e2r, muhakeme vet\u00eeresi cidd\u00eedir. Bu hakikat, sadece T\u00fcrk ve \u0130sl\u00e2mtarihi i\u00e7in de\u011fil fakat Bat\u0131 tarihi i\u00e7in de aynen ge\u00e7erlidir. Zira isyan su\u00e7u, t\u00fcm siyas\u00ee su\u00e7largibi i\u00e7erisinde vuk\u00fb buldu\u011fu cemiyette ge\u00e7erli h\u00e2kimiyet telakkisi ile yak\u0131ndan alakal\u0131d\u0131r. Busebeple denilebilir ki isyan su\u00e7unun tetkiki, h\u00e2kimiyet tel\u00e2kkisinin idr\u00e2ki ile m\u00fcmk\u00fcnd\u00fcr.<\/p>\n","protected":false},"excerpt":{"rendered":"<p>\u0130syanlar T\u00fcrk tarihinde \u00f6nemli bir mevki i\u015fgal ederler. Gerek \u0130sl\u00e2m \u00f6ncesi T\u00fcrkdevletlerinde ve gerekse T\u00fcrk-\u0130sl\u00e2m devletlerinde isyan hadiselerine s\u0131k s\u0131k rastlanm\u0131\u015ft\u0131r.Tarihimizin bu m\u00fchim meselesini ve bu<span class=\"excerpt-hellip\"> [\u2026]<\/span><\/p>\n","protected":false},"featured_media":0,"template":"","meta":{"_monsterinsights_skip_tracking":false,"_monsterinsights_sitenote_active":false,"_monsterinsights_sitenote_note":"","_monsterinsights_sitenote_category":0},"product_brand":[],"product_cat":[15350,17583],"product_tag":[],"class_list":{"0":"post-723363","1":"product","2":"type-product","3":"status-publish","5":"product_cat-hukuk","6":"product_cat-kanun-ve-uygulama-kitaplari","7":"pa_cilt-ciltsiz","8":"pa_tur-kitap","9":"pa_yayinevi-astana-yayinlari","10":"pa_yazar-m-murat-kamar","12":"first","13":"instock","14":"sale","15":"shipping-taxable","16":"purchasable","17":"product-type-simple"},"_links":{"self":[{"href":"https:\/\/roveyayinevi.com.tr\/index.php\/wp-json\/wp\/v2\/product\/723363","targetHints":{"allow":["GET"]}}],"collection":[{"href":"https:\/\/roveyayinevi.com.tr\/index.php\/wp-json\/wp\/v2\/product"}],"about":[{"href":"https:\/\/roveyayinevi.com.tr\/index.php\/wp-json\/wp\/v2\/types\/product"}],"wp:attachment":[{"href":"https:\/\/roveyayinevi.com.tr\/index.php\/wp-json\/wp\/v2\/media?parent=723363"}],"wp:term":[{"taxonomy":"product_brand","embeddable":true,"href":"https:\/\/roveyayinevi.com.tr\/index.php\/wp-json\/wp\/v2\/product_brand?post=723363"},{"taxonomy":"product_cat","embeddable":true,"href":"https:\/\/roveyayinevi.com.tr\/index.php\/wp-json\/wp\/v2\/product_cat?post=723363"},{"taxonomy":"product_tag","embeddable":true,"href":"https:\/\/roveyayinevi.com.tr\/index.php\/wp-json\/wp\/v2\/product_tag?post=723363"}],"curies":[{"name":"wp","href":"https:\/\/api.w.org\/{rel}","templated":true}]}}