{"id":723358,"date":"2025-08-27T19:17:33","date_gmt":"2025-08-27T16:17:33","guid":{"rendered":"https:\/\/roveyayinevi.com.tr\/index.php\/urun\/dunyayi-ogreniyorum-itfaiye-araclari\/"},"modified":"2026-04-16T02:31:07","modified_gmt":"2026-04-15T23:31:07","slug":"dunyayi-ogreniyorum-itfaiye-araclari","status":"publish","type":"product","link":"https:\/\/roveyayinevi.com.tr\/index.php\/urun\/dunyayi-ogreniyorum-itfaiye-araclari\/","title":{"rendered":"D\u00fcnyay\u0131 \u00d6\u011freniyorum &#8211; \u0130tfaiye Ara\u00e7lar\u0131"},"content":{"rendered":"<p>Efe, a\u011fa\u00e7ta mahsur kalan kedisini kurtaran itfaiye g\u00f6revlisinin davetiyle itfaiye istasyonunu ziyarete gitti. \u0130tfaiyecilerin sadece yang\u0131n s\u00f6nd\u00fcrd\u00fc\u011f\u00fcn\u00fc zanneden Efe, ziyareti s\u0131ras\u0131nda bir\u00e7ok \u015fey \u00f6\u011frendi. \u0130tfaiye ara\u00e7lar\u0131, itfaiye ekipmanlar\u0131 ve itfaiyecilere hayran kalan Efe de b\u00fcy\u00fcy\u00fcnce itfaiyeci olmaya karar verdi. <\/p>\n","protected":false},"excerpt":{"rendered":"<p>Efe, a\u011fa\u00e7ta mahsur kalan kedisini kurtaran itfaiye g\u00f6revlisinin davetiyle itfaiye istasyonunu ziyarete gitti. \u0130tfaiyecilerin sadece yang\u0131n s\u00f6nd\u00fcrd\u00fc\u011f\u00fcn\u00fc zanneden Efe, ziyareti s\u0131ras\u0131nda bir\u00e7ok \u015fey \u00f6\u011frendi. \u0130tfaiye ara\u00e7lar\u0131,<span class=\"excerpt-hellip\"> [\u2026]<\/span><\/p>\n","protected":false},"featured_media":0,"template":"","meta":{"_monsterinsights_skip_tracking":false,"_monsterinsights_sitenote_active":false,"_monsterinsights_sitenote_note":"","_monsterinsights_sitenote_category":0},"product_brand":[],"product_cat":[12274,12518],"product_tag":[],"class_list":{"0":"post-723358","1":"product","2":"type-product","3":"status-publish","5":"product_cat-cocuk-ve-genclik-kitaplari","6":"product_cat-okul-oncesi-kitaplar","7":"pa_cilt-ciltsiz","8":"pa_tur-kitap","9":"pa_yayinevi-is-bankasi-kultur-yayinlari","10":"pa_yazar-monika-wittmann","12":"first","13":"instock","14":"sale","15":"shipping-taxable","16":"purchasable","17":"product-type-simple"},"_links":{"self":[{"href":"https:\/\/roveyayinevi.com.tr\/index.php\/wp-json\/wp\/v2\/product\/723358","targetHints":{"allow":["GET"]}}],"collection":[{"href":"https:\/\/roveyayinevi.com.tr\/index.php\/wp-json\/wp\/v2\/product"}],"about":[{"href":"https:\/\/roveyayinevi.com.tr\/index.php\/wp-json\/wp\/v2\/types\/product"}],"wp:attachment":[{"href":"https:\/\/roveyayinevi.com.tr\/index.php\/wp-json\/wp\/v2\/media?parent=723358"}],"wp:term":[{"taxonomy":"product_brand","embeddable":true,"href":"https:\/\/roveyayinevi.com.tr\/index.php\/wp-json\/wp\/v2\/product_brand?post=723358"},{"taxonomy":"product_cat","embeddable":true,"href":"https:\/\/roveyayinevi.com.tr\/index.php\/wp-json\/wp\/v2\/product_cat?post=723358"},{"taxonomy":"product_tag","embeddable":true,"href":"https:\/\/roveyayinevi.com.tr\/index.php\/wp-json\/wp\/v2\/product_tag?post=723358"}],"curies":[{"name":"wp","href":"https:\/\/api.w.org\/{rel}","templated":true}]}}