{"id":723331,"date":"2025-08-27T19:17:14","date_gmt":"2025-08-27T16:17:14","guid":{"rendered":"https:\/\/roveyayinevi.com.tr\/index.php\/urun\/kod-adi-para\/"},"modified":"2026-04-16T02:31:06","modified_gmt":"2026-04-15T23:31:06","slug":"kod-adi-para","status":"publish","type":"product","link":"https:\/\/roveyayinevi.com.tr\/index.php\/urun\/kod-adi-para\/","title":{"rendered":"Kod Ad\u0131 &#8211; Para"},"content":{"rendered":"<p>Tarihteki ilk madeni para olma \u00f6zelli\u011fini ta\u015f\u0131yan Lidya paras\u0131, darp suretiyle bas\u0131lm\u0131\u015ft\u0131r. Sabit bir alt kal\u0131p \u00fczerine konan madeni pula hareketli bir \u00fcst kal\u0131p yerle\u015ftirerek, bir \u00e7eki\u00e7le vurma suretiyle darp ger\u00e7ekle\u015ftirilmi\u015ftir. Peki, insanlar, o tarihlerde \u201cya\u015fam\u0131 kolayla\u015ft\u0131rmak\u2019\u2019 ve ticaretteki karma\u015f\u0131kl\u0131klar\u0131 ortadan kald\u0131rmak amac\u0131yla icat ettikleri paran\u0131n, g\u00fcn\u00fcm\u00fczde yol a\u00e7aca\u011f\u0131 karma\u015falar\u0131 bilebilirler miydi? \u00c7o\u011fu zaman insan ya\u015fam\u0131n\u0131 daha da karma\u015f\u0131k hale getiren para, acaba nas\u0131l oldu da insanl\u0131\u011f\u0131 bu kadar esir ald\u0131? <\/p>\n","protected":false},"excerpt":{"rendered":"<p>Tarihteki ilk madeni para olma \u00f6zelli\u011fini ta\u015f\u0131yan Lidya paras\u0131, darp suretiyle bas\u0131lm\u0131\u015ft\u0131r. Sabit bir alt kal\u0131p \u00fczerine konan madeni pula hareketli bir \u00fcst kal\u0131p yerle\u015ftirerek, bir<span class=\"excerpt-hellip\"> [\u2026]<\/span><\/p>\n","protected":false},"featured_media":0,"template":"","meta":{"_monsterinsights_skip_tracking":false,"_monsterinsights_sitenote_active":false,"_monsterinsights_sitenote_note":"","_monsterinsights_sitenote_category":0},"product_brand":[],"product_cat":[12358,12357],"product_tag":[],"class_list":{"0":"post-723331","1":"product","2":"type-product","3":"status-publish","5":"product_cat-genel-psikoloji","6":"product_cat-psikoloji","7":"pa_cilt-ciltsiz","8":"pa_tur-kitap","9":"pa_yayinevi-inkilap-kitabevi","10":"pa_yazar-cagatay-ozturk","12":"first","13":"instock","14":"sale","15":"shipping-taxable","16":"purchasable","17":"product-type-simple"},"_links":{"self":[{"href":"https:\/\/roveyayinevi.com.tr\/index.php\/wp-json\/wp\/v2\/product\/723331","targetHints":{"allow":["GET"]}}],"collection":[{"href":"https:\/\/roveyayinevi.com.tr\/index.php\/wp-json\/wp\/v2\/product"}],"about":[{"href":"https:\/\/roveyayinevi.com.tr\/index.php\/wp-json\/wp\/v2\/types\/product"}],"wp:attachment":[{"href":"https:\/\/roveyayinevi.com.tr\/index.php\/wp-json\/wp\/v2\/media?parent=723331"}],"wp:term":[{"taxonomy":"product_brand","embeddable":true,"href":"https:\/\/roveyayinevi.com.tr\/index.php\/wp-json\/wp\/v2\/product_brand?post=723331"},{"taxonomy":"product_cat","embeddable":true,"href":"https:\/\/roveyayinevi.com.tr\/index.php\/wp-json\/wp\/v2\/product_cat?post=723331"},{"taxonomy":"product_tag","embeddable":true,"href":"https:\/\/roveyayinevi.com.tr\/index.php\/wp-json\/wp\/v2\/product_tag?post=723331"}],"curies":[{"name":"wp","href":"https:\/\/api.w.org\/{rel}","templated":true}]}}