{"id":723329,"date":"2025-08-27T19:17:13","date_gmt":"2025-08-27T16:17:13","guid":{"rendered":"https:\/\/roveyayinevi.com.tr\/index.php\/urun\/kod-adi-ask-ve-aldatmak\/"},"modified":"2026-04-16T02:31:06","modified_gmt":"2026-04-15T23:31:06","slug":"kod-adi-ask-ve-aldatmak","status":"publish","type":"product","link":"https:\/\/roveyayinevi.com.tr\/index.php\/urun\/kod-adi-ask-ve-aldatmak\/","title":{"rendered":"Kod Ad\u0131 &#8211; A\u015fk Ve Aldatmak"},"content":{"rendered":"<p>Kad\u0131n ile erke\u011fin a\u015fk\u0131 ya\u015fama \u015fekilleri, a\u015fktan anlad\u0131klar\u0131 ve alg\u0131lad\u0131klar\u0131 \u015feyler \u00e7ok farkl\u0131d\u0131r. Bir kad\u0131n a\u015fk konusunda erke\u011fin duygular\u0131ndan ne kadar emin olsa da baz\u0131 \u015feyleri duymak ister. \u00d6rne\u011fin, erke\u011finin ona \u201cSeni seviyorum\u201d demesini ister&#8230; Ona \u00e7ok b\u00fcy\u00fck bir g\u00fcven bile verse, \u201caldatmayaca\u011f\u0131n\u0131\u201d kelimelere d\u00f6kmesini ister&#8230; Bu \u015fekilde belki de kendine olan \u00f6zg\u00fcveni tazeler. Weodrow Wyatt\u2019\u0131n s\u00f6z\u00fc de erkek ile kad\u0131n\u0131n a\u015fk\u0131 alg\u0131lay\u0131\u015f\u0131ndaki fark\u0131 olduk\u00e7a keskin bir \u015fekilde \u00f6zetliyor: \u201cErkek, g\u00f6zleri ile \u00e2\u015f\u0131k olur, kad\u0131n ise kulaklar\u0131 ile&#8230;\u201d <\/p>\n","protected":false},"excerpt":{"rendered":"<p>Kad\u0131n ile erke\u011fin a\u015fk\u0131 ya\u015fama \u015fekilleri, a\u015fktan anlad\u0131klar\u0131 ve alg\u0131lad\u0131klar\u0131 \u015feyler \u00e7ok farkl\u0131d\u0131r. Bir kad\u0131n a\u015fk konusunda erke\u011fin duygular\u0131ndan ne kadar emin olsa da baz\u0131 \u015feyleri<span class=\"excerpt-hellip\"> [\u2026]<\/span><\/p>\n","protected":false},"featured_media":0,"template":"","meta":{"_monsterinsights_skip_tracking":false,"_monsterinsights_sitenote_active":false,"_monsterinsights_sitenote_note":"","_monsterinsights_sitenote_category":0},"product_brand":[],"product_cat":[12358,12357],"product_tag":[],"class_list":{"0":"post-723329","1":"product","2":"type-product","3":"status-publish","5":"product_cat-genel-psikoloji","6":"product_cat-psikoloji","7":"pa_cilt-ciltsiz","8":"pa_tur-kitap","9":"pa_yayinevi-inkilap-kitabevi","10":"pa_yazar-cagatay-ozturk","12":"first","13":"instock","14":"sale","15":"shipping-taxable","16":"purchasable","17":"product-type-simple"},"_links":{"self":[{"href":"https:\/\/roveyayinevi.com.tr\/index.php\/wp-json\/wp\/v2\/product\/723329","targetHints":{"allow":["GET"]}}],"collection":[{"href":"https:\/\/roveyayinevi.com.tr\/index.php\/wp-json\/wp\/v2\/product"}],"about":[{"href":"https:\/\/roveyayinevi.com.tr\/index.php\/wp-json\/wp\/v2\/types\/product"}],"wp:attachment":[{"href":"https:\/\/roveyayinevi.com.tr\/index.php\/wp-json\/wp\/v2\/media?parent=723329"}],"wp:term":[{"taxonomy":"product_brand","embeddable":true,"href":"https:\/\/roveyayinevi.com.tr\/index.php\/wp-json\/wp\/v2\/product_brand?post=723329"},{"taxonomy":"product_cat","embeddable":true,"href":"https:\/\/roveyayinevi.com.tr\/index.php\/wp-json\/wp\/v2\/product_cat?post=723329"},{"taxonomy":"product_tag","embeddable":true,"href":"https:\/\/roveyayinevi.com.tr\/index.php\/wp-json\/wp\/v2\/product_tag?post=723329"}],"curies":[{"name":"wp","href":"https:\/\/api.w.org\/{rel}","templated":true}]}}