{"id":723327,"date":"2025-08-27T19:17:12","date_gmt":"2025-08-27T16:17:12","guid":{"rendered":"https:\/\/roveyayinevi.com.tr\/index.php\/urun\/dilek-agacinin-golgesinde\/"},"modified":"2026-04-08T02:38:48","modified_gmt":"2026-04-07T23:38:48","slug":"dilek-agacinin-golgesinde","status":"publish","type":"product","link":"https:\/\/roveyayinevi.com.tr\/index.php\/urun\/dilek-agacinin-golgesinde\/","title":{"rendered":"Dilek A\u011fac\u0131n\u0131n G\u00f6lgesinde"},"content":{"rendered":"<p>Ayr\u0131l\u0131\u011f\u0131n y\u00fcreklerde yakt\u0131\u011f\u0131 ate\u015f ne zaman s\u00f6ner? Hasretin dikenli bir tel gibi sard\u0131\u011f\u0131 kalbin ac\u0131s\u0131 ne zaman diner? Peki, ya ne olursa olsun s\u00f6z vermi\u015fsek bir kez kavu\u015fmaya, ne kadar ileri gidebiliriz verdi\u011fimiz s\u00f6z u\u011fruna? Bu sorular, Naziler ailelerini tutuklad\u0131ktan hemen sonra arkada\u015f\u0131 Brigitte ile birlikte g\u00fc\u00e7l\u00fckle ka\u00e7may\u0131 ba\u015fard\u0131klar\u0131 o g\u00fcnden beri Daniel Knight\u2019\u0131n pe\u015fini b\u0131rakmam\u0131\u015ft\u0131r. \u0130ki \u00e7ocuk olarak ba\u015flad\u0131klar\u0131, Almanya\u2019dan \u0130ngiltere\u2019ye uzanan o zorlu umut yolculuklar\u0131nda bir yerlerde Daniel, Brigitte\u2019ten, hayatta ona kalan tek \u015feyden vazge\u00e7mek zorunda kal\u0131r. Ancak gitmeden ona bir s\u00f6z verir. Aradan y\u0131llar ge\u00e7se, zaman sa\u00e7lar\u0131na aklar, y\u00fcz\u00fcne k\u0131r\u0131\u015f\u0131klar d\u00fc\u015f\u00fcrse bile ard\u0131ndan gidece\u011fi bir s\u00f6z: Ne olursa olsun d\u00f6necek ve Brigitte\u2019i bulacakt\u0131r.\u00d6te yandan aradan ge\u00e7en yetmi\u015f k\u00fcsur y\u0131la ra\u011fmen Daniel s\u00f6z\u00fcn\u00fc tutmay\u0131 ba\u015faramaz. Son umudu, \u0130kinci D\u00fcnya Sava\u015f\u0131\u2019ndaki casusluk vakalar\u0131na ve kaybolan \u00e7ocuklara \u00f6zel bir ilgisi olan gazeteci Quenby Vaughn\u2019dur. Bu gen\u00e7 kad\u0131n\u0131n, kendi ge\u00e7mi\u015finde gizli ac\u0131lar\u0131ndan ve ba\u015far\u0131l\u0131 avukat Lucas Hough ile yapaca\u011f\u0131 ittifaktan g\u00fc\u00e7 alarak y\u0131llard\u0131r \u00e7\u00f6z\u00fclemeyen bu d\u00fc\u011f\u00fcm\u00fc \u00e7\u00f6zece\u011fine emindir. Peki, ak\u0131l almaz fedak\u00e2rl\u0131klarla, yalanlarla ve ac\u0131yla dolu ge\u00e7mi\u015fi de\u015fmenin bedeli ne olacakt\u0131r? Dilek A\u011fac\u0131n\u0131n G\u00f6lgesinde, a\u015fk\u0131n, inanc\u0131n ve kimi zaman unutsak da asl\u0131nda kalbimizin derinliklerinde hep var olan o g\u00fcc\u00fcn, sava\u015fa ve y\u0131k\u0131ma bile meydan okuyabilece\u011fini g\u00f6steren, b\u00fcy\u00fcleyici bir kitap.<\/p>\n","protected":false},"excerpt":{"rendered":"<p>Ayr\u0131l\u0131\u011f\u0131n y\u00fcreklerde yakt\u0131\u011f\u0131 ate\u015f ne zaman s\u00f6ner? Hasretin dikenli bir tel gibi sard\u0131\u011f\u0131 kalbin ac\u0131s\u0131 ne zaman diner? Peki, ya ne olursa olsun s\u00f6z vermi\u015fsek bir<span class=\"excerpt-hellip\"> [\u2026]<\/span><\/p>\n","protected":false},"featured_media":0,"template":"","meta":{"_monsterinsights_skip_tracking":false,"_monsterinsights_sitenote_active":false,"_monsterinsights_sitenote_note":"","_monsterinsights_sitenote_category":0},"product_brand":[],"product_cat":[12291,12711],"product_tag":[],"class_list":{"0":"post-723327","1":"product","2":"type-product","3":"status-publish","5":"product_cat-edebiyat","6":"product_cat-roman-oyku","7":"pa_cilt-ciltsiz","8":"pa_tur-kitap","9":"pa_yayinevi-arkadya-yayinlari","10":"pa_yazar-melanie-dobson","12":"first","13":"instock","14":"sale","15":"shipping-taxable","16":"purchasable","17":"product-type-simple"},"_links":{"self":[{"href":"https:\/\/roveyayinevi.com.tr\/index.php\/wp-json\/wp\/v2\/product\/723327","targetHints":{"allow":["GET"]}}],"collection":[{"href":"https:\/\/roveyayinevi.com.tr\/index.php\/wp-json\/wp\/v2\/product"}],"about":[{"href":"https:\/\/roveyayinevi.com.tr\/index.php\/wp-json\/wp\/v2\/types\/product"}],"wp:attachment":[{"href":"https:\/\/roveyayinevi.com.tr\/index.php\/wp-json\/wp\/v2\/media?parent=723327"}],"wp:term":[{"taxonomy":"product_brand","embeddable":true,"href":"https:\/\/roveyayinevi.com.tr\/index.php\/wp-json\/wp\/v2\/product_brand?post=723327"},{"taxonomy":"product_cat","embeddable":true,"href":"https:\/\/roveyayinevi.com.tr\/index.php\/wp-json\/wp\/v2\/product_cat?post=723327"},{"taxonomy":"product_tag","embeddable":true,"href":"https:\/\/roveyayinevi.com.tr\/index.php\/wp-json\/wp\/v2\/product_tag?post=723327"}],"curies":[{"name":"wp","href":"https:\/\/api.w.org\/{rel}","templated":true}]}}