{"id":723324,"date":"2025-08-27T19:17:10","date_gmt":"2025-08-27T16:17:10","guid":{"rendered":"https:\/\/roveyayinevi.com.tr\/index.php\/urun\/serbest-ticaret-ve-zenginlige-giden-yol\/"},"modified":"2026-04-16T02:31:06","modified_gmt":"2026-04-15T23:31:06","slug":"serbest-ticaret-ve-zenginlige-giden-yol","status":"publish","type":"product","link":"https:\/\/roveyayinevi.com.tr\/index.php\/urun\/serbest-ticaret-ve-zenginlige-giden-yol\/","title":{"rendered":"Serbest Ticaret ve Zenginli\u011fe Giden Yol"},"content":{"rendered":"<p>\u0130nternetin geli\u015fmesiyle beraber, ekonomik i\u015fbirli\u011fi sistemlerimiz daha \u00f6nce hi\u00e7 olmad\u0131\u011f\u0131 kadar verimli bir hal ald\u0131. Ancak son zamanlarda k\u00fcresel \u00f6l\u00e7ekte y\u00fckselen korumac\u0131l\u0131k e\u011filimleri serbest ticaretin faydalar\u0131n\u0131n yeniden vurgulanmas\u0131n\u0131 zorunlu k\u0131lmaktad\u0131r.Serbest Ticaret ve Zenginli\u011fe Giden Yol ba\u015fl\u0131kl\u0131 bu \u00e7al\u0131\u015fma, en temel bilgilerle ticaretin ilkelerini anlatmakta, istihdam d\u00fczeylerine etkisi etraf\u0131ndaki mitleri \u00e7\u00fcr\u00fctmekte ve t\u00fcm d\u00fcnyadaki insanlar\u0131n iyili\u011finin ve zenginli\u011finin art\u0131\u015f\u0131n\u0131n as\u0131l teminat\u0131n\u0131n serbest ticaret oldu\u011funu ortaya koymaktad\u0131r.    Ekonomi profes\u00f6r\u00fc Donald J. Boudreaux ticaretin, ba\u015fka ba\u015fka \u00fclkelerde ya\u015f\u0131yor olmas\u0131 fark etmeksizin taraf\u0131 olan herkesi, ticaretten mahrum kalman\u0131n sonu\u00e7lar\u0131na k\u0131yasla daha iyi bir duruma getirdi\u011fini vurgulamaktad\u0131r.<\/p>\n","protected":false},"excerpt":{"rendered":"<p>\u0130nternetin geli\u015fmesiyle beraber, ekonomik i\u015fbirli\u011fi sistemlerimiz daha \u00f6nce hi\u00e7 olmad\u0131\u011f\u0131 kadar verimli bir hal ald\u0131. Ancak son zamanlarda k\u00fcresel \u00f6l\u00e7ekte y\u00fckselen korumac\u0131l\u0131k e\u011filimleri serbest ticaretin faydalar\u0131n\u0131n<span class=\"excerpt-hellip\"> [\u2026]<\/span><\/p>\n","protected":false},"featured_media":0,"template":"","meta":{"_monsterinsights_skip_tracking":false,"_monsterinsights_sitenote_active":false,"_monsterinsights_sitenote_note":"","_monsterinsights_sitenote_category":0},"product_brand":[],"product_cat":[20333,13043],"product_tag":[],"class_list":{"0":"post-723324","1":"product","2":"type-product","3":"status-publish","5":"product_cat-diger-ekonomi","6":"product_cat-ekonomi","7":"pa_cilt-ciltsiz","8":"pa_tur-kitap","9":"pa_yayinevi-liberte-yayinlari","10":"pa_yazar-donald-j-boudreaux","12":"first","13":"instock","14":"sale","15":"shipping-taxable","16":"purchasable","17":"product-type-simple"},"_links":{"self":[{"href":"https:\/\/roveyayinevi.com.tr\/index.php\/wp-json\/wp\/v2\/product\/723324","targetHints":{"allow":["GET"]}}],"collection":[{"href":"https:\/\/roveyayinevi.com.tr\/index.php\/wp-json\/wp\/v2\/product"}],"about":[{"href":"https:\/\/roveyayinevi.com.tr\/index.php\/wp-json\/wp\/v2\/types\/product"}],"wp:attachment":[{"href":"https:\/\/roveyayinevi.com.tr\/index.php\/wp-json\/wp\/v2\/media?parent=723324"}],"wp:term":[{"taxonomy":"product_brand","embeddable":true,"href":"https:\/\/roveyayinevi.com.tr\/index.php\/wp-json\/wp\/v2\/product_brand?post=723324"},{"taxonomy":"product_cat","embeddable":true,"href":"https:\/\/roveyayinevi.com.tr\/index.php\/wp-json\/wp\/v2\/product_cat?post=723324"},{"taxonomy":"product_tag","embeddable":true,"href":"https:\/\/roveyayinevi.com.tr\/index.php\/wp-json\/wp\/v2\/product_tag?post=723324"}],"curies":[{"name":"wp","href":"https:\/\/api.w.org\/{rel}","templated":true}]}}