{"id":723317,"date":"2025-08-27T19:17:05","date_gmt":"2025-08-27T16:17:05","guid":{"rendered":"https:\/\/roveyayinevi.com.tr\/index.php\/urun\/cagdas-sanatta-postmodernizm-neo-avangardizm-ve-sinizm\/"},"modified":"2026-01-29T02:57:13","modified_gmt":"2026-01-28T23:57:13","slug":"cagdas-sanatta-postmodernizm-neo-avangardizm-ve-sinizm","status":"publish","type":"product","link":"https:\/\/roveyayinevi.com.tr\/index.php\/urun\/cagdas-sanatta-postmodernizm-neo-avangardizm-ve-sinizm\/","title":{"rendered":"\u00c7a\u011fda\u015f Sanatta Postmodernizm, Neo-Avangardizm ve Sinizm"},"content":{"rendered":"<p>Modernitenin birey\/insan kurmacas\u0131, ussall\u0131k, evrensellik ve h\u00fcmanizm anlay\u0131\u015f\u0131n\u0131n yeniden g\u00f6zden ge\u00e7irilmesine dayal\u0131 tezlerden, \u00fcretim-t\u00fcketim ili\u015fkilerindeki k\u00f6kl\u00fc de\u011fi\u015fimlere, teknolojik ayg\u0131tlar\u0131n ya\u015fam\u0131m\u0131zda kaplad\u0131\u011f\u0131 alanlardan ak\u0131l-duygu ikili\u011fi sonucu ortaya \u00e7\u0131kan do\u011fa ve k\u00fclt\u00fcr\u00fcn \u00e7at\u0131\u015fk\u0131l\u0131 yeni haline, kimlik ve toplumsal cinsiyetten az\u0131nl\u0131k sorunlar\u0131na, ekolojiden modern sonras\u0131 kentle\u015fmenin getirdi\u011fi yepyeni sosyal durumlara dek uzanan olduk\u00e7a kapsaml\u0131 bir dizi sorun, modern sonras\u0131 sanat ortam\u0131n\u0131n tart\u0131\u015fma d\u00fczlemini belirliyor. Buna, elbette bug\u00fcn, art\u0131k etkisi ve niteli\u011fi farkl\u0131 bir boyuta ula\u015fan k\u00fcreselle\u015fme olgusunu ve bununla birlikte g\u00fcndeme gelen bir dizi meseleyi de dahil etmemiz gerekiyor. Sanat kuram\u0131 ve prati\u011fi aras\u0131ndaki ili\u015fkinin farkl\u0131 y\u00f6nleriyle bir b\u00fct\u00fcn olarak g\u00f6zden ge\u00e7irilmesine dayanan \u00c7a\u011fda\u015f Sanatta Postmodernizm, Neo-Avangardizm ve Sinizm ba\u015fl\u0131kl\u0131 bu \u00e7al\u0131\u015fma, \u00e7a\u011f\u0131m\u0131z sanat\u0131n\u0131n en karakteristik \u00f6zelliklerinden birka\u00e7\u0131n\u0131 mercek alt\u0131na al\u0131yor. Kitapta s\u0131ras\u0131yla; postmodernizmin tan\u0131m ve kapsam\u0131, neo-avangardizm, temell\u00fck anlay\u0131\u015f\u0131 ve sinizm olgular\u0131 irdeleniyor. On iki metnin \u00fc\u00e7 b\u00f6l\u00fcmde yap\u0131la\u015ft\u0131r\u0131ld\u0131\u011f\u0131 bu kitapta; Roland Barthes, Michel Foucault, Andreas Huyssen, Ihab Hassan, Fredric Jameson, Hal Foster, Peter Sloterdijk ve Slavoj \u017di\u017eek gibi \u00e7a\u011f\u0131m\u0131z\u0131n \u00f6nemli kuramc\u0131 ve yazarlar\u0131n\u0131n birbirinden \u00f6nemli tez ve metinleri \u00fczerine analizlere yer veriliyor.<\/p>\n","protected":false},"excerpt":{"rendered":"<p>Modernitenin birey\/insan kurmacas\u0131, ussall\u0131k, evrensellik ve h\u00fcmanizm anlay\u0131\u015f\u0131n\u0131n yeniden g\u00f6zden ge\u00e7irilmesine dayal\u0131 tezlerden, \u00fcretim-t\u00fcketim ili\u015fkilerindeki k\u00f6kl\u00fc de\u011fi\u015fimlere, teknolojik ayg\u0131tlar\u0131n ya\u015fam\u0131m\u0131zda kaplad\u0131\u011f\u0131 alanlardan ak\u0131l-duygu ikili\u011fi sonucu ortaya<span class=\"excerpt-hellip\"> [\u2026]<\/span><\/p>\n","protected":false},"featured_media":0,"template":"","meta":{"_monsterinsights_skip_tracking":false,"_monsterinsights_sitenote_active":false,"_monsterinsights_sitenote_note":"","_monsterinsights_sitenote_category":0},"product_brand":[],"product_cat":[12408],"product_tag":[],"class_list":{"0":"post-723317","1":"product","2":"type-product","3":"status-publish","5":"product_cat-sanat","6":"pa_cilt-ciltsiz","7":"pa_tur-kitap","8":"pa_yayinevi-utopya-yayinevi","9":"pa_yazar-kolektif","11":"first","12":"instock","13":"sale","14":"shipping-taxable","15":"purchasable","16":"product-type-simple"},"_links":{"self":[{"href":"https:\/\/roveyayinevi.com.tr\/index.php\/wp-json\/wp\/v2\/product\/723317","targetHints":{"allow":["GET"]}}],"collection":[{"href":"https:\/\/roveyayinevi.com.tr\/index.php\/wp-json\/wp\/v2\/product"}],"about":[{"href":"https:\/\/roveyayinevi.com.tr\/index.php\/wp-json\/wp\/v2\/types\/product"}],"wp:attachment":[{"href":"https:\/\/roveyayinevi.com.tr\/index.php\/wp-json\/wp\/v2\/media?parent=723317"}],"wp:term":[{"taxonomy":"product_brand","embeddable":true,"href":"https:\/\/roveyayinevi.com.tr\/index.php\/wp-json\/wp\/v2\/product_brand?post=723317"},{"taxonomy":"product_cat","embeddable":true,"href":"https:\/\/roveyayinevi.com.tr\/index.php\/wp-json\/wp\/v2\/product_cat?post=723317"},{"taxonomy":"product_tag","embeddable":true,"href":"https:\/\/roveyayinevi.com.tr\/index.php\/wp-json\/wp\/v2\/product_tag?post=723317"}],"curies":[{"name":"wp","href":"https:\/\/api.w.org\/{rel}","templated":true}]}}