{"id":723284,"date":"2025-08-27T19:16:41","date_gmt":"2025-08-27T16:16:41","guid":{"rendered":"https:\/\/roveyayinevi.com.tr\/index.php\/urun\/ebedi-baris-uzerine-felsefi-bir-tasari\/"},"modified":"2026-04-16T02:31:05","modified_gmt":"2026-04-15T23:31:05","slug":"ebedi-baris-uzerine-felsefi-bir-tasari","status":"publish","type":"product","link":"https:\/\/roveyayinevi.com.tr\/index.php\/urun\/ebedi-baris-uzerine-felsefi-bir-tasari\/","title":{"rendered":"Ebedi Bar\u0131\u015f \u00dczerine Felsefi Bir Tasar\u0131"},"content":{"rendered":"<p>Bu eser, Alman filozof Immanuel Kant\u2019\u0131n, insanl\u0131\u011f\u0131n en eski aray\u0131\u015flar\u0131ndan biri olan \u201cBar\u0131\u015f\u0131 nas\u0131l tesis etmeli?\u201d sorusuna cevap aray\u0131\u015f\u0131n\u0131n \u00fcr\u00fcn\u00fcd\u00fcr. \u015e\u00fcphesiz bu soruyu ilk soran Kant de\u011fildi.  Augustinus, Aquinal\u0131 Thomas, Erasmus, Leibniz, William Penn ve Saint-Pierre de bu soruyu sormu\u015flar ve cevab\u0131 tanr\u0131sal arg\u00fcmanlarda bulmu\u015flard\u0131. Ancak Kant hem soruyu hem de cevab\u0131 de\u011fi\u015ftirdi. O, \u2018bar\u0131\u015f\u2019\u0131n de\u011fil, \u2018ebed\u00ee bar\u0131\u015f\u2019\u0131n pe\u015findeydi. Cevab\u0131 ise tanr\u0131sal ve din\u00ee de\u011fil, \u2018hukuki\u2019 temelde verecekti. Kant\u2019\u0131n bu eserini, s\u00f6m\u00fcrgecilik faaliyetlerinin ve \u00fclkelerin g\u00fc\u00e7 yoluyla ilhak edili\u015finin yo\u011fun olarak g\u00f6r\u00fcld\u00fc\u011f\u00fc bir d\u00f6nemde kaleme alm\u0131\u015f olmas\u0131 \u015f\u00fcphesiz rastlant\u0131 de\u011fildir. Fransa ve Prusya aras\u0131ndaki Basel Bar\u0131\u015f Antla\u015fmas\u0131\u2019ndan (1795) Birle\u015fmi\u015f Milletler\u2019e ve \u2018ebed\u00ee\u2019 bar\u0131\u015fla ilgili her d\u00fc\u015f\u00fcncemizde Kant\u2019\u0131n  bu eserinin do\u011frudan etkisini g\u00f6zlemleyebiliriz. Kant\u2019\u0131n, sava\u015f olgusunun daim\u00ee olarak insanl\u0131k tarihinden kalkmas\u0131 amac\u0131yla kaleme ald\u0131\u011f\u0131 bu de\u011ferli \u00e7al\u0131\u015fmay\u0131, Celal Ye\u015fil\u00e7ay\u0131r \u00e7evirisi ile sunuyoruz.<\/p>\n","protected":false},"excerpt":{"rendered":"<p>Bu eser, Alman filozof Immanuel Kant\u2019\u0131n, insanl\u0131\u011f\u0131n en eski aray\u0131\u015flar\u0131ndan biri olan \u201cBar\u0131\u015f\u0131 nas\u0131l tesis etmeli?\u201d sorusuna cevap aray\u0131\u015f\u0131n\u0131n \u00fcr\u00fcn\u00fcd\u00fcr. \u015e\u00fcphesiz bu soruyu ilk soran Kant<span class=\"excerpt-hellip\"> [\u2026]<\/span><\/p>\n","protected":false},"featured_media":0,"template":"","meta":{"_monsterinsights_skip_tracking":false,"_monsterinsights_sitenote_active":false,"_monsterinsights_sitenote_note":"","_monsterinsights_sitenote_category":0},"product_brand":[],"product_cat":[12389,12388],"product_tag":[],"class_list":{"0":"post-723284","1":"product","2":"type-product","3":"status-publish","5":"product_cat-diger-felsefe","6":"product_cat-felsefe","7":"pa_cilt-ciltsiz","8":"pa_tur-kitap","9":"pa_yayinevi-fol-kitap","10":"pa_yazar-immanuel-kant","12":"first","13":"instock","14":"sale","15":"shipping-taxable","16":"purchasable","17":"product-type-simple"},"_links":{"self":[{"href":"https:\/\/roveyayinevi.com.tr\/index.php\/wp-json\/wp\/v2\/product\/723284","targetHints":{"allow":["GET"]}}],"collection":[{"href":"https:\/\/roveyayinevi.com.tr\/index.php\/wp-json\/wp\/v2\/product"}],"about":[{"href":"https:\/\/roveyayinevi.com.tr\/index.php\/wp-json\/wp\/v2\/types\/product"}],"wp:attachment":[{"href":"https:\/\/roveyayinevi.com.tr\/index.php\/wp-json\/wp\/v2\/media?parent=723284"}],"wp:term":[{"taxonomy":"product_brand","embeddable":true,"href":"https:\/\/roveyayinevi.com.tr\/index.php\/wp-json\/wp\/v2\/product_brand?post=723284"},{"taxonomy":"product_cat","embeddable":true,"href":"https:\/\/roveyayinevi.com.tr\/index.php\/wp-json\/wp\/v2\/product_cat?post=723284"},{"taxonomy":"product_tag","embeddable":true,"href":"https:\/\/roveyayinevi.com.tr\/index.php\/wp-json\/wp\/v2\/product_tag?post=723284"}],"curies":[{"name":"wp","href":"https:\/\/api.w.org\/{rel}","templated":true}]}}

Ebedi Barış Üzerine Felsefi Bir Tasarı

<p>Bu eser, Alman filozof Immanuel Kant’ın, insanlığın en eski arayışlarından biri olan “Barışı nasıl tesis etmeli?” sorusuna cevap arayışının ürünüdür. Şüphesiz bu soruyu ilk soran Kant değildi.  Augustinus, Aquinalı Thomas, Erasmus, Leibniz, William Penn ve Saint-Pierre de bu soruyu sormuşlar ve cevabı tanrısal argümanlarda bulmuşlardı. Ancak Kant hem soruyu hem de cevabı değiştirdi. O, ‘barış’ın değil, ‘ebedî barış’ın peşindeydi. Cevabı ise tanrısal ve dinî değil, ‘hukuki’ temelde verecekti. Kant’ın bu eserini, sömürgecilik faaliyetlerinin ve ülkelerin güç yoluyla ilhak edilişinin yoğun olarak görüldüğü bir dönemde kaleme almış olması şüphesiz rastlantı değildir. Fransa ve Prusya arasındaki Basel Barış Antlaşması’ndan (1795) Birleşmiş Milletler’e ve ‘ebedî’ barışla ilgili her düşüncemizde Kant’ın  bu eserinin doğrudan etkisini gözlemleyebiliriz. Kant’ın, savaş olgusunun daimî olarak insanlık tarihinden kalkması amacıyla kaleme aldığı bu değerli çalışmayı, Celal Yeşilçayır çevirisi ile sunuyoruz.</p>

<p>Bu eser, Alman filozof Immanuel Kant’ın, insanlığın en eski arayışlarından biri olan “Barışı nasıl tesis etmeli?” sorusuna cevap arayışının ürünüdür. Şüphesiz bu soruyu ilk soran Kant<span class="excerpt-hellip"> […]</span></p>
