{"id":723230,"date":"2025-08-27T19:15:57","date_gmt":"2025-08-27T16:15:57","guid":{"rendered":"https:\/\/roveyayinevi.com.tr\/index.php\/urun\/annemle-babam-sinifta\/"},"modified":"2025-11-21T05:55:30","modified_gmt":"2025-11-21T02:55:30","slug":"annemle-babam-sinifta","status":"publish","type":"product","link":"https:\/\/roveyayinevi.com.tr\/index.php\/urun\/annemle-babam-sinifta\/","title":{"rendered":"Annemle Babam S\u0131n\u0131fta!"},"content":{"rendered":"<p>Annemle babam s\u0131n\u0131f\u0131mda. \u00dcstelik buna bizzat ben yol a\u00e7t\u0131m. Daha d\u00fcn ak\u015fam, ikisi de otuz alt\u0131 ya\u015f\u0131ndayd\u0131 ve normal birer anne-babam vard\u0131. Bu sabah on bir ya\u015f\u0131ndalar&#8230; Uyan\u0131p da, dev pijamalar\u0131n\u0131n i\u00e7inde kaybolmu\u015f \u015fu iki \u00e7ocu\u011fu g\u00f6rd\u00fc\u011f\u00fcmde, elbette durumu hemen kavrayamad\u0131m. Okul! Her \u015feyin orada ba\u015flad\u0131\u011f\u0131n\u0131 \u00e7\u00f6zd\u00fcm. Alt\u0131nc\u0131 s\u0131n\u0131ftan nefret ediyordum. Annemle babamsa, durumu anlay\u0131p basit bir \u00e7\u00f6z\u00fcm bulmak, mesela beni d\u00fcnya seyahatine \u00e7\u0131karmak yerine, \u015fu anda benim ya\u015f\u0131mda olmak i\u00e7in neler vermeyeceklerini s\u00f6yleyip duruyorlard\u0131. Cevab\u0131m hep ayn\u0131yd\u0131: \u2018\u2019Dedi\u011finiz olursa g\u00f6r\u00fcr\u00fcm sizi.\u2019\u2019 \u015eans\u0131m\u0131 fazla zorlam\u0131\u015f olmal\u0131y\u0131m. Dile\u011fim kabul olmu\u015ftu.<\/p>\n","protected":false},"excerpt":{"rendered":"<p>Annemle babam s\u0131n\u0131f\u0131mda. \u00dcstelik buna bizzat ben yol a\u00e7t\u0131m. Daha d\u00fcn ak\u015fam, ikisi de otuz alt\u0131 ya\u015f\u0131ndayd\u0131 ve normal birer anne-babam vard\u0131. Bu sabah on bir<span class=\"excerpt-hellip\"> [\u2026]<\/span><\/p>\n","protected":false},"featured_media":0,"template":"","meta":{"_monsterinsights_skip_tracking":false,"_monsterinsights_sitenote_active":false,"_monsterinsights_sitenote_note":"","_monsterinsights_sitenote_category":0},"product_brand":[],"product_cat":[12274,12284],"product_tag":[],"class_list":{"0":"post-723230","1":"product","2":"type-product","3":"status-publish","5":"product_cat-cocuk-ve-genclik-kitaplari","6":"product_cat-hikayeler","7":"pa_cilt-ciltsiz","8":"pa_tur-kitap","9":"pa_yayinevi-can-cocuk-yayinlari","10":"pa_yazar-luc-blanvillain","12":"first","13":"instock","14":"sale","15":"shipping-taxable","16":"purchasable","17":"product-type-simple"},"_links":{"self":[{"href":"https:\/\/roveyayinevi.com.tr\/index.php\/wp-json\/wp\/v2\/product\/723230","targetHints":{"allow":["GET"]}}],"collection":[{"href":"https:\/\/roveyayinevi.com.tr\/index.php\/wp-json\/wp\/v2\/product"}],"about":[{"href":"https:\/\/roveyayinevi.com.tr\/index.php\/wp-json\/wp\/v2\/types\/product"}],"wp:attachment":[{"href":"https:\/\/roveyayinevi.com.tr\/index.php\/wp-json\/wp\/v2\/media?parent=723230"}],"wp:term":[{"taxonomy":"product_brand","embeddable":true,"href":"https:\/\/roveyayinevi.com.tr\/index.php\/wp-json\/wp\/v2\/product_brand?post=723230"},{"taxonomy":"product_cat","embeddable":true,"href":"https:\/\/roveyayinevi.com.tr\/index.php\/wp-json\/wp\/v2\/product_cat?post=723230"},{"taxonomy":"product_tag","embeddable":true,"href":"https:\/\/roveyayinevi.com.tr\/index.php\/wp-json\/wp\/v2\/product_tag?post=723230"}],"curies":[{"name":"wp","href":"https:\/\/api.w.org\/{rel}","templated":true}]}}