{"id":723229,"date":"2025-08-27T19:15:23","date_gmt":"2025-08-27T16:15:23","guid":{"rendered":"https:\/\/roveyayinevi.com.tr\/index.php\/urun\/40-santim\/"},"modified":"2026-04-16T02:31:04","modified_gmt":"2026-04-15T23:31:04","slug":"40-santim","status":"publish","type":"product","link":"https:\/\/roveyayinevi.com.tr\/index.php\/urun\/40-santim\/","title":{"rendered":"40 Santim"},"content":{"rendered":"<p>Hepimiz tela\u015flarday\u0131z. Neredeyse g\u00f6lgemiz bile bizi takip edemeyecek. O kadar yani! \u00dcstelik \u00e7etele tutar gibi ya\u015f\u0131yoruz. Ka\u00e7 yere gittik, ne kadar \u00e7ok \u015fey yapt\u0131k, ka\u00e7 ki\u015fi tan\u0131yoruz, ne kadar \u00e7ok \u015feye sahibiz, ne kadar kazan\u0131yoruz? Ard\u0131 arkas\u0131 kesilmeyen bir \u201cKA\u00c7\u201dlar silsilesi i\u00e7erisindeyiz. Oysa tam da bunu yaparken hayat\u0131n kendisini \u201cKA\u00c7\u201d\u0131r\u0131yoruz\u2026Hayatla rekabet halinde s\u00fcrd\u00fcr\u00fclen bir ya\u015famda ne kadar yol kat edersek edelim, gidebildi\u011fimiz mesafenin topu topu 40 santim oldu\u011funu unutuyoruz: Beynimizden kalbimize kadar olan mesafe, sadece 40 santim\u2026 Mucizeden bahsedenleri belli belirsiz, b\u0131y\u0131k alt\u0131ndan g\u00fcl\u00fcmseyerek dinliyoruz. Oysa bilmiyor muyuz ki bizler birer mucizeyiz. \u00d6yle geni\u015f bir ufuk ve \u00f6yle sonsuz olas\u0131l\u0131klar var ki akl\u0131m\u0131z\u0131n alabilece\u011fi \u201cKA\u00c7\u201dlardan de\u011filler. Aysim Altay\u2019\u0131n yeni kitab\u0131 40 Santim\u2026 Elma Yay\u0131nevinden yepyeni bir kitap daha\u2026 Keyifli Okumalar\u2026<\/p>\n","protected":false},"excerpt":{"rendered":"<p>Hepimiz tela\u015flarday\u0131z. Neredeyse g\u00f6lgemiz bile bizi takip edemeyecek. O kadar yani! \u00dcstelik \u00e7etele tutar gibi ya\u015f\u0131yoruz. Ka\u00e7 yere gittik, ne kadar \u00e7ok \u015fey yapt\u0131k, ka\u00e7 ki\u015fi<span class=\"excerpt-hellip\"> [\u2026]<\/span><\/p>\n","protected":false},"featured_media":0,"template":"","meta":{"_monsterinsights_skip_tracking":false,"_monsterinsights_sitenote_active":false,"_monsterinsights_sitenote_note":"","_monsterinsights_sitenote_category":0},"product_brand":[],"product_cat":[12364,12376],"product_tag":[],"class_list":{"0":"post-723229","1":"product","2":"type-product","3":"status-publish","5":"product_cat-genel-konular","6":"product_cat-kisisel-gelisim","7":"pa_cilt-ciltsiz","8":"pa_tur-kitap","9":"pa_yayinevi-elma-yayinevi","10":"pa_yazar-aysim-altay","12":"first","13":"instock","14":"sale","15":"shipping-taxable","16":"purchasable","17":"product-type-simple"},"_links":{"self":[{"href":"https:\/\/roveyayinevi.com.tr\/index.php\/wp-json\/wp\/v2\/product\/723229","targetHints":{"allow":["GET"]}}],"collection":[{"href":"https:\/\/roveyayinevi.com.tr\/index.php\/wp-json\/wp\/v2\/product"}],"about":[{"href":"https:\/\/roveyayinevi.com.tr\/index.php\/wp-json\/wp\/v2\/types\/product"}],"wp:attachment":[{"href":"https:\/\/roveyayinevi.com.tr\/index.php\/wp-json\/wp\/v2\/media?parent=723229"}],"wp:term":[{"taxonomy":"product_brand","embeddable":true,"href":"https:\/\/roveyayinevi.com.tr\/index.php\/wp-json\/wp\/v2\/product_brand?post=723229"},{"taxonomy":"product_cat","embeddable":true,"href":"https:\/\/roveyayinevi.com.tr\/index.php\/wp-json\/wp\/v2\/product_cat?post=723229"},{"taxonomy":"product_tag","embeddable":true,"href":"https:\/\/roveyayinevi.com.tr\/index.php\/wp-json\/wp\/v2\/product_tag?post=723229"}],"curies":[{"name":"wp","href":"https:\/\/api.w.org\/{rel}","templated":true}]}}