{"id":723227,"date":"2025-08-27T19:15:22","date_gmt":"2025-08-27T16:15:22","guid":{"rendered":"https:\/\/roveyayinevi.com.tr\/index.php\/urun\/turk-ulkusu-2\/"},"modified":"2026-04-16T02:31:04","modified_gmt":"2026-04-15T23:31:04","slug":"turk-ulkusu-2","status":"publish","type":"product","link":"https:\/\/roveyayinevi.com.tr\/index.php\/urun\/turk-ulkusu-2\/","title":{"rendered":"T\u00fcrk \u00dclk\u00fcs\u00fc"},"content":{"rendered":"<p>\u00d6mer Seyfettin, 36 y\u0131l ya\u015fam\u0131\u015f ve bu k\u0131sa \u00f6mr\u00fcne, T\u00fcrk tefekk\u00fcr\u00fcn\u00fc, T\u00fcrk edebiyat\u0131n\u0131 s\u0131\u011fd\u0131rm\u0131\u015ft\u0131r.Ya\u015fad\u0131\u011f\u0131 d\u00f6nem \u201c\u00e7\u00f6z\u00fclme\u201d d\u00f6nemidir.Osmanl\u0131 Devleti i\u00e7in i\u00e7in kaynamaktad\u0131r.\u201cEhl-i Sal\u00eeb\u201d, T\u00fcrk\u2019\u00fcn \u00f6l\u00fcm ferman\u0131n\u0131 imzalam\u0131\u015f, \u201c\u015eark Meselesi\u2019ni masaya yat\u0131rm\u0131\u015ft\u0131r. Osmanl\u0131 sahas\u0131nda az\u0131nl\u0131klar\u0131, M\u00fcslim ve gayrim\u00fcslim unsurlar\u0131 k\u0131\u015fk\u0131rtmaktad\u0131r.Osmanl\u0131 Devleti\u2019nin kurucusu \u201cTuran\u00ee\u201d ailedir, kurtar\u0131c\u0131s\u0131 da Turan\u00ee z\u00fcmre olacakt\u0131r: T\u00fcrk O, Osmanl\u0131 sahas\u0131na \u201cT\u00fcrkiye\u201d der.T\u00fcrkiye\u2019de ya\u015fayan herkes T\u00fcrk kimli\u011finin bir par\u00e7as\u0131d\u0131r.\u00d6mer Seyfettin modern T\u00fcrk hik\u00e2yecili\u011finin \u00f6nc\u00fcs\u00fcd\u00fcr. Hik\u00e2yelerinin her sat\u0131r\u0131nda \u201cmill\u00ee hissiyat\u201d i\u00e7imize i\u015fler.\u00d6mer Seyfettin bir m\u00fctefekkirdir&#8230; \u201cKimiz?\u201d sorusunun cevab\u0131n\u0131 pe\u015fin verir: T\u00fcrk\u2019\u00fcz.T\u00fcrk\u2019\u00fcn gelece\u011fi i\u00e7in yazm\u0131\u015ft\u0131r.D\u00fcne bak\u0131p g\u00fcn\u00fcm\u00fcz\u00fc g\u00f6rebilece\u011fimiz yaz\u0131lar \u00d6mer Seyfettin\u2019in kaleminden \u00e7\u0131km\u0131\u015ft\u0131r.Yeni Lisan kap\u0131s\u0131n\u0131 a\u00e7an da odur.T\u00fcrk\u2019\u00fcn hedeflerini belirledi\u011fi \u00fc\u00e7 \u201cYeni Lisan\u201d makalesi; \u201cVatan! Yaln\u0131z Vatan&#8230;\u201d, \u201cYar\u0131nki Turan Devleti\u201d, \u201cMektep \u00c7ocuklar\u0131nda T\u00fcrkl\u00fck Mefk\u00fbresi\u201d, \u201cMill\u00ee Tecr\u00fcbelerden \u00c7\u0131kar\u0131lm\u0131\u015f Amel\u00ee Siyaset\u201d kitap\u00e7\u0131klar\u0131; \u201cmilliyet\u201dine dair Sebil\u00fcrre\u015fad dergisiyle girdi\u011fi polemik ilk defa bir araya getirildi.T\u00fcrk \u00dclk\u00fcs\u00fc, Dr. Arslan Tekin\u2019in titiz \u00e7al\u0131\u015fmas\u0131; \u00d6mer Seyfettin\u2019in eserlerinin yeni nesillere ula\u015fmas\u0131nda b\u00fcy\u00fck emek harcayan Prof. Dr. H\u00fclya Erayd\u0131n Argun\u015fah\u2019\u0131n derinlikli de\u011ferlendirmesiyle sizinle bulu\u015fuyor.<\/p>\n","protected":false},"excerpt":{"rendered":"<p>\u00d6mer Seyfettin, 36 y\u0131l ya\u015fam\u0131\u015f ve bu k\u0131sa \u00f6mr\u00fcne, T\u00fcrk tefekk\u00fcr\u00fcn\u00fc, T\u00fcrk edebiyat\u0131n\u0131 s\u0131\u011fd\u0131rm\u0131\u015ft\u0131r.Ya\u015fad\u0131\u011f\u0131 d\u00f6nem \u201c\u00e7\u00f6z\u00fclme\u201d d\u00f6nemidir.Osmanl\u0131 Devleti i\u00e7in i\u00e7in kaynamaktad\u0131r.\u201cEhl-i Sal\u00eeb\u201d, T\u00fcrk\u2019\u00fcn \u00f6l\u00fcm ferman\u0131n\u0131 imzalam\u0131\u015f,<span class=\"excerpt-hellip\"> [\u2026]<\/span><\/p>\n","protected":false},"featured_media":0,"template":"","meta":{"_monsterinsights_skip_tracking":false,"_monsterinsights_sitenote_active":false,"_monsterinsights_sitenote_note":"","_monsterinsights_sitenote_category":0},"product_brand":[],"product_cat":[12351,12324],"product_tag":[],"class_list":{"0":"post-723227","1":"product","2":"type-product","3":"status-publish","5":"product_cat-siyaset-sosyolojisi","6":"product_cat-sosyoloji","7":"pa_cilt-ciltsiz","8":"pa_tur-kitap","9":"pa_yayinevi-bilge-kultur-sanat","10":"pa_yazar-omer-seyfettin","12":"first","13":"instock","14":"sale","15":"shipping-taxable","16":"purchasable","17":"product-type-simple"},"_links":{"self":[{"href":"https:\/\/roveyayinevi.com.tr\/index.php\/wp-json\/wp\/v2\/product\/723227","targetHints":{"allow":["GET"]}}],"collection":[{"href":"https:\/\/roveyayinevi.com.tr\/index.php\/wp-json\/wp\/v2\/product"}],"about":[{"href":"https:\/\/roveyayinevi.com.tr\/index.php\/wp-json\/wp\/v2\/types\/product"}],"wp:attachment":[{"href":"https:\/\/roveyayinevi.com.tr\/index.php\/wp-json\/wp\/v2\/media?parent=723227"}],"wp:term":[{"taxonomy":"product_brand","embeddable":true,"href":"https:\/\/roveyayinevi.com.tr\/index.php\/wp-json\/wp\/v2\/product_brand?post=723227"},{"taxonomy":"product_cat","embeddable":true,"href":"https:\/\/roveyayinevi.com.tr\/index.php\/wp-json\/wp\/v2\/product_cat?post=723227"},{"taxonomy":"product_tag","embeddable":true,"href":"https:\/\/roveyayinevi.com.tr\/index.php\/wp-json\/wp\/v2\/product_tag?post=723227"}],"curies":[{"name":"wp","href":"https:\/\/api.w.org\/{rel}","templated":true}]}}

Türk Ülküsü

<p>Ömer Seyfettin, 36 yıl yaşamış ve bu kısa ömrüne, Türk tefekkürünü, Türk edebiyatını sığdırmıştır.Yaşadığı dönem “çözülme” dönemidir.Osmanlı Devleti için için kaynamaktadır.“Ehl-i Salîb”, Türk’ün ölüm fermanını imzalamış, “Şark Meselesi’ni masaya yatırmıştır. Osmanlı sahasında azınlıkları, Müslim ve gayrimüslim unsurları kışkırtmaktadır.Osmanlı Devleti’nin kurucusu “Turanî” ailedir, kurtarıcısı da Turanî zümre olacaktır: Türk O, Osmanlı sahasına “Türkiye” der.Türkiye’de yaşayan herkes Türk kimliğinin bir parçasıdır.Ömer Seyfettin modern Türk hikâyeciliğinin öncüsüdür. Hikâyelerinin her satırında “millî hissiyat” içimize işler.Ömer Seyfettin bir mütefekkirdir&#8230; “Kimiz?” sorusunun cevabını peşin verir: Türk’üz.Türk’ün geleceği için yazmıştır.Düne bakıp günümüzü görebileceğimiz yazılar Ömer Seyfettin’in kaleminden çıkmıştır.Yeni Lisan kapısını açan da odur.Türk’ün hedeflerini belirlediği üç “Yeni Lisan” makalesi; “Vatan! Yalnız Vatan&#8230;”, “Yarınki Turan Devleti”, “Mektep Çocuklarında Türklük Mefkûresi”, “Millî Tecrübelerden Çıkarılmış Amelî Siyaset” kitapçıkları; “milliyet”ine dair Sebilürreşad dergisiyle girdiği polemik ilk defa bir araya getirildi.Türk Ülküsü, Dr. Arslan Tekin’in titiz çalışması; Ömer Seyfettin’in eserlerinin yeni nesillere ulaşmasında büyük emek harcayan Prof. Dr. Hülya Eraydın Argunşah’ın derinlikli değerlendirmesiyle sizinle buluşuyor.</p>

<p>Ömer Seyfettin, 36 yıl yaşamış ve bu kısa ömrüne, Türk tefekkürünü, Türk edebiyatını sığdırmıştır.Yaşadığı dönem “çözülme” dönemidir.Osmanlı Devleti için için kaynamaktadır.“Ehl-i Salîb”, Türk’ün ölüm fermanını imzalamış,<span class="excerpt-hellip"> […]</span></p>
