{"id":723225,"date":"2025-08-27T19:15:20","date_gmt":"2025-08-27T16:15:20","guid":{"rendered":"https:\/\/roveyayinevi.com.tr\/index.php\/urun\/elif-gibi-sevmek-1-nefes\/"},"modified":"2026-04-15T02:41:29","modified_gmt":"2026-04-14T23:41:29","slug":"elif-gibi-sevmek-1-nefes","status":"publish","type":"product","link":"https:\/\/roveyayinevi.com.tr\/index.php\/urun\/elif-gibi-sevmek-1-nefes\/","title":{"rendered":"Elif Gibi Sevmek 1- Nefes"},"content":{"rendered":"<p>\u201cBir insan nas\u0131l anlar \u00e2\u015f\u0131k oldu\u011funu?\u201d diye sordum bir g\u00fcn dedeme. \u201cNefesini tut&#8230;\u201d dedi g\u00fcl\u00fcmseyerek. \u201cAnlamad\u0131m&#8230;\u201d dedim. \u201cNefesimi mi tutay\u0131m?\u201d \u201cEvet&#8230;\u201d dedi. \u201c\u00d6ylece tut ve bekle.\u201d Dedi\u011fini yapt\u0131m. Dayanabildi\u011fim kadar soluksuz b\u0131rakt\u0131m kendimi. Saate bakmay\u0131 ak\u0131l edememi\u015ftim ama san\u0131r\u0131m otuz saniye sonra iyice zorlanmaya ba\u015flad\u0131m. Tam pes ediyordum ki, eliyle kapad\u0131 a\u011fz\u0131m\u0131 ve burnumu. Neye u\u011frad\u0131\u011f\u0131m\u0131 \u015fa\u015f\u0131rd\u0131m. \u00d6lecek gibiydim art\u0131k&#8230; Y\u00fcz\u00fcm k\u0131zar\u0131yor, g\u00f6zlerim doluyordu. Dayan\u0131lmaz bir hal alm\u0131\u015ft\u0131 nefessizlik&#8230; Sonunda \u00e7ekti elini y\u00fcz\u00fcmden. Derin derin solumaya ba\u015flad\u0131m can havliyle. Bana bunu neden yapt\u0131\u011f\u0131n\u0131 anlayam\u0131yordum bir t\u00fcrl\u00fc. G\u00f6zlerinin i\u00e7ine bakt\u0131m soran bak\u0131\u015flarla. \u201cBunu bana neden yapt\u0131n dede?\u201d dedim. \u201cEn \u00e7ok neye ihtiyac\u0131n vard\u0131 az \u00f6nce?\u201d diye sordu sakin bir tav\u0131rla. \u201cTabii ki nefes almaya&#8230;\u201d dedim. \u201cPeki, ne kadar ihtiyac\u0131n vard\u0131?\u201d \u201cBiraz daha nefessiz kalsayd\u0131m \u00f6lecektim.\u201d Ancak bu ya\u015f\u0131ma gelince ne demek istedi\u011fini anlad\u0131\u011f\u0131m bir cevap verdi dedem: \u201c\u0130\u015fte bir g\u00fcn birine nefes kadar ihtiyac\u0131n olursa ona \u00e2\u015f\u0131k oldu\u011funu anlayacaks\u0131n evlat.\u201d <\/p>\n","protected":false},"excerpt":{"rendered":"<p>\u201cBir insan nas\u0131l anlar \u00e2\u015f\u0131k oldu\u011funu?\u201d diye sordum bir g\u00fcn dedeme. \u201cNefesini tut&#8230;\u201d dedi g\u00fcl\u00fcmseyerek. \u201cAnlamad\u0131m&#8230;\u201d dedim. \u201cNefesimi mi tutay\u0131m?\u201d \u201cEvet&#8230;\u201d dedi. \u201c\u00d6ylece tut ve bekle.\u201d<span class=\"excerpt-hellip\"> [\u2026]<\/span><\/p>\n","protected":false},"featured_media":0,"template":"","meta":{"_monsterinsights_skip_tracking":false,"_monsterinsights_sitenote_active":false,"_monsterinsights_sitenote_note":"","_monsterinsights_sitenote_category":0},"product_brand":[],"product_cat":[12291,12711],"product_tag":[],"class_list":{"0":"post-723225","1":"product","2":"type-product","3":"status-publish","5":"product_cat-edebiyat","6":"product_cat-roman-oyku","7":"pa_cilt-ciltsiz","8":"pa_tur-kitap","9":"pa_yayinevi-destek-yayinlari","10":"pa_yazar-hikmet-anil-oztekin","12":"first","13":"instock","14":"sale","15":"shipping-taxable","16":"purchasable","17":"product-type-simple"},"_links":{"self":[{"href":"https:\/\/roveyayinevi.com.tr\/index.php\/wp-json\/wp\/v2\/product\/723225","targetHints":{"allow":["GET"]}}],"collection":[{"href":"https:\/\/roveyayinevi.com.tr\/index.php\/wp-json\/wp\/v2\/product"}],"about":[{"href":"https:\/\/roveyayinevi.com.tr\/index.php\/wp-json\/wp\/v2\/types\/product"}],"wp:attachment":[{"href":"https:\/\/roveyayinevi.com.tr\/index.php\/wp-json\/wp\/v2\/media?parent=723225"}],"wp:term":[{"taxonomy":"product_brand","embeddable":true,"href":"https:\/\/roveyayinevi.com.tr\/index.php\/wp-json\/wp\/v2\/product_brand?post=723225"},{"taxonomy":"product_cat","embeddable":true,"href":"https:\/\/roveyayinevi.com.tr\/index.php\/wp-json\/wp\/v2\/product_cat?post=723225"},{"taxonomy":"product_tag","embeddable":true,"href":"https:\/\/roveyayinevi.com.tr\/index.php\/wp-json\/wp\/v2\/product_tag?post=723225"}],"curies":[{"name":"wp","href":"https:\/\/api.w.org\/{rel}","templated":true}]}}