{"id":723222,"date":"2025-08-27T19:15:17","date_gmt":"2025-08-27T16:15:17","guid":{"rendered":"https:\/\/roveyayinevi.com.tr\/index.php\/urun\/eyvallah-seyyah\/"},"modified":"2026-04-16T02:31:03","modified_gmt":"2026-04-15T23:31:03","slug":"eyvallah-seyyah","status":"publish","type":"product","link":"https:\/\/roveyayinevi.com.tr\/index.php\/urun\/eyvallah-seyyah\/","title":{"rendered":"Eyvallah -Seyyah"},"content":{"rendered":"<p>Merhaba, ben Seyyah. Herkesin bir derdi vard\u0131r. Baz\u0131lar\u0131 ge\u00e7er, baz\u0131lar\u0131 ge\u00e7mez. Baz\u0131lar\u0131 anlat\u0131l\u0131r, baz\u0131lar\u0131 anlat\u0131lmaz. Bazen anlatmak istersin ama dinleyecek birini bulamazs\u0131n. Bilirsin, muhabbettir ihtiyac\u0131n ama iki laf\u0131n belini k\u0131racak bir dost bile yoktur yan\u0131nda. \u0130\u015fte bu kitap bulamad\u0131\u011f\u0131n dosta ula\u015fmak ve onunla dertle\u015fmek i\u00e7in yaz\u0131ld\u0131. Meselenin sevmek de\u011fil, g\u00fczel sevebilmek oldu\u011funu bilenler i\u00e7in yaz\u0131ld\u0131. Biraz ya\u011fmurun, biraz da h\u00fczn\u00fcn d\u00fc\u015ft\u00fc\u011f\u00fc gecelerde bu kitab\u0131 okurken \u015funu hissedeceksiniz: \u201cH\u00e2l\u00e2 dertle\u015febilecek birileri varm\u0131\u015f bir yerlerde.\u201d <\/p>\n","protected":false},"excerpt":{"rendered":"<p>Merhaba, ben Seyyah. Herkesin bir derdi vard\u0131r. Baz\u0131lar\u0131 ge\u00e7er, baz\u0131lar\u0131 ge\u00e7mez. Baz\u0131lar\u0131 anlat\u0131l\u0131r, baz\u0131lar\u0131 anlat\u0131lmaz. Bazen anlatmak istersin ama dinleyecek birini bulamazs\u0131n. Bilirsin, muhabbettir ihtiyac\u0131n ama<span class=\"excerpt-hellip\"> [\u2026]<\/span><\/p>\n","protected":false},"featured_media":0,"template":"","meta":{"_monsterinsights_skip_tracking":false,"_monsterinsights_sitenote_active":false,"_monsterinsights_sitenote_note":"","_monsterinsights_sitenote_category":0},"product_brand":[],"product_cat":[12291,12711],"product_tag":[],"class_list":{"0":"post-723222","1":"product","2":"type-product","3":"status-publish","5":"product_cat-edebiyat","6":"product_cat-roman-oyku","7":"pa_cilt-ciltsiz","8":"pa_tur-kitap","9":"pa_yayinevi-destek-yayinlari","10":"pa_yazar-hikmet-anil-oztekin","12":"first","13":"instock","14":"sale","15":"shipping-taxable","16":"purchasable","17":"product-type-simple"},"_links":{"self":[{"href":"https:\/\/roveyayinevi.com.tr\/index.php\/wp-json\/wp\/v2\/product\/723222","targetHints":{"allow":["GET"]}}],"collection":[{"href":"https:\/\/roveyayinevi.com.tr\/index.php\/wp-json\/wp\/v2\/product"}],"about":[{"href":"https:\/\/roveyayinevi.com.tr\/index.php\/wp-json\/wp\/v2\/types\/product"}],"wp:attachment":[{"href":"https:\/\/roveyayinevi.com.tr\/index.php\/wp-json\/wp\/v2\/media?parent=723222"}],"wp:term":[{"taxonomy":"product_brand","embeddable":true,"href":"https:\/\/roveyayinevi.com.tr\/index.php\/wp-json\/wp\/v2\/product_brand?post=723222"},{"taxonomy":"product_cat","embeddable":true,"href":"https:\/\/roveyayinevi.com.tr\/index.php\/wp-json\/wp\/v2\/product_cat?post=723222"},{"taxonomy":"product_tag","embeddable":true,"href":"https:\/\/roveyayinevi.com.tr\/index.php\/wp-json\/wp\/v2\/product_tag?post=723222"}],"curies":[{"name":"wp","href":"https:\/\/api.w.org\/{rel}","templated":true}]}}