{"id":723219,"date":"2025-08-27T19:15:15","date_gmt":"2025-08-27T16:15:15","guid":{"rendered":"https:\/\/roveyayinevi.com.tr\/index.php\/urun\/ana-hatlari-ile-ataturk-donemi-turk-dis-politikasi\/"},"modified":"2026-02-03T02:45:33","modified_gmt":"2026-02-02T23:45:33","slug":"ana-hatlari-ile-ataturk-donemi-turk-dis-politikasi","status":"publish","type":"product","link":"https:\/\/roveyayinevi.com.tr\/index.php\/urun\/ana-hatlari-ile-ataturk-donemi-turk-dis-politikasi\/","title":{"rendered":"Ana Hatlar\u0131 \u0130le Atat\u00fcrk D\u00f6nemi T\u00fcrk D\u0131\u015f Politikas\u0131"},"content":{"rendered":"<p>&#8220;Efendiler! Harici siyasetimizde d\u00fcr\u00fcstl\u00fck memleketimizin emniyetine ve inki\u015faf\u0131n\u0131n masuniyetine dikkat, \u015fiar\u0131 hareketimize k\u0131lavuz olmaktad\u0131r&#8230; Esasl\u0131 inki\u015fafat ve \u0131slahat i\u00e7inde bulunan bir memleketin hem kendisinde, hem muhitlerinde sulh ve huzuru cidden arzu etmesinden daha kolay izah olunabilecek bir keyfiyet olamaz. Bu samimi arzudan m\u00fclhem olan harici siyasetimizde memleketin masuniyetini, emniyetini, vatanda\u015flar\u0131n haklar\u0131n\u0131 her hangi bir tecav\u00fcze kar\u015f\u0131 bizzat m\u00fcdafaa edebilmek kudreti de bilhassa g\u00f6zde tuttu\u011fumuz noktad\u0131r.&#8221;   &#8220;T\u00fcrkiye&#8217;nin emniyetini gaye tutan, hi\u00e7bir milletin aleyhinde olm\u0131yan bir sulh istikameti bizim daima d\u00fcsturumuz olacakt\u0131r.&#8221;   Atat\u00fcrk&#8217;\u00fcn 1927 ve 1931 y\u0131llar\u0131ndaki TBMM a\u00e7\u0131l\u0131\u015f konu\u015fmalar\u0131ndan al\u0131nan bu pasajlar, d\u00f6nemin T\u00fcrk d\u0131\u015f politikas\u0131n\u0131 olduk\u00e7a a\u00e7\u0131k bir \u015fekilde yans\u0131tmaktad\u0131r. Uzmanl\u0131k alan\u0131 Siyasi Tarih ve T\u00fcrkiye Cumhuriyeti Tarihi olan akademisyenlerce v\u00fccuda getirilen bu ara\u015ft\u0131rma kitab\u0131, Atat\u00fcrk&#8217;\u00fcn yukar\u0131da ama\u00e7 ve ilkeler baz\u0131nda ana hatlar\u0131 ile \u00e7izdi\u011fi T\u00fcrk d\u0131\u015f politikas\u0131n\u0131 detaylar\u0131yla okuyucuya ula\u015ft\u0131rmay\u0131 ama\u00e7 edinmi\u015ftir. Lozan Bar\u0131\u015f Antla\u015fmas\u0131 ve sonras\u0131nda buna zamanla ilave edilen kazan\u0131mlar ba\u015fta olmak \u00fczere, Milletler Cemiyeti&#8217;ne giri\u015f, bar\u0131\u015f\u00e7\u0131 b\u00f6lgesel giri\u015fimlerde yer alma gibi geli\u015fmeler itibariyle iddia olunabilir ki d\u0131\u015f politika, d\u00f6nemin en ba\u015far\u0131l\u0131 alanlar\u0131ndan birini olu\u015fturmu\u015ftur. Kitaptaki yaz\u0131lar da b\u00fcy\u00fck \u00f6l\u00e7\u00fcde bu tezi destekler niteliktedir. <\/p>\n","protected":false},"excerpt":{"rendered":"<p>&#8220;Efendiler! Harici siyasetimizde d\u00fcr\u00fcstl\u00fck memleketimizin emniyetine ve inki\u015faf\u0131n\u0131n masuniyetine dikkat, \u015fiar\u0131 hareketimize k\u0131lavuz olmaktad\u0131r&#8230; Esasl\u0131 inki\u015fafat ve \u0131slahat i\u00e7inde bulunan bir memleketin hem kendisinde, hem muhitlerinde<span class=\"excerpt-hellip\"> [\u2026]<\/span><\/p>\n","protected":false},"featured_media":0,"template":"","meta":{"_monsterinsights_skip_tracking":false,"_monsterinsights_sitenote_active":false,"_monsterinsights_sitenote_note":"","_monsterinsights_sitenote_category":0},"product_brand":[],"product_cat":[12337,17225],"product_tag":[],"class_list":{"0":"post-723219","1":"product","2":"type-product","3":"status-publish","5":"product_cat-politika-siyaset","6":"product_cat-uluslararasi-iliskiler","7":"pa_cilt-ciltsiz","8":"pa_tur-kitap","9":"pa_yayinevi-ideal-kultur-akademik","10":"pa_yazar-kolektif","12":"first","13":"instock","14":"sale","15":"shipping-taxable","16":"purchasable","17":"product-type-simple"},"_links":{"self":[{"href":"https:\/\/roveyayinevi.com.tr\/index.php\/wp-json\/wp\/v2\/product\/723219","targetHints":{"allow":["GET"]}}],"collection":[{"href":"https:\/\/roveyayinevi.com.tr\/index.php\/wp-json\/wp\/v2\/product"}],"about":[{"href":"https:\/\/roveyayinevi.com.tr\/index.php\/wp-json\/wp\/v2\/types\/product"}],"wp:attachment":[{"href":"https:\/\/roveyayinevi.com.tr\/index.php\/wp-json\/wp\/v2\/media?parent=723219"}],"wp:term":[{"taxonomy":"product_brand","embeddable":true,"href":"https:\/\/roveyayinevi.com.tr\/index.php\/wp-json\/wp\/v2\/product_brand?post=723219"},{"taxonomy":"product_cat","embeddable":true,"href":"https:\/\/roveyayinevi.com.tr\/index.php\/wp-json\/wp\/v2\/product_cat?post=723219"},{"taxonomy":"product_tag","embeddable":true,"href":"https:\/\/roveyayinevi.com.tr\/index.php\/wp-json\/wp\/v2\/product_tag?post=723219"}],"curies":[{"name":"wp","href":"https:\/\/api.w.org\/{rel}","templated":true}]}}