{"id":723207,"date":"2025-08-27T19:15:05","date_gmt":"2025-08-27T16:15:05","guid":{"rendered":"https:\/\/roveyayinevi.com.tr\/index.php\/urun\/ensar-ve-turgevin-bilinmeyen-kardesi-turken-usa\/"},"modified":"2026-04-16T02:31:03","modified_gmt":"2026-04-15T23:31:03","slug":"ensar-ve-turgevin-bilinmeyen-kardesi-turken-usa","status":"publish","type":"product","link":"https:\/\/roveyayinevi.com.tr\/index.php\/urun\/ensar-ve-turgevin-bilinmeyen-kardesi-turken-usa\/","title":{"rendered":"Ensar ve T\u00fcrgev\u2019in Bilinmeyen Karde\u015fi T\u00fcrken-Usa"},"content":{"rendered":"<p>\u201cY\u0131l 2014.  Ensar ve T\u00fcrgev (T\u00fcrkiye Gen\u00e7lik ve E\u011fitime Hizmet) vak\u0131flar\u0131 ABD\u2019ye a\u00e7\u0131lma karar\u0131 al\u0131yor. Bir t\u00fcr vak\u0131f evlili\u011fi. Birle\u015fmeden T\u00fcrken Vakf\u0131 (TURKEN USA) do\u011fuyor. T\u00fcrkiye\u2019de vak\u0131f denince akla AKP Genel Ba\u015fkan\u0131 Recep Tayyip Erdo\u011fan\u2019\u0131n ailesi ve yak\u0131nlar\u0131n\u0131n y\u00f6neticili\u011fini yapt\u0131\u011f\u0131 kurulu\u015flar gelir. Ensar ve T\u00fcrgev vak\u0131flar\u0131 da bunlar aras\u0131ndad\u0131r.\u201d * \u201cBu kitapta milyonlarca dolarl\u0131k kurulu\u015flar\u0131n y\u00f6neticilerinin e\u015f, dost, akraba ili\u015fkilerini ve ABD\u2019de yapt\u0131klar\u0131 milyonlarca dolarl\u0131k harcamalar\u0131 resmi belgeli \u015fekilde bulacaks\u0131n\u0131z.\u201d * Deneyimli gazeteci Y\u0131lmaz Polat, AKP\u2019nin vak\u0131f zincirinin ABD\u2019deki halkas\u0131 T\u00fcrken Vakf\u0131\u2019n\u0131n izini s\u00fcr\u00fcyor ve milyonlarca dolarl\u0131k ili\u015fkiler a\u011f\u0131n\u0131 ortaya koyuyor. <\/p>\n","protected":false},"excerpt":{"rendered":"<p>\u201cY\u0131l 2014. Ensar ve T\u00fcrgev (T\u00fcrkiye Gen\u00e7lik ve E\u011fitime Hizmet) vak\u0131flar\u0131 ABD\u2019ye a\u00e7\u0131lma karar\u0131 al\u0131yor. Bir t\u00fcr vak\u0131f evlili\u011fi. Birle\u015fmeden T\u00fcrken Vakf\u0131 (TURKEN USA) do\u011fuyor. T\u00fcrkiye\u2019de<span class=\"excerpt-hellip\"> [\u2026]<\/span><\/p>\n","protected":false},"featured_media":0,"template":"","meta":{"_monsterinsights_skip_tracking":false,"_monsterinsights_sitenote_active":false,"_monsterinsights_sitenote_note":"","_monsterinsights_sitenote_category":0},"product_brand":[],"product_cat":[13590,12337],"product_tag":[],"class_list":{"0":"post-723207","1":"product","2":"type-product","3":"status-publish","5":"product_cat-arastirma-inceleme-politika-siyaset","6":"product_cat-politika-siyaset","7":"pa_cilt-ciltsiz","8":"pa_tur-kitap","9":"pa_yayinevi-telgrafhane-yayinlari","10":"pa_yazar-yilmaz-polat","12":"first","13":"instock","14":"sale","15":"shipping-taxable","16":"purchasable","17":"product-type-simple"},"_links":{"self":[{"href":"https:\/\/roveyayinevi.com.tr\/index.php\/wp-json\/wp\/v2\/product\/723207","targetHints":{"allow":["GET"]}}],"collection":[{"href":"https:\/\/roveyayinevi.com.tr\/index.php\/wp-json\/wp\/v2\/product"}],"about":[{"href":"https:\/\/roveyayinevi.com.tr\/index.php\/wp-json\/wp\/v2\/types\/product"}],"wp:attachment":[{"href":"https:\/\/roveyayinevi.com.tr\/index.php\/wp-json\/wp\/v2\/media?parent=723207"}],"wp:term":[{"taxonomy":"product_brand","embeddable":true,"href":"https:\/\/roveyayinevi.com.tr\/index.php\/wp-json\/wp\/v2\/product_brand?post=723207"},{"taxonomy":"product_cat","embeddable":true,"href":"https:\/\/roveyayinevi.com.tr\/index.php\/wp-json\/wp\/v2\/product_cat?post=723207"},{"taxonomy":"product_tag","embeddable":true,"href":"https:\/\/roveyayinevi.com.tr\/index.php\/wp-json\/wp\/v2\/product_tag?post=723207"}],"curies":[{"name":"wp","href":"https:\/\/api.w.org\/{rel}","templated":true}]}}