{"id":723170,"date":"2025-08-27T19:14:42","date_gmt":"2025-08-27T16:14:42","guid":{"rendered":"https:\/\/roveyayinevi.com.tr\/index.php\/urun\/islamda-bilimin-yukselisi-ve-cokusu\/"},"modified":"2026-04-16T02:31:02","modified_gmt":"2026-04-15T23:31:02","slug":"islamda-bilimin-yukselisi-ve-cokusu","status":"publish","type":"product","link":"https:\/\/roveyayinevi.com.tr\/index.php\/urun\/islamda-bilimin-yukselisi-ve-cokusu\/","title":{"rendered":"\u0130slamda Bilimin Y\u00fckseli\u015fi ve \u00c7\u00f6k\u00fc\u015f\u00fc"},"content":{"rendered":"<p>Bilim tarihine Bat\u0131 g\u00f6zl\u00fc\u011f\u00fcyle bakanlar, Bat\u0131\u2019n\u0131n bug\u00fcnk\u00fc bilimsel \u00fcst\u00fcnl\u00fc\u011f\u00fcn\u00fc ya \u2018Eski Yunan- Roma K\u00fclt\u00fcr K\u00f6keni\u2019ne ya da \u2018Yahudi-H\u0131ristiyan Din K\u00f6kenleri\u2019ne ba\u011flayarak: \u2018Do\u011fu\u2019nun bug\u00fcnk\u00fc gerili\u011fi t\u00fcm\u00fcyle \u0130slam\u2019\u0131n gerici bir din olmas\u0131ndan kaynaklanmaktad\u0131r; Do\u011fu, \u0130slam\u2019dan \u00e7\u0131kmad\u0131k\u00e7a bilimde ilerleyemez\u2019 g\u00f6r\u00fc\u015f\u00fcn\u00fc yaymaktad\u0131r. Cengiz \u00d6zak\u0131nc\u0131, bu kitab\u0131nda, M\u00fcsl\u00fcman toplumlara y\u00f6nelik \u2018H\u0131ristiyan Misyonerli\u011fi\u2019nin en incelmi\u015f, en sinsi bi\u00e7imi olan bu g\u00f6r\u00fc\u015f\u00fc \u00e7\u00fcr\u00fcterek, Bat\u0131\u2019n\u0131n bug\u00fcnk\u00fc bilimsel \u00fcst\u00fcnl\u00fc\u011f\u00fcn\u00fc Yahudili\u011fe ya da H\u0131ristiyanl\u0131\u011fa de\u011fil, t\u00fcm\u00fcyle M\u00fcsl\u00fcman bilgin ve d\u00fc\u015f\u00fcn\u00fcrlere bor\u00e7lu oldu\u011fu ger\u00e7e\u011fini, hem de hi\u00e7 bir Yahudi, H\u0131ristiyan Bat\u0131l\u0131\u2019n\u0131n yads\u0131yamayaca\u011f\u0131 t\u00fcrden Bat\u0131 kaynakl\u0131 belgelerle g\u00f6stermektedir.Kitapta yer alan ve \u00e7o\u011funun t\u0131pk\u0131 bas\u0131m\u0131 T\u00fcrkiye\u2019de ilk kez bu kitapta yay\u0131mlanan bu unutturulmu\u015f Bat\u0131 kaynakl\u0131 belgeler bir yandan Bat\u0131\u2019da H\u0131ristiyan ve Yahudi gericili\u011finden kaynaklanan eli kanl\u0131 bilim d\u00fc\u015fmanl\u0131\u011f\u0131n\u0131n t\u00fcyler \u00fcrpertici boyutlar\u0131n\u0131 apa\u00e7\u0131k g\u00f6zler \u00f6n\u00fcne sererken, bir yandan da 800-1100 y\u0131llar\u0131 aras\u0131nda M\u00fcsl\u00fcman \u00fclkelerde deneysel ve d\u00fc\u015f\u00fcnsel bilimlerin doru\u011fa t\u0131rmand\u0131\u011f\u0131n\u0131, Bat\u0131\u2019n\u0131n ancak M\u00fcsl\u00fcman bilginlerin bulu\u015flar\u0131n\u0131 kavrad\u0131ktan sonrad\u0131r ki bilimsel alanda ilerlemeye ba\u015flad\u0131\u011f\u0131n\u0131 kan\u0131tlamaktad\u0131r. Kilise\u2019nin bilim d\u00fc\u015fmanl\u0131\u011f\u0131 ve bilim adamlar\u0131n\u0131n Papal\u0131k fermanlar\u0131yla nas\u0131l odun ate\u015flerinde t\u00f6renle diri diri yak\u0131ld\u0131klar\u0131 bu kitapta do\u011frudan Vatikan ar\u015fiv belgeleriyle ve John Foxe\u2019un 1563\u2019te Krali\u00e7e I. Elisabeth\u2019e sundu\u011fu raporda yer alan resimlerle g\u00f6zler \u00f6n\u00fcne serilirken; t\u00fcm ki\u015fisoyunun ve Bat\u0131l\u0131lar\u0131n cebiri M\u00fcsl\u00fcman bilgin Horezmi\u2019ye; optik bilimleri, yer\u00e7ekimini Newton\u2019a de\u011fil El-Hasan\u2019a; t\u0131bb\u0131, eczac\u0131l\u0131\u011f\u0131, otopsi y\u00f6ntemlerini \u0130bni Sina\u2019ya, a\u015f\u0131 uygulamas\u0131n\u0131 Razi\u2019ye; g\u00f6kbilimi Zerkali\u2019ye, Toplumbilimi \u0130bni Haldun\u2019a; felsefeyi mant\u0131\u011f\u0131 \u0130bni R\u00fc\u015fd\u2019e, Farabi\u2019ye; sezaryanla do\u011fum yapt\u0131rmay\u0131 Biruni\u2019ye; matemati\u011fi, fizi\u011fi, kimyay\u0131, biyolojiyi, hepsini ama hepsini, t\u00fcm\u00fcyle M\u00fcsl\u00fcman bilginlere bor\u00e7lu oldu\u011funu -yine Bat\u0131 kaynakl\u0131 ar\u015fiv belgelerinin t\u0131pk\u0131 bas\u0131mlar\u0131ndan \u00f6rnekler sunarak- ortaya koymaktad\u0131r. Kitab\u0131n son b\u00f6l\u00fcm\u00fcnde \u201cPeki ama nas\u0131l oldu da 400 y\u0131l boyunca Bat\u0131\u2019ya bilim \u00f6\u011freten M\u00fcsl\u00fcmanlar, bilimin \u00f6nc\u00fcl\u00fc\u011f\u00fcn\u00fc Bat\u0131\u2019ya kapt\u0131r\u0131p, bug\u00fcn Bat\u0131\u2019dan bilim dilenir duruma d\u00fc\u015ft\u00fcler?\u201d sorusuna e\u011filen \u00d6zak\u0131nc\u0131, bug\u00fcne dek doyurucu bir yan\u0131t verilemeyen bu soruyu bilimsel verilere dayanarak, herkesin anlayabilece\u011fi bir dille a\u00e7\u0131klarken; bu kitap, ayn\u0131 zamanda H\u0131risto-Fa\u015fist Bizans \u0130mparatoru \u0130kinci Manuel&#8217;in, &#8220;Muhammed vaadetti\u011fi inanc\u0131 k\u0131l\u0131\u00e7la yayma emrinden ba\u015fka hangi yenili\u011fi getirmi\u015ftir, g\u00f6sterin bana?&#8221; s\u00f6zlerini yineleyen Papa XVI. Benedict\u2019e de bilimsel bir yan\u0131t olu\u015fturmaktad\u0131r.<\/p>\n","protected":false},"excerpt":{"rendered":"<p>Bilim tarihine Bat\u0131 g\u00f6zl\u00fc\u011f\u00fcyle bakanlar, Bat\u0131\u2019n\u0131n bug\u00fcnk\u00fc bilimsel \u00fcst\u00fcnl\u00fc\u011f\u00fcn\u00fc ya \u2018Eski Yunan- Roma K\u00fclt\u00fcr K\u00f6keni\u2019ne ya da \u2018Yahudi-H\u0131ristiyan Din K\u00f6kenleri\u2019ne ba\u011flayarak: \u2018Do\u011fu\u2019nun bug\u00fcnk\u00fc gerili\u011fi t\u00fcm\u00fcyle \u0130slam\u2019\u0131n<span class=\"excerpt-hellip\"> [\u2026]<\/span><\/p>\n","protected":false},"featured_media":0,"template":"","meta":{"_monsterinsights_skip_tracking":false,"_monsterinsights_sitenote_active":false,"_monsterinsights_sitenote_note":"","_monsterinsights_sitenote_category":0},"product_brand":[],"product_cat":[19998,12388],"product_tag":[],"class_list":{"0":"post-723170","1":"product","2":"type-product","3":"status-publish","5":"product_cat-din-felsefesi","6":"product_cat-felsefe","7":"pa_cilt-ciltsiz","8":"pa_tur-kitap","9":"pa_yayinevi-otopsi-yayinevi","10":"pa_yazar-cengiz-ozakinci","12":"first","13":"instock","14":"sale","15":"shipping-taxable","16":"purchasable","17":"product-type-simple"},"_links":{"self":[{"href":"https:\/\/roveyayinevi.com.tr\/index.php\/wp-json\/wp\/v2\/product\/723170","targetHints":{"allow":["GET"]}}],"collection":[{"href":"https:\/\/roveyayinevi.com.tr\/index.php\/wp-json\/wp\/v2\/product"}],"about":[{"href":"https:\/\/roveyayinevi.com.tr\/index.php\/wp-json\/wp\/v2\/types\/product"}],"wp:attachment":[{"href":"https:\/\/roveyayinevi.com.tr\/index.php\/wp-json\/wp\/v2\/media?parent=723170"}],"wp:term":[{"taxonomy":"product_brand","embeddable":true,"href":"https:\/\/roveyayinevi.com.tr\/index.php\/wp-json\/wp\/v2\/product_brand?post=723170"},{"taxonomy":"product_cat","embeddable":true,"href":"https:\/\/roveyayinevi.com.tr\/index.php\/wp-json\/wp\/v2\/product_cat?post=723170"},{"taxonomy":"product_tag","embeddable":true,"href":"https:\/\/roveyayinevi.com.tr\/index.php\/wp-json\/wp\/v2\/product_tag?post=723170"}],"curies":[{"name":"wp","href":"https:\/\/api.w.org\/{rel}","templated":true}]}}