{"id":723152,"date":"2025-08-27T19:14:29","date_gmt":"2025-08-27T16:14:29","guid":{"rendered":"https:\/\/roveyayinevi.com.tr\/index.php\/urun\/hadis-usulu\/"},"modified":"2026-04-16T02:31:02","modified_gmt":"2026-04-15T23:31:02","slug":"hadis-usulu","status":"publish","type":"product","link":"https:\/\/roveyayinevi.com.tr\/index.php\/urun\/hadis-usulu\/","title":{"rendered":"Hadis UsUl\u00fc"},"content":{"rendered":"<p>Ge\u00e7en as\u0131rda Hindistan\u2019da, kendilerini ehl-i hadis diye isimlendiren bir ses y\u00fckseldi. Bu grup bir\u00e7ok meselede hadisi \u015feriflere muhalefet ediyordu. Ayr\u0131ca, mezhep imamlar\u0131n\u0131 taklit etmeyi reddedip, Hanefi f\u0131kh\u0131n\u0131n yan\u0131nda \u0130mam Eb\u00fb Han\u00eefe\u2019ye de dil uzat\u0131yorlard\u0131. D\u00f6nemin \u00f6nde gelen \u00e2limleri bu sahte iddialar\u0131 reddetmek i\u00e7in harekete ge\u00e7tiler ve bu iddialar\u0131 bir\u00e7ok eserle \u00e7\u00fcr\u00fctt\u00fcler. Bu ama\u00e7la telif edilmi\u015f kitaplar\u0131n en g\u00fczeli, ilim talebelerine el kitab\u0131 olarak haz\u0131rlanan elinizdeki kitapt\u0131r. M\u00fcellif, ula\u015fabildi\u011fi b\u00fct\u00fcn hadis kitaplar\u0131n\u0131 dikkatlice inceleyerek unutulan ve da\u011f\u0131n\u0131k kalan k\u00e2ideleri bulup d\u00fczenlemi\u015f ve istifademize sunmu\u015ftur. <\/p>\n","protected":false},"excerpt":{"rendered":"<p>Ge\u00e7en as\u0131rda Hindistan\u2019da, kendilerini ehl-i hadis diye isimlendiren bir ses y\u00fckseldi. Bu grup bir\u00e7ok meselede hadisi \u015feriflere muhalefet ediyordu. Ayr\u0131ca, mezhep imamlar\u0131n\u0131 taklit etmeyi reddedip, Hanefi<span class=\"excerpt-hellip\"> [\u2026]<\/span><\/p>\n","protected":false},"featured_media":0,"template":"","meta":{"_monsterinsights_skip_tracking":false,"_monsterinsights_sitenote_active":false,"_monsterinsights_sitenote_note":"","_monsterinsights_sitenote_category":0},"product_brand":[],"product_cat":[12718,12719],"product_tag":[],"class_list":{"0":"post-723152","1":"product","2":"type-product","3":"status-publish","5":"product_cat-din","6":"product_cat-islam","7":"pa_cilt-ciltsiz","8":"pa_tur-kitap","9":"pa_yayinevi-takdim-kitap","10":"pa_yazar-zafer-ahmed-tehanevi","12":"first","13":"instock","14":"sale","15":"shipping-taxable","16":"purchasable","17":"product-type-simple"},"_links":{"self":[{"href":"https:\/\/roveyayinevi.com.tr\/index.php\/wp-json\/wp\/v2\/product\/723152","targetHints":{"allow":["GET"]}}],"collection":[{"href":"https:\/\/roveyayinevi.com.tr\/index.php\/wp-json\/wp\/v2\/product"}],"about":[{"href":"https:\/\/roveyayinevi.com.tr\/index.php\/wp-json\/wp\/v2\/types\/product"}],"wp:attachment":[{"href":"https:\/\/roveyayinevi.com.tr\/index.php\/wp-json\/wp\/v2\/media?parent=723152"}],"wp:term":[{"taxonomy":"product_brand","embeddable":true,"href":"https:\/\/roveyayinevi.com.tr\/index.php\/wp-json\/wp\/v2\/product_brand?post=723152"},{"taxonomy":"product_cat","embeddable":true,"href":"https:\/\/roveyayinevi.com.tr\/index.php\/wp-json\/wp\/v2\/product_cat?post=723152"},{"taxonomy":"product_tag","embeddable":true,"href":"https:\/\/roveyayinevi.com.tr\/index.php\/wp-json\/wp\/v2\/product_tag?post=723152"}],"curies":[{"name":"wp","href":"https:\/\/api.w.org\/{rel}","templated":true}]}}