{"id":723148,"date":"2025-08-27T19:14:27","date_gmt":"2025-08-27T16:14:27","guid":{"rendered":"https:\/\/roveyayinevi.com.tr\/index.php\/urun\/hayatin-degeri-uzun-yasanmasinda-degil-iyi-yasanmasindadir\/"},"modified":"2026-04-16T02:31:02","modified_gmt":"2026-04-15T23:31:02","slug":"hayatin-degeri-uzun-yasanmasinda-degil-iyi-yasanmasindadir","status":"publish","type":"product","link":"https:\/\/roveyayinevi.com.tr\/index.php\/urun\/hayatin-degeri-uzun-yasanmasinda-degil-iyi-yasanmasindadir\/","title":{"rendered":"Hayat\u0131n Deg\u0306eri Uzun Yas\u0327anmas\u0131nda Deg\u0306il I\u0307yi Yas\u0327anmas\u0131ndad\u0131r"},"content":{"rendered":"<p>\u201cHayat kendili\u011finden ne iyi ne de k\u00f6t\u00fcd\u00fcr. Ona iyili\u011fi ya da k\u00f6t\u00fcl\u00fc\u011f\u00fc katan yine sizsiniz.\u201d   Hayat nas\u0131l ya\u015fanmal\u0131? Hayat\u0131n amac\u0131 nedir? Eylemlerimiz hayat\u0131m\u0131z \u00fczerinde ne kadar etkilidir? 16. y\u00fczy\u0131l\u0131n Fransa\u2019s\u0131nda d\u00fcnyaya gelen \u00fcnl\u00fc deneme yazar\u0131 Montaigne, y\u00fczy\u0131llar sonras\u0131n\u0131 dahi berrakl\u0131kla g\u00f6rebilen g\u00fc\u00e7l\u00fc bir vizyona ve \u00f6ng\u00f6r\u00fcye sahip ender d\u00fc\u015f\u00fcn\u00fcrlerden biri&#8230; \u201cHayat nas\u0131l ya\u015fanmal\u0131?\u201d fikri \u00fczerinde duran Montaigne, sosyal ya\u015fam\u0131n zihinsel, duygusal ve tepkisel olarak nas\u0131l ya\u015fanmas\u0131 gerekti\u011fi yolunda \u00f6nemli bir d\u00fc\u015f\u00fcn\u00fc\u015f bi\u00e7imi koymu\u015ftur ortaya&#8230; \u201cBir \u015feyin ne kadar b\u00fcy\u00fck ya da k\u00fc\u00e7\u00fck oldu\u011fu de\u011fil, hayat \u00fcst\u00fcnde ne kadar etkili oldu\u011fu \u00f6nemlidir&#8230;\u201d diye d\u00fc\u015f\u00fcnen \u00fcnl\u00fc yazar, hayat \u00fczerinde etkili olan her \u015feyin daima \u00f6ncelikli oldu\u011funun da alt\u0131n\u0131 \u00e7iziyor. <\/p>\n","protected":false},"excerpt":{"rendered":"<p>\u201cHayat kendili\u011finden ne iyi ne de k\u00f6t\u00fcd\u00fcr. Ona iyili\u011fi ya da k\u00f6t\u00fcl\u00fc\u011f\u00fc katan yine sizsiniz.\u201d Hayat nas\u0131l ya\u015fanmal\u0131? Hayat\u0131n amac\u0131 nedir? Eylemlerimiz hayat\u0131m\u0131z \u00fczerinde ne kadar<span class=\"excerpt-hellip\"> [\u2026]<\/span><\/p>\n","protected":false},"featured_media":0,"template":"","meta":{"_monsterinsights_skip_tracking":false,"_monsterinsights_sitenote_active":false,"_monsterinsights_sitenote_note":"","_monsterinsights_sitenote_category":0},"product_brand":[],"product_cat":[12389,12388],"product_tag":[],"class_list":{"0":"post-723148","1":"product","2":"type-product","3":"status-publish","5":"product_cat-diger-felsefe","6":"product_cat-felsefe","7":"pa_cilt-ciltsiz","8":"pa_tur-kitap","9":"pa_yayinevi-destek-yayinlari","10":"pa_yazar-michel-de-montaigne","12":"first","13":"instock","14":"sale","15":"shipping-taxable","16":"purchasable","17":"product-type-simple"},"_links":{"self":[{"href":"https:\/\/roveyayinevi.com.tr\/index.php\/wp-json\/wp\/v2\/product\/723148","targetHints":{"allow":["GET"]}}],"collection":[{"href":"https:\/\/roveyayinevi.com.tr\/index.php\/wp-json\/wp\/v2\/product"}],"about":[{"href":"https:\/\/roveyayinevi.com.tr\/index.php\/wp-json\/wp\/v2\/types\/product"}],"wp:attachment":[{"href":"https:\/\/roveyayinevi.com.tr\/index.php\/wp-json\/wp\/v2\/media?parent=723148"}],"wp:term":[{"taxonomy":"product_brand","embeddable":true,"href":"https:\/\/roveyayinevi.com.tr\/index.php\/wp-json\/wp\/v2\/product_brand?post=723148"},{"taxonomy":"product_cat","embeddable":true,"href":"https:\/\/roveyayinevi.com.tr\/index.php\/wp-json\/wp\/v2\/product_cat?post=723148"},{"taxonomy":"product_tag","embeddable":true,"href":"https:\/\/roveyayinevi.com.tr\/index.php\/wp-json\/wp\/v2\/product_tag?post=723148"}],"curies":[{"name":"wp","href":"https:\/\/api.w.org\/{rel}","templated":true}]}}